{"id":198888,"date":"2025-06-21T10:13:40","date_gmt":"2025-06-21T10:13:40","guid":{"rendered":"https:\/\/www.welovecycling.com\/wide\/?page_id=198888"},"modified":"2025-07-04T07:59:23","modified_gmt":"2025-07-04T07:59:23","slug":"andy-schleck","status":"publish","type":"page","link":"https:\/\/www.welovecycling.com\/wide\/tour-de-france-2025\/be-fr\/andy-schleck\/","title":{"rendered":"Participe \u00e0 une sortie conviviale avec Andy Schleck !"},"content":{"rendered":"","protected":false},"excerpt":{"rendered":"","protected":false},"author":169,"featured_media":0,"parent":198850,"menu_order":0,"comment_status":"closed","ping_status":"closed","template":"skoda-tour-de-france-2025-subpage.php","meta":{"footnotes":""},"tags":[],"class_list":["post-198888","page","type-page","status-publish","hentry"],"yoast_head":"<!-- This site is optimized with the Yoast SEO Premium plugin v25.3 (Yoast SEO v25.9) - https:\/\/yoast.com\/wordpress\/plugins\/seo\/ -->\n<title>Participe \u00e0 une sortie conviviale avec Andy Schleck ! - \u0160koda We Love Cycling<\/title>\n<meta name=\"description\" content=\"Rejoins-nous en France pour une sortie avec Andy Schleck, des produits et des goodies \u0160koda et un excellent caf\u00e9.\" \/>\n<meta name=\"robots\" content=\"index, follow, max-snippet:-1, max-image-preview:large, max-video-preview:-1\" \/>\n<link rel=\"canonical\" href=\"https:\/\/www.welovecycling.com\/wide\/tour-de-france-2025\/be-fr\/andy-schleck\/\" \/>\n<meta property=\"og:locale\" content=\"en_US\" \/>\n<meta property=\"og:type\" content=\"article\" \/>\n<meta property=\"og:title\" content=\"Participe \u00e0 une sortie conviviale avec Andy Schleck !\" \/>\n<meta property=\"og:description\" content=\"Rejoins-nous en France pour une sortie avec Andy Schleck, des produits et des goodies \u0160koda et un excellent caf\u00e9.\" \/>\n<meta property=\"og:url\" content=\"https:\/\/www.welovecycling.com\/wide\/tour-de-france-2025\/be-fr\/andy-schleck\/\" \/>\n<meta property=\"og:site_name\" content=\"\u0160koda We Love Cycling\" \/>\n<meta property=\"article:modified_time\" content=\"2025-07-04T07:59:23+00:00\" \/>\n<meta name=\"twitter:card\" content=\"summary_large_image\" \/>\n<script type=\"application\/ld+json\" class=\"yoast-schema-graph\">{\"@context\":\"https:\/\/schema.org\",\"@graph\":[{\"@type\":\"WebPage\",\"@id\":\"https:\/\/www.welovecycling.com\/wide\/tour-de-france-2025\/be-fr\/andy-schleck\/\",\"url\":\"https:\/\/www.welovecycling.com\/wide\/tour-de-france-2025\/be-fr\/andy-schleck\/\",\"name\":\"Participe \u00e0 une sortie conviviale avec Andy Schleck ! - \u0160koda We Love Cycling\",\"isPartOf\":{\"@id\":\"https:\/\/www.welovecycling.com\/wide\/#website\"},\"datePublished\":\"2025-06-21T10:13:40+00:00\",\"dateModified\":\"2025-07-04T07:59:23+00:00\",\"description\":\"Rejoins-nous en France pour une sortie avec Andy Schleck, des produits et des goodies \u0160koda et un excellent caf\u00e9.\",\"breadcrumb\":{\"@id\":\"https:\/\/www.welovecycling.com\/wide\/tour-de-france-2025\/be-fr\/andy-schleck\/#breadcrumb\"},\"inLanguage\":\"en-US\",\"potentialAction\":[{\"@type\":\"ReadAction\",\"target\":[\"https:\/\/www.welovecycling.com\/wide\/tour-de-france-2025\/be-fr\/andy-schleck\/\"]}]},{\"@type\":\"BreadcrumbList\",\"@id\":\"https:\/\/www.welovecycling.com\/wide\/tour-de-france-2025\/be-fr\/andy-schleck\/#breadcrumb\",\"itemListElement\":[{\"@type\":\"ListItem\",\"position\":1,\"name\":\"Home\",\"item\":\"https:\/\/www.welovecycling.com\/wide\/\"},{\"@type\":\"ListItem\",\"position\":2,\"name\":\"Tour de France 2025\",\"item\":\"https:\/\/www.welovecycling.com\/wide\/tour-de-france-2025\/\"},{\"@type\":\"ListItem\",\"position\":3,\"name\":\"Tour de France 2025 \u2013 BE-FR\",\"item\":\"https:\/\/www.welovecycling.com\/wide\/tour-de-france-2025\/be-fr\/\"},{\"@type\":\"ListItem\",\"position\":4,\"name\":\"Participe \u00e0 une sortie conviviale avec Andy Schleck !\"}]},{\"@type\":\"WebSite\",\"@id\":\"https:\/\/www.welovecycling.com\/wide\/#website\",\"url\":\"https:\/\/www.welovecycling.com\/wide\/\",\"name\":\"\u0160koda We Love Cycling\",\"description\":\"\u0160koda We Love Cycling magazine\",\"alternateName\":\"\u0160koda WLC\",\"potentialAction\":[{\"@type\":\"SearchAction\",\"target\":{\"@type\":\"EntryPoint\",\"urlTemplate\":\"https:\/\/www.welovecycling.com\/wide\/?s={search_term_string}\"},\"query-input\":{\"@type\":\"PropertyValueSpecification\",\"valueRequired\":true,\"valueName\":\"search_term_string\"}}],\"inLanguage\":\"en-US\"}]}<\/script>\n<!-- \/ Yoast SEO Premium plugin. -->","yoast_head_json":{"title":"Participe \u00e0 une sortie conviviale avec Andy Schleck ! - \u0160koda We Love Cycling","description":"Rejoins-nous en France pour une sortie avec Andy Schleck, des produits et des goodies \u0160koda et un excellent caf\u00e9.","robots":{"index":"index","follow":"follow","max-snippet":"max-snippet:-1","max-image-preview":"max-image-preview:large","max-video-preview":"max-video-preview:-1"},"canonical":"https:\/\/www.welovecycling.com\/wide\/tour-de-france-2025\/be-fr\/andy-schleck\/","og_locale":"en_US","og_type":"article","og_title":"Participe \u00e0 une sortie conviviale avec Andy Schleck !","og_description":"Rejoins-nous en France pour une sortie avec Andy Schleck, des produits et des goodies \u0160koda et un excellent caf\u00e9.","og_url":"https:\/\/www.welovecycling.com\/wide\/tour-de-france-2025\/be-fr\/andy-schleck\/","og_site_name":"\u0160koda We Love Cycling","article_modified_time":"2025-07-04T07:59:23+00:00","twitter_card":"summary_large_image","schema":{"@context":"https:\/\/schema.org","@graph":[{"@type":"WebPage","@id":"https:\/\/www.welovecycling.com\/wide\/tour-de-france-2025\/be-fr\/andy-schleck\/","url":"https:\/\/www.welovecycling.com\/wide\/tour-de-france-2025\/be-fr\/andy-schleck\/","name":"Participe \u00e0 une sortie conviviale avec Andy Schleck ! - \u0160koda We Love Cycling","isPartOf":{"@id":"https:\/\/www.welovecycling.com\/wide\/#website"},"datePublished":"2025-06-21T10:13:40+00:00","dateModified":"2025-07-04T07:59:23+00:00","description":"Rejoins-nous en France pour une sortie avec Andy Schleck, des produits et des goodies \u0160koda et un excellent caf\u00e9.","breadcrumb":{"@id":"https:\/\/www.welovecycling.com\/wide\/tour-de-france-2025\/be-fr\/andy-schleck\/#breadcrumb"},"inLanguage":"en-US","potentialAction":[{"@type":"ReadAction","target":["https:\/\/www.welovecycling.com\/wide\/tour-de-france-2025\/be-fr\/andy-schleck\/"]}]},{"@type":"BreadcrumbList","@id":"https:\/\/www.welovecycling.com\/wide\/tour-de-france-2025\/be-fr\/andy-schleck\/#breadcrumb","itemListElement":[{"@type":"ListItem","position":1,"name":"Home","item":"https:\/\/www.welovecycling.com\/wide\/"},{"@type":"ListItem","position":2,"name":"Tour de France 2025","item":"https:\/\/www.welovecycling.com\/wide\/tour-de-france-2025\/"},{"@type":"ListItem","position":3,"name":"Tour de France 2025 \u2013 BE-FR","item":"https:\/\/www.welovecycling.com\/wide\/tour-de-france-2025\/be-fr\/"},{"@type":"ListItem","position":4,"name":"Participe \u00e0 une sortie conviviale avec Andy Schleck !"}]},{"@type":"WebSite","@id":"https:\/\/www.welovecycling.com\/wide\/#website","url":"https:\/\/www.welovecycling.com\/wide\/","name":"\u0160koda We Love Cycling","description":"\u0160koda We Love Cycling magazine","alternateName":"\u0160koda WLC","potentialAction":[{"@type":"SearchAction","target":{"@type":"EntryPoint","urlTemplate":"https:\/\/www.welovecycling.com\/wide\/?s={search_term_string}"},"query-input":{"@type":"PropertyValueSpecification","valueRequired":true,"valueName":"search_term_string"}}],"inLanguage":"en-US"}]}},"_links":{"self":[{"href":"https:\/\/www.welovecycling.com\/wide\/wp-json\/wp\/v2\/pages\/198888","targetHints":{"allow":["GET"]}}],"collection":[{"href":"https:\/\/www.welovecycling.com\/wide\/wp-json\/wp\/v2\/pages"}],"about":[{"href":"https:\/\/www.welovecycling.com\/wide\/wp-json\/wp\/v2\/types\/page"}],"author":[{"embeddable":true,"href":"https:\/\/www.welovecycling.com\/wide\/wp-json\/wp\/v2\/users\/169"}],"replies":[{"embeddable":true,"href":"https:\/\/www.welovecycling.com\/wide\/wp-json\/wp\/v2\/comments?post=198888"}],"version-history":[{"count":1,"href":"https:\/\/www.welovecycling.com\/wide\/wp-json\/wp\/v2\/pages\/198888\/revisions"}],"predecessor-version":[{"id":198889,"href":"https:\/\/www.welovecycling.com\/wide\/wp-json\/wp\/v2\/pages\/198888\/revisions\/198889"}],"up":[{"embeddable":true,"href":"https:\/\/www.welovecycling.com\/wide\/wp-json\/wp\/v2\/pages\/198850"}],"wp:attachment":[{"href":"https:\/\/www.welovecycling.com\/wide\/wp-json\/wp\/v2\/media?parent=198888"}],"wp:term":[{"taxonomy":"post_tag","embeddable":true,"href":"https:\/\/www.welovecycling.com\/wide\/wp-json\/wp\/v2\/tags?post=198888"}],"curies":[{"name":"wp","href":"https:\/\/api.w.org\/{rel}","templated":true}]}}