{"id":198847,"date":"2025-06-20T07:06:52","date_gmt":"2025-06-20T07:06:52","guid":{"rendered":"https:\/\/www.welovecycling.com\/wide\/?page_id=198847"},"modified":"2025-06-20T07:07:20","modified_gmt":"2025-06-20T07:07:20","slug":"terms-and-conditions-persona-share","status":"publish","type":"page","link":"https:\/\/www.welovecycling.com\/wide\/tour-de-france-2025\/be-nl\/terms-and-conditions-persona-share\/","title":{"rendered":"Terms And Conditions &#8211; Persona Share"},"content":{"rendered":"<p><b>Deze voorwaarden regelen de bepalingen van de \u201c2025 TDF Contest\u201d (hierna: de \u201cWedstrijd\u201d) en vormen het enige document dat de regels van deze wedstrijd volledig en bindend vastlegt.<\/b><\/p>\n<p>&nbsp;<\/p>\n<h4><span style=\"font-weight: 400;\">Organisator en uitvoerder van de Wedstrijd<\/span><\/h4>\n<p><span style=\"font-weight: 400;\">De organisator van de Wedstrijd is <\/span><b>\u0160koda Auto a.s.<\/b><span style=\"font-weight: 400;\">, een naamloze vennootschap gevestigd aan t\u0159. V\u00e1clava Klementa 869, 293 01 Mlad\u00e1 Boleslav, Tsjechi\u00eb, KvK-nummer 00177041, geregistreerd bij de Kamer van Koophandel van de rechtbank van Praag, sectie B, dossiernummer 332 (hierna: de \u201cOrganisator\u201d).<\/span><\/p>\n<p><span style=\"font-weight: 400;\">De uitvoerder van de Wedstrijd, die verantwoordelijk is voor de praktische uitvoering, is <\/span><b>MUSTARD s.r.o.<\/b><span style=\"font-weight: 400;\">, gevestigd aan Masarykovo n\u00e1b\u0159. 246, 110 00, Praag 1 \u2013 Nov\u00e9 M\u011bsto, Tsjechi\u00eb, KvK-nummer 28531418, geregistreerd bij dezelfde rechtbank, sectie C, inschrijving 148383 (hierna: de \u201cUitvoerder\u201d).<\/span><\/p>\n<p>&nbsp;<\/p>\n<h4><span style=\"font-weight: 400;\">Wedstrijdperiode en plaats<\/span><\/h4>\n<p><b>Wedstrijdperiode<\/b><span style=\"font-weight: 400;\">: van 28 juni 2025 om 00:01 (CET) tot 20 juli 2025 om 23:59 (CET).<\/span><\/p>\n<p><span style=\"font-weight: 400;\">De Wedstrijd wordt georganiseerd via de website <\/span><a href=\"http:\/\/www.welovecycling.com\"><b>www.welovecycling.com<\/b><\/a><span style=\"font-weight: 400;\"> (hierna: de \u201cWedstrijdwebsite\u201d), waar ook de communicatie met deelnemers plaatsvindt.<\/span><\/p>\n<p>&nbsp;<\/p>\n<h4><span style=\"font-weight: 400;\">Wie kan deelnemen<\/span><\/h4>\n<p><span style=\"font-weight: 400;\">Iedereen van 18 jaar of ouder die woonachtig is in een van de volgende landen kan deelnemen: ANDORRA, AUSTRALI\u00cb, OOSTENRIJK, BELGI\u00cb, BOSNI\u00cb, BULGARIJE, KROATI\u00cb, TSJECHI\u00cb, DENEMARKEN, ESTLAND, FINLAND, FRANKRIJK, DUITSLAND, GROOT-BRITTANNI\u00cb, GRIEKENLAND, HONGARIJE, IJSLAND, IERLAND, ITALI\u00cb, LETLAND, LIECHTENSTEIN, LITOUWEN, LUXEMBURG, MONTENEGRO, NEDERLAND, NOORWEGEN, POLEN, PORTUGAL, ROEMENI\u00cb, SERVI\u00cb, SLOWAKIJE, SLOVENI\u00cb, SPANJE, ZWEDEN, ZWITSERLAND, OEKRA\u00cfNE.<\/span><\/p>\n<p><span style=\"font-weight: 400;\">Deelnemers moeten zich tijdens de Wedstrijdperiode registreren op de Wedstrijdwebsite en deze voorwaarden zonder voorbehoud accepteren. Tijdens de registratie wordt om een e-mailadres gevraagd, dat uitsluitend voor de doeleinden van deze Wedstrijd zal worden gebruikt.<\/span><\/p>\n<p><span style=\"font-weight: 400;\">Elke deelnemer mag zich slechts eenmaal registreren met een uniek e-mailadres. De Organisator behoudt zich het recht voor dit te controleren via technische en organisatorische middelen.<\/span><\/p>\n<p><span style=\"font-weight: 400;\">Personen die bij de organisatie van deze Wedstrijd betrokken zijn \u2013 inclusief werknemers van de Organisator, Uitvoerder of aangesloten \u0160koda-partners en hun familieleden \u2013 zijn uitgesloten van deelname.<\/span><\/p>\n<p>&nbsp;<\/p>\n<h4><span style=\"font-weight: 400;\">Werking van de Wedstrijd en selectie van winnaars<\/span><\/h4>\n<p><span style=\"font-weight: 400;\">Om deel te nemen moeten deelnemers een AI-afbeelding die ze via <\/span><b>welovecycling.com<\/b><span style=\"font-weight: 400;\"> hebben gegenereerd, op Instagram of Facebook delen, inclusief de hashtag <\/span><b>#FindYourTour<\/b><span style=\"font-weight: 400;\"> in het bijschrift, binnen de Wedstrijdperiode.<\/span><\/p>\n<p><span style=\"font-weight: 400;\">Deelnemers die op de 1\/11e, 2\/11e, 3\/11e, 4\/11e, 5\/11e, 6\/11e of 7\/11e plaats in de lijst van deelnemers eindigen, winnen een prijs. Als het aantal deelnemers niet deelbaar is door 11, wordt naar beneden afgerond tot het dichtstbijzijnde getal dat wel deelbaar is door 11.<\/span><\/p>\n<p><span style=\"font-weight: 400;\">De Organisator zal winnaars binnen vijf dagen na afloop van de betreffende ronde via een priv\u00e9bericht op Instagram of Facebook op de hoogte stellen. De winnaars moeten binnen 12 uur reageren en hun gegevens verstrekken. Doen zij dit niet, dan vervalt de prijs zonder recht op compensatie.<\/span><\/p>\n<p>&nbsp;<\/p>\n<h4><span style=\"font-weight: 400;\">Prijzen<\/span><\/h4>\n<p><span style=\"font-weight: 400;\">7\u00d7 <\/span><b>\u201cInsider Tour de France Programme\u201d<\/b><span style=\"font-weight: 400;\"> voor twee personen in Parijs, inclusief alle verblijf- en reiskosten.<\/span><\/p>\n<p>&nbsp;<\/p>\n<h4><span style=\"font-weight: 400;\">Informatie over verwerking van persoonsgegevens<\/span><\/h4>\n<p><span style=\"font-weight: 400;\">De Organisator is verwerkingsverantwoordelijke conform de <\/span><b>Algemene Verordening Gegevensbescherming (AVG \u2013 Verordening (EU) 2016\/679)<\/b><span style=\"font-weight: 400;\">.<\/span><\/p>\n<ul>\n<li style=\"font-weight: 400;\" aria-level=\"1\"><b>Doel<\/b><span style=\"font-weight: 400;\">: organisatie van wedstrijden en eerlijke beoordeling<\/span><\/li>\n<li style=\"font-weight: 400;\" aria-level=\"1\"><b>Wettelijke basis<\/b><span style=\"font-weight: 400;\">: uitvoering van een overeenkomst (deze voorwaarden)<\/span><\/li>\n<li style=\"font-weight: 400;\" aria-level=\"1\"><b>Categorie\u00ebn gegevens<\/b><span style=\"font-weight: 400;\">: identificatie-, contact- en communicatiegegevens<\/span><\/li>\n<li style=\"font-weight: 400;\" aria-level=\"1\"><b>Bewaartermijn<\/b><span style=\"font-weight: 400;\">: tot \u00e9\u00e9n jaar na afloop van de Wedstrijd<\/span><\/li>\n<li style=\"font-weight: 400;\" aria-level=\"1\"><b>Ontvangers<\/b><span style=\"font-weight: 400;\">: de Uitvoerder (MUSTARD s.r.o.) en, indien nodig, autoriteiten<\/span><\/li>\n<li style=\"font-weight: 400;\" aria-level=\"1\"><b>Doorgifte aan derde landen<\/b><span style=\"font-weight: 400;\">: niet van toepassing<\/span><\/li>\n<li style=\"font-weight: 400;\" aria-level=\"1\"><b>Geautomatiseerde besluitvorming<\/b><span style=\"font-weight: 400;\">: wordt niet toegepast<\/span><\/li>\n<\/ul>\n<p><b>Uw rechten<\/b><span style=\"font-weight: 400;\">:<\/span><span style=\"font-weight: 400;\"><br \/>\n<\/span><span style=\"font-weight: 400;\">\u2013 Inzage<\/span><span style=\"font-weight: 400;\"><br \/>\n<\/span><span style=\"font-weight: 400;\">\u2013 Rectificatie<\/span><span style=\"font-weight: 400;\"><br \/>\n<\/span><span style=\"font-weight: 400;\">\u2013 Verwijdering<\/span><span style=\"font-weight: 400;\"><br \/>\n<\/span><span style=\"font-weight: 400;\">\u2013 Beperking van verwerking<\/span><span style=\"font-weight: 400;\"><br \/>\n<\/span><span style=\"font-weight: 400;\">\u2013 Overdraagbaarheid van gegevens<\/span><span style=\"font-weight: 400;\"><br \/>\n<\/span><span style=\"font-weight: 400;\">\u2013 Bezwaar tegen geautomatiseerde besluitvorming<\/span><\/p>\n<p><b>Contactgegevens<\/b><span style=\"font-weight: 400;\">:<\/span><\/p>\n<ul>\n<li style=\"font-weight: 400;\" aria-level=\"1\"><span style=\"font-weight: 400;\">dpo@skoda-auto.cz<\/span><\/li>\n<li style=\"font-weight: 400;\" aria-level=\"1\"><a href=\"https:\/\/www.skoda-auto.com\/data-privacy\"><span style=\"font-weight: 400;\">https:\/\/www.skoda-auto.com\/data-privacy<\/span><\/a><\/li>\n<\/ul>\n<p><span style=\"font-weight: 400;\">U kunt een klacht indienen bij de Functionaris voor Gegevensbescherming of bij de toezichthoudende autoriteit:<\/span><span style=\"font-weight: 400;\"><br \/>\n<\/span><b>\u00da\u0159ad pro ochranu osobn\u00edch \u00fadaj\u016f<\/b><span style=\"font-weight: 400;\">, Pplk. Sochora 27, 170 00 Praag 7, +420 234 665 111, <\/span><a href=\"https:\/\/www.uoou.cz\"><span style=\"font-weight: 400;\">https:\/\/www.uoou.cz<\/span><\/a><\/p>\n<p>&nbsp;<\/p>\n<h4><span style=\"font-weight: 400;\">Overige belangrijke voorwaarden<\/span><\/h4>\n<p><span style=\"font-weight: 400;\">De exacte aard van de prijzen wordt uitsluitend bepaald door de Organisator. Aantrekkelijke afbeeldingen van prijzen zijn slechts ter illustratie. De Organisator is niet aansprakelijk voor schade voortvloeiend uit het gebruik van een prijs.<\/span><\/p>\n<p><span style=\"font-weight: 400;\">De prijzen zijn niet inwisselbaar voor geld of andere voordelen. Deelnemers kunnen geen aanspraak maken op enige andere tegenprestatie dan hier vermeld.<\/span><\/p>\n<p><span style=\"font-weight: 400;\">De Organisator is niet aansprakelijk voor technische problemen of communicatiefouten. De uitslagen zijn definitief en kunnen niet worden betwist.<\/span><\/p>\n<p><span style=\"font-weight: 400;\">Bij fraude of oneerlijk gedrag kan een deelnemer worden uitgesloten.<\/span><\/p>\n<p><span style=\"font-weight: 400;\">De Organisator behoudt zich het recht voor om de Wedstrijd zonder compensatie aan te passen, te onderbreken of te annuleren. Eventuele wijzigingen worden aangekondigd op de Wedstrijdwebsite.<\/span><\/p>\n<p><span style=\"font-weight: 400;\">Deze Wedstrijd wordt <\/span><b>niet beheerd, gesponsord of geassocieerd met Meta<\/b><span style=\"font-weight: 400;\">. Vragen of klachten moeten worden gericht aan de Organisator of Uitvoerder, niet aan Meta.<\/span><\/p>\n<p><span style=\"font-weight: 400;\">De Wedstrijd valt onder de <\/span><b>wetgeving van de Tsjechische Republiek<\/b><span style=\"font-weight: 400;\">.<\/span><\/p>\n<p>&nbsp;<\/p>\n","protected":false},"excerpt":{"rendered":"<p>Deze voorwaarden regelen de bepalingen van de \u201c2025 TDF Contest\u201d (hierna: de \u201cWedstrijd\u201d) en vormen het enige document dat de [&hellip;]<\/p>\n","protected":false},"author":144,"featured_media":0,"parent":198836,"menu_order":0,"comment_status":"closed","ping_status":"closed","template":"templates\/template-empty-page.php","meta":{"footnotes":""},"tags":[],"class_list":["post-198847","page","type-page","status-publish","hentry"],"yoast_head":"<!-- This site is optimized with the Yoast SEO Premium plugin v25.3 (Yoast SEO v25.9) - https:\/\/yoast.com\/wordpress\/plugins\/seo\/ -->\n<title>Terms And Conditions - Persona Share - \u0160koda We Love Cycling<\/title>\n<meta name=\"robots\" content=\"index, follow, max-snippet:-1, max-image-preview:large, max-video-preview:-1\" \/>\n<link rel=\"canonical\" href=\"https:\/\/www.welovecycling.com\/wide\/tour-de-france-2025\/be-nl\/terms-and-conditions-persona-share\/\" \/>\n<meta property=\"og:locale\" content=\"en_US\" \/>\n<meta property=\"og:type\" content=\"article\" \/>\n<meta property=\"og:title\" content=\"Terms And Conditions - Persona Share\" \/>\n<meta property=\"og:url\" content=\"https:\/\/www.welovecycling.com\/wide\/tour-de-france-2025\/be-nl\/terms-and-conditions-persona-share\/\" \/>\n<meta property=\"og:site_name\" content=\"\u0160koda We Love Cycling\" \/>\n<meta property=\"article:modified_time\" content=\"2025-06-20T07:07:20+00:00\" \/>\n<meta name=\"twitter:card\" content=\"summary_large_image\" \/>\n<meta name=\"twitter:label1\" content=\"Est. reading time\" \/>\n\t<meta name=\"twitter:data1\" content=\"4 minutes\" \/>\n<script type=\"application\/ld+json\" class=\"yoast-schema-graph\">{\"@context\":\"https:\/\/schema.org\",\"@graph\":[{\"@type\":\"WebPage\",\"@id\":\"https:\/\/www.welovecycling.com\/wide\/tour-de-france-2025\/be-nl\/terms-and-conditions-persona-share\/\",\"url\":\"https:\/\/www.welovecycling.com\/wide\/tour-de-france-2025\/be-nl\/terms-and-conditions-persona-share\/\",\"name\":\"Terms And Conditions - Persona Share - \u0160koda We Love Cycling\",\"isPartOf\":{\"@id\":\"https:\/\/www.welovecycling.com\/wide\/#website\"},\"datePublished\":\"2025-06-20T07:06:52+00:00\",\"dateModified\":\"2025-06-20T07:07:20+00:00\",\"breadcrumb\":{\"@id\":\"https:\/\/www.welovecycling.com\/wide\/tour-de-france-2025\/be-nl\/terms-and-conditions-persona-share\/#breadcrumb\"},\"inLanguage\":\"en-US\",\"potentialAction\":[{\"@type\":\"ReadAction\",\"target\":[\"https:\/\/www.welovecycling.com\/wide\/tour-de-france-2025\/be-nl\/terms-and-conditions-persona-share\/\"]}]},{\"@type\":\"BreadcrumbList\",\"@id\":\"https:\/\/www.welovecycling.com\/wide\/tour-de-france-2025\/be-nl\/terms-and-conditions-persona-share\/#breadcrumb\",\"itemListElement\":[{\"@type\":\"ListItem\",\"position\":1,\"name\":\"Home\",\"item\":\"https:\/\/www.welovecycling.com\/wide\/\"},{\"@type\":\"ListItem\",\"position\":2,\"name\":\"Tour de France 2025\",\"item\":\"https:\/\/www.welovecycling.com\/wide\/tour-de-france-2025\/\"},{\"@type\":\"ListItem\",\"position\":3,\"name\":\"Tour de France 2025 &#8211; BE-NL\",\"item\":\"https:\/\/www.welovecycling.com\/wide\/tour-de-france-2025\/be-nl\/\"},{\"@type\":\"ListItem\",\"position\":4,\"name\":\"Terms And Conditions &#8211; Persona Share\"}]},{\"@type\":\"WebSite\",\"@id\":\"https:\/\/www.welovecycling.com\/wide\/#website\",\"url\":\"https:\/\/www.welovecycling.com\/wide\/\",\"name\":\"\u0160koda We Love Cycling\",\"description\":\"\u0160koda We Love Cycling magazine\",\"alternateName\":\"\u0160koda WLC\",\"potentialAction\":[{\"@type\":\"SearchAction\",\"target\":{\"@type\":\"EntryPoint\",\"urlTemplate\":\"https:\/\/www.welovecycling.com\/wide\/?s={search_term_string}\"},\"query-input\":{\"@type\":\"PropertyValueSpecification\",\"valueRequired\":true,\"valueName\":\"search_term_string\"}}],\"inLanguage\":\"en-US\"}]}<\/script>\n<!-- \/ Yoast SEO Premium plugin. -->","yoast_head_json":{"title":"Terms And Conditions - Persona Share - \u0160koda We Love Cycling","robots":{"index":"index","follow":"follow","max-snippet":"max-snippet:-1","max-image-preview":"max-image-preview:large","max-video-preview":"max-video-preview:-1"},"canonical":"https:\/\/www.welovecycling.com\/wide\/tour-de-france-2025\/be-nl\/terms-and-conditions-persona-share\/","og_locale":"en_US","og_type":"article","og_title":"Terms And Conditions - Persona Share","og_url":"https:\/\/www.welovecycling.com\/wide\/tour-de-france-2025\/be-nl\/terms-and-conditions-persona-share\/","og_site_name":"\u0160koda We Love Cycling","article_modified_time":"2025-06-20T07:07:20+00:00","twitter_card":"summary_large_image","twitter_misc":{"Est. reading time":"4 minutes"},"schema":{"@context":"https:\/\/schema.org","@graph":[{"@type":"WebPage","@id":"https:\/\/www.welovecycling.com\/wide\/tour-de-france-2025\/be-nl\/terms-and-conditions-persona-share\/","url":"https:\/\/www.welovecycling.com\/wide\/tour-de-france-2025\/be-nl\/terms-and-conditions-persona-share\/","name":"Terms And Conditions - Persona Share - \u0160koda We Love Cycling","isPartOf":{"@id":"https:\/\/www.welovecycling.com\/wide\/#website"},"datePublished":"2025-06-20T07:06:52+00:00","dateModified":"2025-06-20T07:07:20+00:00","breadcrumb":{"@id":"https:\/\/www.welovecycling.com\/wide\/tour-de-france-2025\/be-nl\/terms-and-conditions-persona-share\/#breadcrumb"},"inLanguage":"en-US","potentialAction":[{"@type":"ReadAction","target":["https:\/\/www.welovecycling.com\/wide\/tour-de-france-2025\/be-nl\/terms-and-conditions-persona-share\/"]}]},{"@type":"BreadcrumbList","@id":"https:\/\/www.welovecycling.com\/wide\/tour-de-france-2025\/be-nl\/terms-and-conditions-persona-share\/#breadcrumb","itemListElement":[{"@type":"ListItem","position":1,"name":"Home","item":"https:\/\/www.welovecycling.com\/wide\/"},{"@type":"ListItem","position":2,"name":"Tour de France 2025","item":"https:\/\/www.welovecycling.com\/wide\/tour-de-france-2025\/"},{"@type":"ListItem","position":3,"name":"Tour de France 2025 &#8211; BE-NL","item":"https:\/\/www.welovecycling.com\/wide\/tour-de-france-2025\/be-nl\/"},{"@type":"ListItem","position":4,"name":"Terms And Conditions &#8211; Persona Share"}]},{"@type":"WebSite","@id":"https:\/\/www.welovecycling.com\/wide\/#website","url":"https:\/\/www.welovecycling.com\/wide\/","name":"\u0160koda We Love Cycling","description":"\u0160koda We Love Cycling magazine","alternateName":"\u0160koda WLC","potentialAction":[{"@type":"SearchAction","target":{"@type":"EntryPoint","urlTemplate":"https:\/\/www.welovecycling.com\/wide\/?s={search_term_string}"},"query-input":{"@type":"PropertyValueSpecification","valueRequired":true,"valueName":"search_term_string"}}],"inLanguage":"en-US"}]}},"_links":{"self":[{"href":"https:\/\/www.welovecycling.com\/wide\/wp-json\/wp\/v2\/pages\/198847","targetHints":{"allow":["GET"]}}],"collection":[{"href":"https:\/\/www.welovecycling.com\/wide\/wp-json\/wp\/v2\/pages"}],"about":[{"href":"https:\/\/www.welovecycling.com\/wide\/wp-json\/wp\/v2\/types\/page"}],"author":[{"embeddable":true,"href":"https:\/\/www.welovecycling.com\/wide\/wp-json\/wp\/v2\/users\/144"}],"replies":[{"embeddable":true,"href":"https:\/\/www.welovecycling.com\/wide\/wp-json\/wp\/v2\/comments?post=198847"}],"version-history":[{"count":1,"href":"https:\/\/www.welovecycling.com\/wide\/wp-json\/wp\/v2\/pages\/198847\/revisions"}],"predecessor-version":[{"id":198848,"href":"https:\/\/www.welovecycling.com\/wide\/wp-json\/wp\/v2\/pages\/198847\/revisions\/198848"}],"up":[{"embeddable":true,"href":"https:\/\/www.welovecycling.com\/wide\/wp-json\/wp\/v2\/pages\/198836"}],"wp:attachment":[{"href":"https:\/\/www.welovecycling.com\/wide\/wp-json\/wp\/v2\/media?parent=198847"}],"wp:term":[{"taxonomy":"post_tag","embeddable":true,"href":"https:\/\/www.welovecycling.com\/wide\/wp-json\/wp\/v2\/tags?post=198847"}],"curies":[{"name":"wp","href":"https:\/\/api.w.org\/{rel}","templated":true}]}}