{"id":198836,"date":"2025-06-20T06:34:42","date_gmt":"2025-06-20T06:34:42","guid":{"rendered":"https:\/\/www.welovecycling.com\/wide\/?page_id=198836"},"modified":"2025-07-04T08:00:21","modified_gmt":"2025-07-04T08:00:21","slug":"be-nl","status":"publish","type":"page","link":"https:\/\/www.welovecycling.com\/wide\/tour-de-france-2025\/be-nl\/","title":{"rendered":"Tour de France 2025 &#8211; BE-NL"},"content":{"rendered":"","protected":false},"excerpt":{"rendered":"","protected":false},"author":144,"featured_media":198838,"parent":198571,"menu_order":0,"comment_status":"closed","ping_status":"closed","template":"\/var\/www\/html\/web\/app\/plugins\/skoda-tour-de-france-2025\/templates\/index.php","meta":{"footnotes":""},"tags":[8576],"class_list":["post-198836","page","type-page","status-publish","has-post-thumbnail","hentry","tag-tour-de-france-2025"],"yoast_head":"<!-- This site is optimized with the Yoast SEO Premium plugin v25.3 (Yoast SEO v25.9) - https:\/\/yoast.com\/wordpress\/plugins\/seo\/ -->\n<title>Tour de France 2025 - BE-NL - \u0160koda We Love Cycling<\/title>\n<meta name=\"description\" content=\"Ontdek jouw Tour de France-fanprofiel en maak kans op geweldige prijzen.\" \/>\n<meta name=\"robots\" content=\"index, follow, max-snippet:-1, max-image-preview:large, max-video-preview:-1\" \/>\n<link rel=\"canonical\" href=\"https:\/\/www.welovecycling.com\/wide\/tour-de-france-2025\/be-nl\/\" \/>\n<meta property=\"og:locale\" content=\"en_US\" \/>\n<meta property=\"og:type\" content=\"article\" \/>\n<meta property=\"og:title\" content=\"Tour de France 2025 - BE-NL\" \/>\n<meta property=\"og:description\" content=\"Ontdek jouw Tour de France-fanprofiel en maak kans op geweldige prijzen.\" \/>\n<meta property=\"og:url\" content=\"https:\/\/www.welovecycling.com\/wide\/tour-de-france-2025\/be-nl\/\" \/>\n<meta property=\"og:site_name\" content=\"\u0160koda We Love Cycling\" \/>\n<meta property=\"article:modified_time\" content=\"2025-07-04T08:00:21+00:00\" \/>\n<meta property=\"og:image\" content=\"https:\/\/d2p6e6u75xmxt8.cloudfront.net\/2\/2025\/06\/TDF25_LP_Hero_D_NL-BELGIUM-scaled.webp\" \/>\n\t<meta property=\"og:image:width\" content=\"2560\" \/>\n\t<meta property=\"og:image:height\" content=\"1067\" \/>\n\t<meta property=\"og:image:type\" content=\"image\/webp\" \/>\n<meta name=\"twitter:card\" content=\"summary_large_image\" \/>\n<script type=\"application\/ld+json\" class=\"yoast-schema-graph\">{\"@context\":\"https:\/\/schema.org\",\"@graph\":[{\"@type\":\"WebPage\",\"@id\":\"https:\/\/www.welovecycling.com\/wide\/tour-de-france-2025\/be-nl\/\",\"url\":\"https:\/\/www.welovecycling.com\/wide\/tour-de-france-2025\/be-nl\/\",\"name\":\"Tour de France 2025 - BE-NL - \u0160koda We Love Cycling\",\"isPartOf\":{\"@id\":\"https:\/\/www.welovecycling.com\/wide\/#website\"},\"primaryImageOfPage\":{\"@id\":\"https:\/\/www.welovecycling.com\/wide\/tour-de-france-2025\/be-nl\/#primaryimage\"},\"image\":{\"@id\":\"https:\/\/www.welovecycling.com\/wide\/tour-de-france-2025\/be-nl\/#primaryimage\"},\"thumbnailUrl\":\"https:\/\/d2p6e6u75xmxt8.cloudfront.net\/2\/2025\/06\/TDF25_LP_Hero_D_NL-BELGIUM-scaled.webp\",\"datePublished\":\"2025-06-20T06:34:42+00:00\",\"dateModified\":\"2025-07-04T08:00:21+00:00\",\"description\":\"Ontdek jouw Tour de France-fanprofiel en maak kans op geweldige prijzen.\",\"breadcrumb\":{\"@id\":\"https:\/\/www.welovecycling.com\/wide\/tour-de-france-2025\/be-nl\/#breadcrumb\"},\"inLanguage\":\"en-US\",\"potentialAction\":[{\"@type\":\"ReadAction\",\"target\":[\"https:\/\/www.welovecycling.com\/wide\/tour-de-france-2025\/be-nl\/\"]}]},{\"@type\":\"ImageObject\",\"inLanguage\":\"en-US\",\"@id\":\"https:\/\/www.welovecycling.com\/wide\/tour-de-france-2025\/be-nl\/#primaryimage\",\"url\":\"https:\/\/d2p6e6u75xmxt8.cloudfront.net\/2\/2025\/06\/TDF25_LP_Hero_D_NL-BELGIUM-scaled.webp\",\"contentUrl\":\"https:\/\/d2p6e6u75xmxt8.cloudfront.net\/2\/2025\/06\/TDF25_LP_Hero_D_NL-BELGIUM-scaled.webp\",\"width\":2560,\"height\":1067},{\"@type\":\"BreadcrumbList\",\"@id\":\"https:\/\/www.welovecycling.com\/wide\/tour-de-france-2025\/be-nl\/#breadcrumb\",\"itemListElement\":[{\"@type\":\"ListItem\",\"position\":1,\"name\":\"Home\",\"item\":\"https:\/\/www.welovecycling.com\/wide\/\"},{\"@type\":\"ListItem\",\"position\":2,\"name\":\"Tour de France 2025\",\"item\":\"https:\/\/www.welovecycling.com\/wide\/tour-de-france-2025\/\"},{\"@type\":\"ListItem\",\"position\":3,\"name\":\"Tour de France 2025 &#8211; BE-NL\"}]},{\"@type\":\"WebSite\",\"@id\":\"https:\/\/www.welovecycling.com\/wide\/#website\",\"url\":\"https:\/\/www.welovecycling.com\/wide\/\",\"name\":\"\u0160koda We Love Cycling\",\"description\":\"\u0160koda We Love Cycling magazine\",\"alternateName\":\"\u0160koda WLC\",\"potentialAction\":[{\"@type\":\"SearchAction\",\"target\":{\"@type\":\"EntryPoint\",\"urlTemplate\":\"https:\/\/www.welovecycling.com\/wide\/?s={search_term_string}\"},\"query-input\":{\"@type\":\"PropertyValueSpecification\",\"valueRequired\":true,\"valueName\":\"search_term_string\"}}],\"inLanguage\":\"en-US\"}]}<\/script>\n<!-- \/ Yoast SEO Premium plugin. -->","yoast_head_json":{"title":"Tour de France 2025 - BE-NL - \u0160koda We Love Cycling","description":"Ontdek jouw Tour de France-fanprofiel en maak kans op geweldige prijzen.","robots":{"index":"index","follow":"follow","max-snippet":"max-snippet:-1","max-image-preview":"max-image-preview:large","max-video-preview":"max-video-preview:-1"},"canonical":"https:\/\/www.welovecycling.com\/wide\/tour-de-france-2025\/be-nl\/","og_locale":"en_US","og_type":"article","og_title":"Tour de France 2025 - BE-NL","og_description":"Ontdek jouw Tour de France-fanprofiel en maak kans op geweldige prijzen.","og_url":"https:\/\/www.welovecycling.com\/wide\/tour-de-france-2025\/be-nl\/","og_site_name":"\u0160koda We Love Cycling","article_modified_time":"2025-07-04T08:00:21+00:00","og_image":[{"width":2560,"height":1067,"url":"https:\/\/d2p6e6u75xmxt8.cloudfront.net\/2\/2025\/06\/TDF25_LP_Hero_D_NL-BELGIUM-scaled.webp","type":"image\/webp"}],"twitter_card":"summary_large_image","schema":{"@context":"https:\/\/schema.org","@graph":[{"@type":"WebPage","@id":"https:\/\/www.welovecycling.com\/wide\/tour-de-france-2025\/be-nl\/","url":"https:\/\/www.welovecycling.com\/wide\/tour-de-france-2025\/be-nl\/","name":"Tour de France 2025 - BE-NL - \u0160koda We Love Cycling","isPartOf":{"@id":"https:\/\/www.welovecycling.com\/wide\/#website"},"primaryImageOfPage":{"@id":"https:\/\/www.welovecycling.com\/wide\/tour-de-france-2025\/be-nl\/#primaryimage"},"image":{"@id":"https:\/\/www.welovecycling.com\/wide\/tour-de-france-2025\/be-nl\/#primaryimage"},"thumbnailUrl":"https:\/\/d2p6e6u75xmxt8.cloudfront.net\/2\/2025\/06\/TDF25_LP_Hero_D_NL-BELGIUM-scaled.webp","datePublished":"2025-06-20T06:34:42+00:00","dateModified":"2025-07-04T08:00:21+00:00","description":"Ontdek jouw Tour de France-fanprofiel en maak kans op geweldige prijzen.","breadcrumb":{"@id":"https:\/\/www.welovecycling.com\/wide\/tour-de-france-2025\/be-nl\/#breadcrumb"},"inLanguage":"en-US","potentialAction":[{"@type":"ReadAction","target":["https:\/\/www.welovecycling.com\/wide\/tour-de-france-2025\/be-nl\/"]}]},{"@type":"ImageObject","inLanguage":"en-US","@id":"https:\/\/www.welovecycling.com\/wide\/tour-de-france-2025\/be-nl\/#primaryimage","url":"https:\/\/d2p6e6u75xmxt8.cloudfront.net\/2\/2025\/06\/TDF25_LP_Hero_D_NL-BELGIUM-scaled.webp","contentUrl":"https:\/\/d2p6e6u75xmxt8.cloudfront.net\/2\/2025\/06\/TDF25_LP_Hero_D_NL-BELGIUM-scaled.webp","width":2560,"height":1067},{"@type":"BreadcrumbList","@id":"https:\/\/www.welovecycling.com\/wide\/tour-de-france-2025\/be-nl\/#breadcrumb","itemListElement":[{"@type":"ListItem","position":1,"name":"Home","item":"https:\/\/www.welovecycling.com\/wide\/"},{"@type":"ListItem","position":2,"name":"Tour de France 2025","item":"https:\/\/www.welovecycling.com\/wide\/tour-de-france-2025\/"},{"@type":"ListItem","position":3,"name":"Tour de France 2025 &#8211; BE-NL"}]},{"@type":"WebSite","@id":"https:\/\/www.welovecycling.com\/wide\/#website","url":"https:\/\/www.welovecycling.com\/wide\/","name":"\u0160koda We Love Cycling","description":"\u0160koda We Love Cycling magazine","alternateName":"\u0160koda WLC","potentialAction":[{"@type":"SearchAction","target":{"@type":"EntryPoint","urlTemplate":"https:\/\/www.welovecycling.com\/wide\/?s={search_term_string}"},"query-input":{"@type":"PropertyValueSpecification","valueRequired":true,"valueName":"search_term_string"}}],"inLanguage":"en-US"}]}},"_links":{"self":[{"href":"https:\/\/www.welovecycling.com\/wide\/wp-json\/wp\/v2\/pages\/198836","targetHints":{"allow":["GET"]}}],"collection":[{"href":"https:\/\/www.welovecycling.com\/wide\/wp-json\/wp\/v2\/pages"}],"about":[{"href":"https:\/\/www.welovecycling.com\/wide\/wp-json\/wp\/v2\/types\/page"}],"author":[{"embeddable":true,"href":"https:\/\/www.welovecycling.com\/wide\/wp-json\/wp\/v2\/users\/144"}],"replies":[{"embeddable":true,"href":"https:\/\/www.welovecycling.com\/wide\/wp-json\/wp\/v2\/comments?post=198836"}],"version-history":[{"count":2,"href":"https:\/\/www.welovecycling.com\/wide\/wp-json\/wp\/v2\/pages\/198836\/revisions"}],"predecessor-version":[{"id":199042,"href":"https:\/\/www.welovecycling.com\/wide\/wp-json\/wp\/v2\/pages\/198836\/revisions\/199042"}],"up":[{"embeddable":true,"href":"https:\/\/www.welovecycling.com\/wide\/wp-json\/wp\/v2\/pages\/198571"}],"wp:featuredmedia":[{"embeddable":true,"href":"https:\/\/www.welovecycling.com\/wide\/wp-json\/wp\/v2\/media\/198838"}],"wp:attachment":[{"href":"https:\/\/www.welovecycling.com\/wide\/wp-json\/wp\/v2\/media?parent=198836"}],"wp:term":[{"taxonomy":"post_tag","embeddable":true,"href":"https:\/\/www.welovecycling.com\/wide\/wp-json\/wp\/v2\/tags?post=198836"}],"curies":[{"name":"wp","href":"https:\/\/api.w.org\/{rel}","templated":true}]}}

<!-- This site is optimized with the Yoast SEO Premium plugin v25.3 (Yoast SEO v25.9) - https://yoast.com/wordpress/plugins/seo/ -->
<title>Tour de France 2025 - BE-NL - Škoda We Love Cycling</title>
<meta name="description" content="Ontdek jouw Tour de France-fanprofiel en maak kans op geweldige prijzen." />
<meta name="robots" content="index, follow, max-snippet:-1, max-image-preview:large, max-video-preview:-1" />
<link rel="canonical" href="https://www.welovecycling.com/wide/tour-de-france-2025/be-nl/" />
<meta property="og:locale" content="en_US" />
<meta property="og:type" content="article" />
<meta property="og:title" content="Tour de France 2025 - BE-NL" />
<meta property="og:description" content="Ontdek jouw Tour de France-fanprofiel en maak kans op geweldige prijzen." />
<meta property="og:url" content="https://www.welovecycling.com/wide/tour-de-france-2025/be-nl/" />
<meta property="og:site_name" content="Škoda We Love Cycling" />
<meta property="article:modified_time" content="2025-07-04T08:00:21+00:00" />
<meta property="og:image" content="https://d2p6e6u75xmxt8.cloudfront.net/2/2025/06/TDF25_LP_Hero_D_NL-BELGIUM-scaled.webp" />
	<meta property="og:image:width" content="2560" />
	<meta property="og:image:height" content="1067" />
	<meta property="og:image:type" content="image/webp" />
<meta name="twitter:card" content="summary_large_image" />
<script type="application/ld+json" class="yoast-schema-graph">{"@context":"https://schema.org","@graph":[{"@type":"WebPage","@id":"https://www.welovecycling.com/wide/tour-de-france-2025/be-nl/","url":"https://www.welovecycling.com/wide/tour-de-france-2025/be-nl/","name":"Tour de France 2025 - BE-NL - Škoda We Love Cycling","isPartOf":{"@id":"https://www.welovecycling.com/wide/#website"},"primaryImageOfPage":{"@id":"https://www.welovecycling.com/wide/tour-de-france-2025/be-nl/#primaryimage"},"image":{"@id":"https://www.welovecycling.com/wide/tour-de-france-2025/be-nl/#primaryimage"},"thumbnailUrl":"https://d2p6e6u75xmxt8.cloudfront.net/2/2025/06/TDF25_LP_Hero_D_NL-BELGIUM-scaled.webp","datePublished":"2025-06-20T06:34:42+00:00","dateModified":"2025-07-04T08:00:21+00:00","description":"Ontdek jouw Tour de France-fanprofiel en maak kans op geweldige prijzen.","breadcrumb":{"@id":"https://www.welovecycling.com/wide/tour-de-france-2025/be-nl/#breadcrumb"},"inLanguage":"en-US","potentialAction":[{"@type":"ReadAction","target":["https://www.welovecycling.com/wide/tour-de-france-2025/be-nl/"]}]},{"@type":"ImageObject","inLanguage":"en-US","@id":"https://www.welovecycling.com/wide/tour-de-france-2025/be-nl/#primaryimage","url":"https://d2p6e6u75xmxt8.cloudfront.net/2/2025/06/TDF25_LP_Hero_D_NL-BELGIUM-scaled.webp","contentUrl":"https://d2p6e6u75xmxt8.cloudfront.net/2/2025/06/TDF25_LP_Hero_D_NL-BELGIUM-scaled.webp","width":2560,"height":1067},{"@type":"BreadcrumbList","@id":"https://www.welovecycling.com/wide/tour-de-france-2025/be-nl/#breadcrumb","itemListElement":[{"@type":"ListItem","position":1,"name":"Home","item":"https://www.welovecycling.com/wide/"},{"@type":"ListItem","position":2,"name":"Tour de France 2025","item":"https://www.welovecycling.com/wide/tour-de-france-2025/"},{"@type":"ListItem","position":3,"name":"Tour de France 2025 &#8211; BE-NL"}]},{"@type":"WebSite","@id":"https://www.welovecycling.com/wide/#website","url":"https://www.welovecycling.com/wide/","name":"Škoda We Love Cycling","description":"Škoda We Love Cycling magazine","alternateName":"Škoda WLC","potentialAction":[{"@type":"SearchAction","target":{"@type":"EntryPoint","urlTemplate":"https://www.welovecycling.com/wide/?s={search_term_string}"},"query-input":{"@type":"PropertyValueSpecification","valueRequired":true,"valueName":"search_term_string"}}],"inLanguage":"en-US"}]}</script>
<!-- / Yoast SEO Premium plugin. -->

Tour de France 2025 - BE-NL - Škoda We Love Cycling

Škoda We Love Cycling

Škoda We Love Cycling magazine

Škoda WLC
