{"id":190096,"date":"2022-07-15T07:36:25","date_gmt":"2022-07-15T07:36:25","guid":{"rendered":"https:\/\/www.welovecycling.com\/wide\/?page_id=190096"},"modified":"2022-08-05T06:14:09","modified_gmt":"2022-08-05T06:14:09","slug":"ev-survey","status":"publish","type":"page","link":"https:\/\/www.welovecycling.com\/wide\/ev-survey\/","title":{"rendered":"LET&#8217;S MAKE AN IMPACT IN E-MOBILITY"},"content":{"rendered":"<p><b>Vehicles with fully electric drivetrains are a hot contemporary talking point and as such are raising justified questions \u2013 and you might play a part in shaping the future of the automotive industry by helping us find the answers.<\/b><\/p>\n<p><span style=\"font-weight: 400;\">Take a short survey below and contribute to making e-mobility more attractive, efficient and sustainable!<\/span><\/p>\n<p><br style=\"font-weight: 400;\" \/><script>(function(t,e,s,n){var o,a,c;t.SMCX=t.SMCX||[],e.getElementById(n)||(o=e.getElementsByTagName(s),a=o[o.length-1],c=e.createElement(s),c.type=\"text\/javascript\",c.async=!0,c.id=n,c.src=\"https:\/\/widget.surveymonkey.com\/collect\/website\/js\/tRaiETqnLgj758hTBazgdyB_2B2n87uykPx9MG9qKpzXDBjL5oEGFmZQF_2FDKAVjruj.js\",a.parentNode.insertBefore(c,a))})(window,document,\"script\",\"smcx-sdk\");<\/script><a style=\"font: 12px Helvetica, sans-serif; color: #999; text-decoration: none;\" href=\"www.surveymonkey.com\"> Create your own user feedback survey <\/a><\/p>\n","protected":false},"excerpt":{"rendered":"<p>Vehicles with fully electric drivetrains are a hot contemporary talking point and as such are raising justified questions \u2013 and [&hellip;]<\/p>\n","protected":false},"author":12,"featured_media":0,"parent":0,"menu_order":0,"comment_status":"closed","ping_status":"closed","template":"","meta":{"footnotes":""},"tags":[],"class_list":["post-190096","page","type-page","status-publish","hentry"],"yoast_head":"<!-- This site is optimized with the Yoast SEO Premium plugin v25.3 (Yoast SEO v25.9) - https:\/\/yoast.com\/wordpress\/plugins\/seo\/ -->\n<title>LET&#039;S MAKE AN IMPACT IN E-MOBILITY - \u0160koda We Love Cycling<\/title>\n<meta name=\"robots\" content=\"index, follow, max-snippet:-1, max-image-preview:large, max-video-preview:-1\" \/>\n<link rel=\"canonical\" href=\"https:\/\/www.welovecycling.com\/wide\/ev-survey\/\" \/>\n<meta property=\"og:locale\" content=\"en_US\" \/>\n<meta property=\"og:type\" content=\"article\" \/>\n<meta property=\"og:title\" content=\"LET&#039;S MAKE AN IMPACT IN E-MOBILITY\" \/>\n<meta property=\"og:url\" content=\"https:\/\/www.welovecycling.com\/wide\/ev-survey\/\" \/>\n<meta property=\"og:site_name\" content=\"\u0160koda We Love Cycling\" \/>\n<meta property=\"article:modified_time\" content=\"2022-08-05T06:14:09+00:00\" \/>\n<meta name=\"twitter:card\" content=\"summary_large_image\" \/>\n<script type=\"application\/ld+json\" class=\"yoast-schema-graph\">{\"@context\":\"https:\/\/schema.org\",\"@graph\":[{\"@type\":\"WebPage\",\"@id\":\"https:\/\/www.welovecycling.com\/wide\/ev-survey\/\",\"url\":\"https:\/\/www.welovecycling.com\/wide\/ev-survey\/\",\"name\":\"LET'S MAKE AN IMPACT IN E-MOBILITY - \u0160koda We Love Cycling\",\"isPartOf\":{\"@id\":\"https:\/\/www.welovecycling.com\/wide\/#website\"},\"datePublished\":\"2022-07-15T07:36:25+00:00\",\"dateModified\":\"2022-08-05T06:14:09+00:00\",\"breadcrumb\":{\"@id\":\"https:\/\/www.welovecycling.com\/wide\/ev-survey\/#breadcrumb\"},\"inLanguage\":\"en-US\",\"potentialAction\":[{\"@type\":\"ReadAction\",\"target\":[\"https:\/\/www.welovecycling.com\/wide\/ev-survey\/\"]}]},{\"@type\":\"BreadcrumbList\",\"@id\":\"https:\/\/www.welovecycling.com\/wide\/ev-survey\/#breadcrumb\",\"itemListElement\":[{\"@type\":\"ListItem\",\"position\":1,\"name\":\"Home\",\"item\":\"https:\/\/www.welovecycling.com\/wide\/\"},{\"@type\":\"ListItem\",\"position\":2,\"name\":\"LET&#8217;S MAKE AN IMPACT IN E-MOBILITY\"}]},{\"@type\":\"WebSite\",\"@id\":\"https:\/\/www.welovecycling.com\/wide\/#website\",\"url\":\"https:\/\/www.welovecycling.com\/wide\/\",\"name\":\"\u0160koda We Love Cycling\",\"description\":\"\u0160koda We Love Cycling magazine\",\"alternateName\":\"\u0160koda WLC\",\"potentialAction\":[{\"@type\":\"SearchAction\",\"target\":{\"@type\":\"EntryPoint\",\"urlTemplate\":\"https:\/\/www.welovecycling.com\/wide\/?s={search_term_string}\"},\"query-input\":{\"@type\":\"PropertyValueSpecification\",\"valueRequired\":true,\"valueName\":\"search_term_string\"}}],\"inLanguage\":\"en-US\"}]}<\/script>\n<!-- \/ Yoast SEO Premium plugin. -->","yoast_head_json":{"title":"LET'S MAKE AN IMPACT IN E-MOBILITY - \u0160koda We Love Cycling","robots":{"index":"index","follow":"follow","max-snippet":"max-snippet:-1","max-image-preview":"max-image-preview:large","max-video-preview":"max-video-preview:-1"},"canonical":"https:\/\/www.welovecycling.com\/wide\/ev-survey\/","og_locale":"en_US","og_type":"article","og_title":"LET'S MAKE AN IMPACT IN E-MOBILITY","og_url":"https:\/\/www.welovecycling.com\/wide\/ev-survey\/","og_site_name":"\u0160koda We Love Cycling","article_modified_time":"2022-08-05T06:14:09+00:00","twitter_card":"summary_large_image","schema":{"@context":"https:\/\/schema.org","@graph":[{"@type":"WebPage","@id":"https:\/\/www.welovecycling.com\/wide\/ev-survey\/","url":"https:\/\/www.welovecycling.com\/wide\/ev-survey\/","name":"LET'S MAKE AN IMPACT IN E-MOBILITY - \u0160koda We Love Cycling","isPartOf":{"@id":"https:\/\/www.welovecycling.com\/wide\/#website"},"datePublished":"2022-07-15T07:36:25+00:00","dateModified":"2022-08-05T06:14:09+00:00","breadcrumb":{"@id":"https:\/\/www.welovecycling.com\/wide\/ev-survey\/#breadcrumb"},"inLanguage":"en-US","potentialAction":[{"@type":"ReadAction","target":["https:\/\/www.welovecycling.com\/wide\/ev-survey\/"]}]},{"@type":"BreadcrumbList","@id":"https:\/\/www.welovecycling.com\/wide\/ev-survey\/#breadcrumb","itemListElement":[{"@type":"ListItem","position":1,"name":"Home","item":"https:\/\/www.welovecycling.com\/wide\/"},{"@type":"ListItem","position":2,"name":"LET&#8217;S MAKE AN IMPACT IN E-MOBILITY"}]},{"@type":"WebSite","@id":"https:\/\/www.welovecycling.com\/wide\/#website","url":"https:\/\/www.welovecycling.com\/wide\/","name":"\u0160koda We Love Cycling","description":"\u0160koda We Love Cycling magazine","alternateName":"\u0160koda WLC","potentialAction":[{"@type":"SearchAction","target":{"@type":"EntryPoint","urlTemplate":"https:\/\/www.welovecycling.com\/wide\/?s={search_term_string}"},"query-input":{"@type":"PropertyValueSpecification","valueRequired":true,"valueName":"search_term_string"}}],"inLanguage":"en-US"}]}},"_links":{"self":[{"href":"https:\/\/www.welovecycling.com\/wide\/wp-json\/wp\/v2\/pages\/190096","targetHints":{"allow":["GET"]}}],"collection":[{"href":"https:\/\/www.welovecycling.com\/wide\/wp-json\/wp\/v2\/pages"}],"about":[{"href":"https:\/\/www.welovecycling.com\/wide\/wp-json\/wp\/v2\/types\/page"}],"author":[{"embeddable":true,"href":"https:\/\/www.welovecycling.com\/wide\/wp-json\/wp\/v2\/users\/12"}],"replies":[{"embeddable":true,"href":"https:\/\/www.welovecycling.com\/wide\/wp-json\/wp\/v2\/comments?post=190096"}],"version-history":[{"count":2,"href":"https:\/\/www.welovecycling.com\/wide\/wp-json\/wp\/v2\/pages\/190096\/revisions"}],"predecessor-version":[{"id":190292,"href":"https:\/\/www.welovecycling.com\/wide\/wp-json\/wp\/v2\/pages\/190096\/revisions\/190292"}],"wp:attachment":[{"href":"https:\/\/www.welovecycling.com\/wide\/wp-json\/wp\/v2\/media?parent=190096"}],"wp:term":[{"taxonomy":"post_tag","embeddable":true,"href":"https:\/\/www.welovecycling.com\/wide\/wp-json\/wp\/v2\/tags?post=190096"}],"curies":[{"name":"wp","href":"https:\/\/api.w.org\/{rel}","templated":true}]}}

<!-- This site is optimized with the Yoast SEO Premium plugin v25.3 (Yoast SEO v25.9) - https://yoast.com/wordpress/plugins/seo/ -->
<title>LET&#039;S MAKE AN IMPACT IN E-MOBILITY - Škoda We Love Cycling</title>
<meta name="robots" content="index, follow, max-snippet:-1, max-image-preview:large, max-video-preview:-1" />
<link rel="canonical" href="https://www.welovecycling.com/wide/ev-survey/" />
<meta property="og:locale" content="en_US" />
<meta property="og:type" content="article" />
<meta property="og:title" content="LET&#039;S MAKE AN IMPACT IN E-MOBILITY" />
<meta property="og:url" content="https://www.welovecycling.com/wide/ev-survey/" />
<meta property="og:site_name" content="Škoda We Love Cycling" />
<meta property="article:modified_time" content="2022-08-05T06:14:09+00:00" />
<meta name="twitter:card" content="summary_large_image" />
<script type="application/ld+json" class="yoast-schema-graph">{"@context":"https://schema.org","@graph":[{"@type":"WebPage","@id":"https://www.welovecycling.com/wide/ev-survey/","url":"https://www.welovecycling.com/wide/ev-survey/","name":"LET'S MAKE AN IMPACT IN E-MOBILITY - Škoda We Love Cycling","isPartOf":{"@id":"https://www.welovecycling.com/wide/#website"},"datePublished":"2022-07-15T07:36:25+00:00","dateModified":"2022-08-05T06:14:09+00:00","breadcrumb":{"@id":"https://www.welovecycling.com/wide/ev-survey/#breadcrumb"},"inLanguage":"en-US","potentialAction":[{"@type":"ReadAction","target":["https://www.welovecycling.com/wide/ev-survey/"]}]},{"@type":"BreadcrumbList","@id":"https://www.welovecycling.com/wide/ev-survey/#breadcrumb","itemListElement":[{"@type":"ListItem","position":1,"name":"Home","item":"https://www.welovecycling.com/wide/"},{"@type":"ListItem","position":2,"name":"LET&#8217;S MAKE AN IMPACT IN E-MOBILITY"}]},{"@type":"WebSite","@id":"https://www.welovecycling.com/wide/#website","url":"https://www.welovecycling.com/wide/","name":"Škoda We Love Cycling","description":"Škoda We Love Cycling magazine","alternateName":"Škoda WLC","potentialAction":[{"@type":"SearchAction","target":{"@type":"EntryPoint","urlTemplate":"https://www.welovecycling.com/wide/?s={search_term_string}"},"query-input":{"@type":"PropertyValueSpecification","valueRequired":true,"valueName":"search_term_string"}}],"inLanguage":"en-US"}]}</script>
<!-- / Yoast SEO Premium plugin. -->

LET'S MAKE AN IMPACT IN E-MOBILITY - Škoda We Love Cycling

Škoda We Love Cycling

Škoda We Love Cycling magazine

Škoda WLC
