{"id":189794,"date":"2022-06-15T12:30:32","date_gmt":"2022-06-15T12:30:32","guid":{"rendered":"https:\/\/www.welovecycling.com\/wide\/?page_id=189794"},"modified":"2022-08-21T17:06:09","modified_gmt":"2022-08-21T17:06:09","slug":"la-vuelta-2022","status":"publish","type":"page","link":"https:\/\/www.welovecycling.com\/wide\/la-vuelta-2022\/","title":{"rendered":"La Vuelta 2022"},"content":{"rendered":"","protected":false},"excerpt":{"rendered":"","protected":false},"author":12,"featured_media":0,"parent":0,"menu_order":0,"comment_status":"closed","ping_status":"closed","template":"\/var\/www\/html\/web\/app\/plugins\/skoda-la-vuelta-2022\/template-loader.php","meta":{"footnotes":""},"tags":[5954,479],"class_list":["post-189794","page","type-page","status-publish","hentry","tag-2022-la-vuelta","tag-la-vuelta"],"yoast_head":"<!-- This site is optimized with the Yoast SEO Premium plugin v25.3 (Yoast SEO v25.9) - https:\/\/yoast.com\/wordpress\/plugins\/seo\/ -->\n<title>La Vuelta 2022 - \u0160koda We Love Cycling<\/title>\n<meta name=\"robots\" content=\"index, follow, max-snippet:-1, max-image-preview:large, max-video-preview:-1\" \/>\n<link rel=\"canonical\" href=\"https:\/\/www.welovecycling.com\/wide\/la-vuelta-2022\/\" \/>\n<meta property=\"og:locale\" content=\"en_US\" \/>\n<meta property=\"og:type\" content=\"article\" \/>\n<meta property=\"og:title\" content=\"La Vuelta 2022\" \/>\n<meta property=\"og:url\" content=\"https:\/\/www.welovecycling.com\/wide\/la-vuelta-2022\/\" \/>\n<meta property=\"og:site_name\" content=\"\u0160koda We Love Cycling\" \/>\n<meta property=\"article:modified_time\" content=\"2022-08-21T17:06:09+00:00\" \/>\n<meta name=\"twitter:card\" content=\"summary_large_image\" \/>\n<script type=\"application\/ld+json\" class=\"yoast-schema-graph\">{\"@context\":\"https:\/\/schema.org\",\"@graph\":[{\"@type\":\"WebPage\",\"@id\":\"https:\/\/www.welovecycling.com\/wide\/la-vuelta-2022\/\",\"url\":\"https:\/\/www.welovecycling.com\/wide\/la-vuelta-2022\/\",\"name\":\"La Vuelta 2022 - \u0160koda We Love Cycling\",\"isPartOf\":{\"@id\":\"https:\/\/www.welovecycling.com\/wide\/#website\"},\"datePublished\":\"2022-06-15T12:30:32+00:00\",\"dateModified\":\"2022-08-21T17:06:09+00:00\",\"breadcrumb\":{\"@id\":\"https:\/\/www.welovecycling.com\/wide\/la-vuelta-2022\/#breadcrumb\"},\"inLanguage\":\"en-US\",\"potentialAction\":[{\"@type\":\"ReadAction\",\"target\":[\"https:\/\/www.welovecycling.com\/wide\/la-vuelta-2022\/\"]}]},{\"@type\":\"BreadcrumbList\",\"@id\":\"https:\/\/www.welovecycling.com\/wide\/la-vuelta-2022\/#breadcrumb\",\"itemListElement\":[{\"@type\":\"ListItem\",\"position\":1,\"name\":\"Home\",\"item\":\"https:\/\/www.welovecycling.com\/wide\/\"},{\"@type\":\"ListItem\",\"position\":2,\"name\":\"La Vuelta 2022\"}]},{\"@type\":\"WebSite\",\"@id\":\"https:\/\/www.welovecycling.com\/wide\/#website\",\"url\":\"https:\/\/www.welovecycling.com\/wide\/\",\"name\":\"\u0160koda We Love Cycling\",\"description\":\"\u0160koda We Love Cycling magazine\",\"alternateName\":\"\u0160koda WLC\",\"potentialAction\":[{\"@type\":\"SearchAction\",\"target\":{\"@type\":\"EntryPoint\",\"urlTemplate\":\"https:\/\/www.welovecycling.com\/wide\/?s={search_term_string}\"},\"query-input\":{\"@type\":\"PropertyValueSpecification\",\"valueRequired\":true,\"valueName\":\"search_term_string\"}}],\"inLanguage\":\"en-US\"}]}<\/script>\n<!-- \/ Yoast SEO Premium plugin. -->","yoast_head_json":{"title":"La Vuelta 2022 - \u0160koda We Love Cycling","robots":{"index":"index","follow":"follow","max-snippet":"max-snippet:-1","max-image-preview":"max-image-preview:large","max-video-preview":"max-video-preview:-1"},"canonical":"https:\/\/www.welovecycling.com\/wide\/la-vuelta-2022\/","og_locale":"en_US","og_type":"article","og_title":"La Vuelta 2022","og_url":"https:\/\/www.welovecycling.com\/wide\/la-vuelta-2022\/","og_site_name":"\u0160koda We Love Cycling","article_modified_time":"2022-08-21T17:06:09+00:00","twitter_card":"summary_large_image","schema":{"@context":"https:\/\/schema.org","@graph":[{"@type":"WebPage","@id":"https:\/\/www.welovecycling.com\/wide\/la-vuelta-2022\/","url":"https:\/\/www.welovecycling.com\/wide\/la-vuelta-2022\/","name":"La Vuelta 2022 - \u0160koda We Love Cycling","isPartOf":{"@id":"https:\/\/www.welovecycling.com\/wide\/#website"},"datePublished":"2022-06-15T12:30:32+00:00","dateModified":"2022-08-21T17:06:09+00:00","breadcrumb":{"@id":"https:\/\/www.welovecycling.com\/wide\/la-vuelta-2022\/#breadcrumb"},"inLanguage":"en-US","potentialAction":[{"@type":"ReadAction","target":["https:\/\/www.welovecycling.com\/wide\/la-vuelta-2022\/"]}]},{"@type":"BreadcrumbList","@id":"https:\/\/www.welovecycling.com\/wide\/la-vuelta-2022\/#breadcrumb","itemListElement":[{"@type":"ListItem","position":1,"name":"Home","item":"https:\/\/www.welovecycling.com\/wide\/"},{"@type":"ListItem","position":2,"name":"La Vuelta 2022"}]},{"@type":"WebSite","@id":"https:\/\/www.welovecycling.com\/wide\/#website","url":"https:\/\/www.welovecycling.com\/wide\/","name":"\u0160koda We Love Cycling","description":"\u0160koda We Love Cycling magazine","alternateName":"\u0160koda WLC","potentialAction":[{"@type":"SearchAction","target":{"@type":"EntryPoint","urlTemplate":"https:\/\/www.welovecycling.com\/wide\/?s={search_term_string}"},"query-input":{"@type":"PropertyValueSpecification","valueRequired":true,"valueName":"search_term_string"}}],"inLanguage":"en-US"}]}},"_links":{"self":[{"href":"https:\/\/www.welovecycling.com\/wide\/wp-json\/wp\/v2\/pages\/189794","targetHints":{"allow":["GET"]}}],"collection":[{"href":"https:\/\/www.welovecycling.com\/wide\/wp-json\/wp\/v2\/pages"}],"about":[{"href":"https:\/\/www.welovecycling.com\/wide\/wp-json\/wp\/v2\/types\/page"}],"author":[{"embeddable":true,"href":"https:\/\/www.welovecycling.com\/wide\/wp-json\/wp\/v2\/users\/12"}],"replies":[{"embeddable":true,"href":"https:\/\/www.welovecycling.com\/wide\/wp-json\/wp\/v2\/comments?post=189794"}],"version-history":[{"count":1,"href":"https:\/\/www.welovecycling.com\/wide\/wp-json\/wp\/v2\/pages\/189794\/revisions"}],"predecessor-version":[{"id":189795,"href":"https:\/\/www.welovecycling.com\/wide\/wp-json\/wp\/v2\/pages\/189794\/revisions\/189795"}],"wp:attachment":[{"href":"https:\/\/www.welovecycling.com\/wide\/wp-json\/wp\/v2\/media?parent=189794"}],"wp:term":[{"taxonomy":"post_tag","embeddable":true,"href":"https:\/\/www.welovecycling.com\/wide\/wp-json\/wp\/v2\/tags?post=189794"}],"curies":[{"name":"wp","href":"https:\/\/api.w.org\/{rel}","templated":true}]}}

<!-- This site is optimized with the Yoast SEO Premium plugin v25.3 (Yoast SEO v25.9) - https://yoast.com/wordpress/plugins/seo/ -->
<title>La Vuelta 2022 - Škoda We Love Cycling</title>
<meta name="robots" content="index, follow, max-snippet:-1, max-image-preview:large, max-video-preview:-1" />
<link rel="canonical" href="https://www.welovecycling.com/wide/la-vuelta-2022/" />
<meta property="og:locale" content="en_US" />
<meta property="og:type" content="article" />
<meta property="og:title" content="La Vuelta 2022" />
<meta property="og:url" content="https://www.welovecycling.com/wide/la-vuelta-2022/" />
<meta property="og:site_name" content="Škoda We Love Cycling" />
<meta property="article:modified_time" content="2022-08-21T17:06:09+00:00" />
<meta name="twitter:card" content="summary_large_image" />
<script type="application/ld+json" class="yoast-schema-graph">{"@context":"https://schema.org","@graph":[{"@type":"WebPage","@id":"https://www.welovecycling.com/wide/la-vuelta-2022/","url":"https://www.welovecycling.com/wide/la-vuelta-2022/","name":"La Vuelta 2022 - Škoda We Love Cycling","isPartOf":{"@id":"https://www.welovecycling.com/wide/#website"},"datePublished":"2022-06-15T12:30:32+00:00","dateModified":"2022-08-21T17:06:09+00:00","breadcrumb":{"@id":"https://www.welovecycling.com/wide/la-vuelta-2022/#breadcrumb"},"inLanguage":"en-US","potentialAction":[{"@type":"ReadAction","target":["https://www.welovecycling.com/wide/la-vuelta-2022/"]}]},{"@type":"BreadcrumbList","@id":"https://www.welovecycling.com/wide/la-vuelta-2022/#breadcrumb","itemListElement":[{"@type":"ListItem","position":1,"name":"Home","item":"https://www.welovecycling.com/wide/"},{"@type":"ListItem","position":2,"name":"La Vuelta 2022"}]},{"@type":"WebSite","@id":"https://www.welovecycling.com/wide/#website","url":"https://www.welovecycling.com/wide/","name":"Škoda We Love Cycling","description":"Škoda We Love Cycling magazine","alternateName":"Škoda WLC","potentialAction":[{"@type":"SearchAction","target":{"@type":"EntryPoint","urlTemplate":"https://www.welovecycling.com/wide/?s={search_term_string}"},"query-input":{"@type":"PropertyValueSpecification","valueRequired":true,"valueName":"search_term_string"}}],"inLanguage":"en-US"}]}</script>
<!-- / Yoast SEO Premium plugin. -->

La Vuelta 2022 - Škoda We Love Cycling

Škoda We Love Cycling

Škoda We Love Cycling magazine

Škoda WLC
