{"id":185021,"date":"2021-08-11T10:47:18","date_gmt":"2021-08-11T10:47:18","guid":{"rendered":"https:\/\/www.welovecycling.com\/wide\/?page_id=185021"},"modified":"2021-09-01T11:10:06","modified_gmt":"2021-09-01T11:10:06","slug":"worst-cycle-lane","status":"publish","type":"page","link":"https:\/\/www.welovecycling.com\/wide\/worst-cycle-lane\/","title":{"rendered":"The Worst Cycle Lane in the World"},"content":{"rendered":"<p>Welcome to the Worst Cycle Lane in the World gallery. Here you will find the most deplorable examples of real cycling infrastructure sent in by your fellow riders. The top submission in each category will <b><a href=\"https:\/\/www.welovecycling.com\/wide\/worst-cycle-lane\/contest-terms-and-conditions\/\" target=\"_blank\" rel=\"noopener\">win a POC Omne Air helmet and more<\/a><\/b>. So, submit your own photo to have a shot at winning!<\/p>\n","protected":false},"excerpt":{"rendered":"<p>Welcome to the Worst Cycle Lane in the World gallery. Here you will find the most deplorable examples of real [&hellip;]<\/p>\n","protected":false},"author":11,"featured_media":185089,"parent":0,"menu_order":0,"comment_status":"closed","ping_status":"closed","template":"\/var\/www\/html\/web\/app\/plugins\/ys-worst-cycling-lane\/templates\/template-worst-cycling-lane.php","meta":{"footnotes":""},"tags":[],"class_list":["post-185021","page","type-page","status-publish","has-post-thumbnail","hentry"],"yoast_head":"<!-- This site is optimized with the Yoast SEO Premium plugin v25.3 (Yoast SEO v25.9) - https:\/\/yoast.com\/wordpress\/plugins\/seo\/ -->\n<title>The Worst Cycle Lane in the World - \u0160koda We Love Cycling<\/title>\n<meta name=\"robots\" content=\"index, follow, max-snippet:-1, max-image-preview:large, max-video-preview:-1\" \/>\n<link rel=\"canonical\" href=\"https:\/\/www.welovecycling.com\/wide\/worst-cycle-lane\/\" \/>\n<meta property=\"og:locale\" content=\"en_US\" \/>\n<meta property=\"og:type\" content=\"article\" \/>\n<meta property=\"og:title\" content=\"The Worst Cycle Lane in the World\" \/>\n<meta property=\"og:url\" content=\"https:\/\/www.welovecycling.com\/wide\/worst-cycle-lane\/\" \/>\n<meta property=\"og:site_name\" content=\"\u0160koda We Love Cycling\" \/>\n<meta property=\"article:modified_time\" content=\"2021-09-01T11:10:06+00:00\" \/>\n<meta property=\"og:image\" content=\"https:\/\/d2p6e6u75xmxt8.cloudfront.net\/2\/2021\/08\/Background.webp\" \/>\n\t<meta property=\"og:image:width\" content=\"1920\" \/>\n\t<meta property=\"og:image:height\" content=\"744\" \/>\n\t<meta property=\"og:image:type\" content=\"image\/webp\" \/>\n<meta name=\"twitter:card\" content=\"summary_large_image\" \/>\n<script type=\"application\/ld+json\" class=\"yoast-schema-graph\">{\"@context\":\"https:\/\/schema.org\",\"@graph\":[{\"@type\":\"WebPage\",\"@id\":\"https:\/\/www.welovecycling.com\/wide\/worst-cycle-lane\/\",\"url\":\"https:\/\/www.welovecycling.com\/wide\/worst-cycle-lane\/\",\"name\":\"The Worst Cycle Lane in the World - \u0160koda We Love Cycling\",\"isPartOf\":{\"@id\":\"https:\/\/www.welovecycling.com\/wide\/#website\"},\"primaryImageOfPage\":{\"@id\":\"https:\/\/www.welovecycling.com\/wide\/worst-cycle-lane\/#primaryimage\"},\"image\":{\"@id\":\"https:\/\/www.welovecycling.com\/wide\/worst-cycle-lane\/#primaryimage\"},\"thumbnailUrl\":\"https:\/\/d2p6e6u75xmxt8.cloudfront.net\/2\/2021\/08\/Background.webp\",\"datePublished\":\"2021-08-11T10:47:18+00:00\",\"dateModified\":\"2021-09-01T11:10:06+00:00\",\"breadcrumb\":{\"@id\":\"https:\/\/www.welovecycling.com\/wide\/worst-cycle-lane\/#breadcrumb\"},\"inLanguage\":\"en-US\",\"potentialAction\":[{\"@type\":\"ReadAction\",\"target\":[\"https:\/\/www.welovecycling.com\/wide\/worst-cycle-lane\/\"]}]},{\"@type\":\"ImageObject\",\"inLanguage\":\"en-US\",\"@id\":\"https:\/\/www.welovecycling.com\/wide\/worst-cycle-lane\/#primaryimage\",\"url\":\"https:\/\/d2p6e6u75xmxt8.cloudfront.net\/2\/2021\/08\/Background.webp\",\"contentUrl\":\"https:\/\/d2p6e6u75xmxt8.cloudfront.net\/2\/2021\/08\/Background.webp\",\"width\":1920,\"height\":744},{\"@type\":\"BreadcrumbList\",\"@id\":\"https:\/\/www.welovecycling.com\/wide\/worst-cycle-lane\/#breadcrumb\",\"itemListElement\":[{\"@type\":\"ListItem\",\"position\":1,\"name\":\"Home\",\"item\":\"https:\/\/www.welovecycling.com\/wide\/\"},{\"@type\":\"ListItem\",\"position\":2,\"name\":\"The Worst Cycle Lane in the World\"}]},{\"@type\":\"WebSite\",\"@id\":\"https:\/\/www.welovecycling.com\/wide\/#website\",\"url\":\"https:\/\/www.welovecycling.com\/wide\/\",\"name\":\"\u0160koda We Love Cycling\",\"description\":\"\u0160koda We Love Cycling magazine\",\"alternateName\":\"\u0160koda WLC\",\"potentialAction\":[{\"@type\":\"SearchAction\",\"target\":{\"@type\":\"EntryPoint\",\"urlTemplate\":\"https:\/\/www.welovecycling.com\/wide\/?s={search_term_string}\"},\"query-input\":{\"@type\":\"PropertyValueSpecification\",\"valueRequired\":true,\"valueName\":\"search_term_string\"}}],\"inLanguage\":\"en-US\"}]}<\/script>\n<!-- \/ Yoast SEO Premium plugin. -->","yoast_head_json":{"title":"The Worst Cycle Lane in the World - \u0160koda We Love Cycling","robots":{"index":"index","follow":"follow","max-snippet":"max-snippet:-1","max-image-preview":"max-image-preview:large","max-video-preview":"max-video-preview:-1"},"canonical":"https:\/\/www.welovecycling.com\/wide\/worst-cycle-lane\/","og_locale":"en_US","og_type":"article","og_title":"The Worst Cycle Lane in the World","og_url":"https:\/\/www.welovecycling.com\/wide\/worst-cycle-lane\/","og_site_name":"\u0160koda We Love Cycling","article_modified_time":"2021-09-01T11:10:06+00:00","og_image":[{"width":1920,"height":744,"url":"https:\/\/d2p6e6u75xmxt8.cloudfront.net\/2\/2021\/08\/Background.webp","type":"image\/webp"}],"twitter_card":"summary_large_image","schema":{"@context":"https:\/\/schema.org","@graph":[{"@type":"WebPage","@id":"https:\/\/www.welovecycling.com\/wide\/worst-cycle-lane\/","url":"https:\/\/www.welovecycling.com\/wide\/worst-cycle-lane\/","name":"The Worst Cycle Lane in the World - \u0160koda We Love Cycling","isPartOf":{"@id":"https:\/\/www.welovecycling.com\/wide\/#website"},"primaryImageOfPage":{"@id":"https:\/\/www.welovecycling.com\/wide\/worst-cycle-lane\/#primaryimage"},"image":{"@id":"https:\/\/www.welovecycling.com\/wide\/worst-cycle-lane\/#primaryimage"},"thumbnailUrl":"https:\/\/d2p6e6u75xmxt8.cloudfront.net\/2\/2021\/08\/Background.webp","datePublished":"2021-08-11T10:47:18+00:00","dateModified":"2021-09-01T11:10:06+00:00","breadcrumb":{"@id":"https:\/\/www.welovecycling.com\/wide\/worst-cycle-lane\/#breadcrumb"},"inLanguage":"en-US","potentialAction":[{"@type":"ReadAction","target":["https:\/\/www.welovecycling.com\/wide\/worst-cycle-lane\/"]}]},{"@type":"ImageObject","inLanguage":"en-US","@id":"https:\/\/www.welovecycling.com\/wide\/worst-cycle-lane\/#primaryimage","url":"https:\/\/d2p6e6u75xmxt8.cloudfront.net\/2\/2021\/08\/Background.webp","contentUrl":"https:\/\/d2p6e6u75xmxt8.cloudfront.net\/2\/2021\/08\/Background.webp","width":1920,"height":744},{"@type":"BreadcrumbList","@id":"https:\/\/www.welovecycling.com\/wide\/worst-cycle-lane\/#breadcrumb","itemListElement":[{"@type":"ListItem","position":1,"name":"Home","item":"https:\/\/www.welovecycling.com\/wide\/"},{"@type":"ListItem","position":2,"name":"The Worst Cycle Lane in the World"}]},{"@type":"WebSite","@id":"https:\/\/www.welovecycling.com\/wide\/#website","url":"https:\/\/www.welovecycling.com\/wide\/","name":"\u0160koda We Love Cycling","description":"\u0160koda We Love Cycling magazine","alternateName":"\u0160koda WLC","potentialAction":[{"@type":"SearchAction","target":{"@type":"EntryPoint","urlTemplate":"https:\/\/www.welovecycling.com\/wide\/?s={search_term_string}"},"query-input":{"@type":"PropertyValueSpecification","valueRequired":true,"valueName":"search_term_string"}}],"inLanguage":"en-US"}]}},"_links":{"self":[{"href":"https:\/\/www.welovecycling.com\/wide\/wp-json\/wp\/v2\/pages\/185021","targetHints":{"allow":["GET"]}}],"collection":[{"href":"https:\/\/www.welovecycling.com\/wide\/wp-json\/wp\/v2\/pages"}],"about":[{"href":"https:\/\/www.welovecycling.com\/wide\/wp-json\/wp\/v2\/types\/page"}],"author":[{"embeddable":true,"href":"https:\/\/www.welovecycling.com\/wide\/wp-json\/wp\/v2\/users\/11"}],"replies":[{"embeddable":true,"href":"https:\/\/www.welovecycling.com\/wide\/wp-json\/wp\/v2\/comments?post=185021"}],"version-history":[{"count":1,"href":"https:\/\/www.welovecycling.com\/wide\/wp-json\/wp\/v2\/pages\/185021\/revisions"}],"predecessor-version":[{"id":186030,"href":"https:\/\/www.welovecycling.com\/wide\/wp-json\/wp\/v2\/pages\/185021\/revisions\/186030"}],"wp:featuredmedia":[{"embeddable":true,"href":"https:\/\/www.welovecycling.com\/wide\/wp-json\/wp\/v2\/media\/185089"}],"wp:attachment":[{"href":"https:\/\/www.welovecycling.com\/wide\/wp-json\/wp\/v2\/media?parent=185021"}],"wp:term":[{"taxonomy":"post_tag","embeddable":true,"href":"https:\/\/www.welovecycling.com\/wide\/wp-json\/wp\/v2\/tags?post=185021"}],"curies":[{"name":"wp","href":"https:\/\/api.w.org\/{rel}","templated":true}]}}

<!-- This site is optimized with the Yoast SEO Premium plugin v25.3 (Yoast SEO v25.9) - https://yoast.com/wordpress/plugins/seo/ -->
<title>The Worst Cycle Lane in the World - Škoda We Love Cycling</title>
<meta name="robots" content="index, follow, max-snippet:-1, max-image-preview:large, max-video-preview:-1" />
<link rel="canonical" href="https://www.welovecycling.com/wide/worst-cycle-lane/" />
<meta property="og:locale" content="en_US" />
<meta property="og:type" content="article" />
<meta property="og:title" content="The Worst Cycle Lane in the World" />
<meta property="og:url" content="https://www.welovecycling.com/wide/worst-cycle-lane/" />
<meta property="og:site_name" content="Škoda We Love Cycling" />
<meta property="article:modified_time" content="2021-09-01T11:10:06+00:00" />
<meta property="og:image" content="https://d2p6e6u75xmxt8.cloudfront.net/2/2021/08/Background.webp" />
	<meta property="og:image:width" content="1920" />
	<meta property="og:image:height" content="744" />
	<meta property="og:image:type" content="image/webp" />
<meta name="twitter:card" content="summary_large_image" />
<script type="application/ld+json" class="yoast-schema-graph">{"@context":"https://schema.org","@graph":[{"@type":"WebPage","@id":"https://www.welovecycling.com/wide/worst-cycle-lane/","url":"https://www.welovecycling.com/wide/worst-cycle-lane/","name":"The Worst Cycle Lane in the World - Škoda We Love Cycling","isPartOf":{"@id":"https://www.welovecycling.com/wide/#website"},"primaryImageOfPage":{"@id":"https://www.welovecycling.com/wide/worst-cycle-lane/#primaryimage"},"image":{"@id":"https://www.welovecycling.com/wide/worst-cycle-lane/#primaryimage"},"thumbnailUrl":"https://d2p6e6u75xmxt8.cloudfront.net/2/2021/08/Background.webp","datePublished":"2021-08-11T10:47:18+00:00","dateModified":"2021-09-01T11:10:06+00:00","breadcrumb":{"@id":"https://www.welovecycling.com/wide/worst-cycle-lane/#breadcrumb"},"inLanguage":"en-US","potentialAction":[{"@type":"ReadAction","target":["https://www.welovecycling.com/wide/worst-cycle-lane/"]}]},{"@type":"ImageObject","inLanguage":"en-US","@id":"https://www.welovecycling.com/wide/worst-cycle-lane/#primaryimage","url":"https://d2p6e6u75xmxt8.cloudfront.net/2/2021/08/Background.webp","contentUrl":"https://d2p6e6u75xmxt8.cloudfront.net/2/2021/08/Background.webp","width":1920,"height":744},{"@type":"BreadcrumbList","@id":"https://www.welovecycling.com/wide/worst-cycle-lane/#breadcrumb","itemListElement":[{"@type":"ListItem","position":1,"name":"Home","item":"https://www.welovecycling.com/wide/"},{"@type":"ListItem","position":2,"name":"The Worst Cycle Lane in the World"}]},{"@type":"WebSite","@id":"https://www.welovecycling.com/wide/#website","url":"https://www.welovecycling.com/wide/","name":"Škoda We Love Cycling","description":"Škoda We Love Cycling magazine","alternateName":"Škoda WLC","potentialAction":[{"@type":"SearchAction","target":{"@type":"EntryPoint","urlTemplate":"https://www.welovecycling.com/wide/?s={search_term_string}"},"query-input":{"@type":"PropertyValueSpecification","valueRequired":true,"valueName":"search_term_string"}}],"inLanguage":"en-US"}]}</script>
<!-- / Yoast SEO Premium plugin. -->

The Worst Cycle Lane in the World - Škoda We Love Cycling

Škoda We Love Cycling

Škoda We Love Cycling magazine

Škoda WLC
