{"id":178490,"date":"2020-06-30T07:00:47","date_gmt":"2020-06-30T07:00:47","guid":{"rendered":"https:\/\/www.welovecycling.com\/wide\/?page_id=178490"},"modified":"2020-07-02T07:30:31","modified_gmt":"2020-07-02T07:30:31","slug":"letape-du-tour-2020-contest-terms-and-conditions","status":"publish","type":"page","link":"https:\/\/www.welovecycling.com\/wide\/letape-du-tour-2020-contest-terms-and-conditions\/","title":{"rendered":"L&#8217;Etape du Tour 2020 Contest Terms and Conditions"},"content":{"rendered":"<p><span style=\"font-weight: 400;\">These rules regulate the terms of the \u201cVirtual L&#8217;Etape du Tour 2020\u201d (hereinafter referred to as \u201cContest\u201d) and are the only document which regulates completely and obligatorily the rules of this contest.<\/span><\/p>\n<h2><b>1. Contest host and organizer<\/b><\/h2>\n<p><span style=\"font-weight: 400;\">The host of the Contest is \u0160koda AUTO a.s., a joint-stock company with its registered office at t\u0159. V\u00e1clava Klementa 869, 293 01 Mlad\u00e1 Boleslav, Czech Republic, Company ID number 00177041, registered in the Commercial Register managed by the Metropolitan Court in Prague, section B, file number 332 (hereinafter referred to as the \u201cHost\u201d).<\/span><\/p>\n<p><span style=\"font-weight: 400;\">The organizer of the Contest, which provides practical steps in its organization, is MUSTARD s.r.o., registered office Praha 1 \u2013 Nov\u00e9 M\u011bsto, Masarykovo n\u00e1b\u0159. 246, 110 00, Czech Republic, ID No. 28531418, registered in the Commercial Register administered by the Municipal Court in Prague in Section C, Entry 148383.<\/span><\/p>\n<h2><b>2. Contest terms and place, Contest periods<\/b><\/h2>\n<p><span style=\"font-weight: 400;\">The Contest will be held in 3 different rounds:<\/span><\/p>\n<p><span style=\"font-weight: 400;\">Round 1: 08:00 AM (CET) 04. 7. 2020 to 23:59 PM (CET) 05. 7. 2020<\/span><\/p>\n<p><span style=\"font-weight: 400;\">Round 2: 08:00 AM (CET) 11. 7. 2020 to 23:59 PM (CET) 12. 7. 2020<\/span><\/p>\n<p><span style=\"font-weight: 400;\">Round 3: 08:00 AM (CET) 18. 7. 2020 to 23:59 PM (CET) 19. 7. 2020<\/span><\/p>\n<p><span style=\"font-weight: 400;\">The Contest will be held on Instagram where the communication with participants is primarily conducted.<\/span><\/p>\n<h2><b>3. Contest participants<\/b><\/h2>\n<p><span style=\"font-weight: 400;\">The Contest may be entered by any individual who has reached at least the age of 18, speaks English at an intermediate level, and who resides in one of the countries where the Contest is being held. The Contest is being held in the following countries: ANDORRA, AUSTRIA, BELGIUM, BOSNIA, BULGARIA, CROATIA, CZECH REPUBLIC, DENMARK, ESTONIA, FINLAND, FRANCE, GERMANY, GREAT BRITAIN, GREECE, HUNGARY, ICELAND, IRELAND, ITALY, LATVIA, LIECHTENSTEIN, LITHUANIA, LUXEMBOURG, MONTENEGRO, THE NETHERLANDS, NORWAY, POLAND, PORTUGAL, ROMANIA, SERBIA, SLOVAKIA, SLOVENIA, SPAIN, SWEDEN, SWITZERLAND, TURKEY.<\/span><\/p>\n<p><span style=\"font-weight: 400;\">All persons who have participated in the preparation of this Contest, mainly persons employed by or in a similar relationship with the Host or the Organiser, are ineligible to participate in the Contest, as are any persons in a similar relationship with the participating authorised \u0160koda partner or with agencies entrusted with ensuring this Contest, their family members and people close to them.<\/span><\/p>\n<h2><b>4. Contest mechanism, evaluation of winners<\/b><\/h2>\n<p><span style=\"font-weight: 400;\">To have a chance to win one of the prizes, the participants have to publish an Instagram post clearly showing their participation in the L&#8217;Etape du Tour Zwift ride tagged with #Ride2Unite. This post must be published during the contest time periods mentioned above. Only one post per person will count.<\/span><\/p>\n<p><span style=\"font-weight: 400;\">The evaluation of the winners will be held in the following way \u2013 the list of all suitable posts tagged with #Ride2Unite is created and exported in the chronological order of their publishing.<\/span><\/p>\n<p><span style=\"font-weight: 400;\">The winning post is the one on the aforementioned list of all suitable posts placed in the following position number- a number is created by putting the sum of all digits in the number of all suitable posts after a zero and this number is then multiplied by the number of all suitable posts..<\/span><\/p>\n<p><span style=\"font-weight: 400;\">If the position number isn\u2019t a whole number, it will be rounded down to the nearest whole number.<\/span><\/p>\n<p><span style=\"font-weight: 400;\">Example: Number of posts in the contest is 1699.\u00a0<\/span><\/p>\n<p><span style=\"font-weight: 400;\">0.(1+6+9+9) * 1699 = 424.74. The winning post is the one which positioned 425th.<\/span><\/p>\n<p><span style=\"font-weight: 400;\">The Contest Host will inform the winners via Instagram messages within five days after the appropriate Contest period ends and the winners will be asked to provide data necessary for handover or sending of the prize or for further communication. If the winner doesn\u2019t react, even to an email sent repeatedly by the Contest Host or doesn\u2019t provide contact data within 24 hours after the email was sent, his prize will expire without any compensation.<\/span><\/p>\n<h2><b>5. Description of prizes<\/b><\/h2>\n<ul>\n<li><span style=\"font-weight: 400;\"> 3x VIP hospitality program package (Experience the Tour like a VIP<\/span><\/li>\n<\/ul>\n<p><span style=\"font-weight: 400;\">helicopter flight over the peloton included.)<\/span><\/p>\n<h2><b>6. Acquisition and use of recordings<\/b><\/h2>\n<p><span style=\"font-weight: 400;\">If a participant becomes a winner, he\/she grants a consent to the Host to obtain and use participant\u2019s portraits, written statements, photos and audio and visual recordings related to the participant and\/or expressions of a personal nature obtained by the Host in connection with the hosting of the Contest and the delivery or drawing of winnings for commercial purposes in all communication media, regardless of their character and specifications, using all typical means, with their subsequent modification and with potential combination with other works and inclusion into a collective work. The participant grants the Host this consent free of charge without material, time, quantity or territorial limitations and can revoke it at any time. This consent shall also apply to third parties to whom the Host may provide such recordings at Host\u2019s own discretion.<\/span><\/p>\n<h2><b>7. Other important conditions<\/b><\/h2>\n<p><span style=\"font-weight: 400;\">The Host shall exclusively determine the exact specification of the winnings &#8211; the displaying of winnings in all promotional materials, namely the merchandise items, is illustrative. The Host shall not be liable for any damages caused to the participant as a result of using the prize.<\/span><\/p>\n<p><span style=\"font-weight: 400;\">The participants are not entitled to demand money or other types of fulfillment as a substitution for the prize. The Host is not otherwise hereby bound to provide fulfillment to the Contest participants, and the participants shall not be entitled to any fulfillment from the Host other than that expressly specified herein. The Host isn\u2019t responsible for the quality of prizes delivered by third parties. It is necessary to exercise responsibility for possible defects directly at these suppliers. The Host reserves the right to change prizes at their own discretion.<\/span><\/p>\n<p><span style=\"font-weight: 400;\">A participant may be excluded from the Contest if the Host discovers or has reasonable suspicion that the participant or other persons aiding the participant has engaged in fraud in order to receive prizes or engaged in unfair conduct or conduct not based on the participant\u2019s knowledge in accordance with the rules.<\/span><\/p>\n<p><span style=\"font-weight: 400;\">The Host shall not be liable for any failure to deliver messages or winnings. The Host shall not be liable for any mistake occurring as a result of technical or communication problems. The Host shall decide with final validity regarding any complaints or presented objections. The Host reserves the right without being required to provide compensation to shorten, postpone, suspend or cancel the event or to change or add anything to these rules unilaterally during event\u2019s existence by notifying of such changes on the website specified above, where the valid and complete wording of the rules can also be found.<\/span><\/p>\n<p><span style=\"font-weight: 400;\">This Contest is not in any way operated, sponsored by or associated with Facebook, and Facebook is not responsible for it. The information provided during the event will not be provided to Facebook. All questions, comments or complaints regarding the application must be directed to the Host, not to Facebook.<\/span><\/p>\n<p><span style=\"font-weight: 400;\">This Contest is governed by the laws of the Czech Republic, except to the extent excluded by the applicable legislation of the participants\u2019 countries.<\/span><\/p>\n<p><span style=\"font-weight: 400;\">This promotion is in no way sponsored, endorsed or administered by, or associated with, Instagram or Facebook.<\/span><\/p>\n","protected":false},"excerpt":{"rendered":"<p>These rules regulate the terms of the \u201cVirtual L&#8217;Etape du Tour 2020\u201d (hereinafter referred to as \u201cContest\u201d) and are the [&hellip;]<\/p>\n","protected":false},"author":12,"featured_media":0,"parent":0,"menu_order":0,"comment_status":"closed","ping_status":"closed","template":"","meta":{"footnotes":""},"tags":[],"class_list":["post-178490","page","type-page","status-publish","hentry"],"yoast_head":"<!-- This site is optimized with the Yoast SEO Premium plugin v25.3 (Yoast SEO v25.9) - https:\/\/yoast.com\/wordpress\/plugins\/seo\/ -->\n<title>L&#039;Etape du Tour 2020 Contest Terms and Conditions - \u0160koda We Love Cycling<\/title>\n<meta name=\"robots\" content=\"index, follow, max-snippet:-1, max-image-preview:large, max-video-preview:-1\" \/>\n<link rel=\"canonical\" href=\"https:\/\/www.welovecycling.com\/wide\/letape-du-tour-2020-contest-terms-and-conditions\/\" \/>\n<meta property=\"og:locale\" content=\"en_US\" \/>\n<meta property=\"og:type\" content=\"article\" \/>\n<meta property=\"og:title\" content=\"L&#039;Etape du Tour 2020 Contest Terms and Conditions\" \/>\n<meta property=\"og:url\" content=\"https:\/\/www.welovecycling.com\/wide\/letape-du-tour-2020-contest-terms-and-conditions\/\" \/>\n<meta property=\"og:site_name\" content=\"\u0160koda We Love Cycling\" \/>\n<meta property=\"article:modified_time\" content=\"2020-07-02T07:30:31+00:00\" \/>\n<meta name=\"twitter:card\" content=\"summary_large_image\" \/>\n<meta name=\"twitter:label1\" content=\"Est. reading time\" \/>\n\t<meta name=\"twitter:data1\" content=\"6 minutes\" \/>\n<script type=\"application\/ld+json\" class=\"yoast-schema-graph\">{\"@context\":\"https:\/\/schema.org\",\"@graph\":[{\"@type\":\"WebPage\",\"@id\":\"https:\/\/www.welovecycling.com\/wide\/letape-du-tour-2020-contest-terms-and-conditions\/\",\"url\":\"https:\/\/www.welovecycling.com\/wide\/letape-du-tour-2020-contest-terms-and-conditions\/\",\"name\":\"L'Etape du Tour 2020 Contest Terms and Conditions - \u0160koda We Love Cycling\",\"isPartOf\":{\"@id\":\"https:\/\/www.welovecycling.com\/wide\/#website\"},\"datePublished\":\"2020-06-30T07:00:47+00:00\",\"dateModified\":\"2020-07-02T07:30:31+00:00\",\"breadcrumb\":{\"@id\":\"https:\/\/www.welovecycling.com\/wide\/letape-du-tour-2020-contest-terms-and-conditions\/#breadcrumb\"},\"inLanguage\":\"en-US\",\"potentialAction\":[{\"@type\":\"ReadAction\",\"target\":[\"https:\/\/www.welovecycling.com\/wide\/letape-du-tour-2020-contest-terms-and-conditions\/\"]}]},{\"@type\":\"BreadcrumbList\",\"@id\":\"https:\/\/www.welovecycling.com\/wide\/letape-du-tour-2020-contest-terms-and-conditions\/#breadcrumb\",\"itemListElement\":[{\"@type\":\"ListItem\",\"position\":1,\"name\":\"Home\",\"item\":\"https:\/\/www.welovecycling.com\/wide\/\"},{\"@type\":\"ListItem\",\"position\":2,\"name\":\"L&#8217;Etape du Tour 2020 Contest Terms and Conditions\"}]},{\"@type\":\"WebSite\",\"@id\":\"https:\/\/www.welovecycling.com\/wide\/#website\",\"url\":\"https:\/\/www.welovecycling.com\/wide\/\",\"name\":\"\u0160koda We Love Cycling\",\"description\":\"\u0160koda We Love Cycling magazine\",\"alternateName\":\"\u0160koda WLC\",\"potentialAction\":[{\"@type\":\"SearchAction\",\"target\":{\"@type\":\"EntryPoint\",\"urlTemplate\":\"https:\/\/www.welovecycling.com\/wide\/?s={search_term_string}\"},\"query-input\":{\"@type\":\"PropertyValueSpecification\",\"valueRequired\":true,\"valueName\":\"search_term_string\"}}],\"inLanguage\":\"en-US\"}]}<\/script>\n<!-- \/ Yoast SEO Premium plugin. -->","yoast_head_json":{"title":"L'Etape du Tour 2020 Contest Terms and Conditions - \u0160koda We Love Cycling","robots":{"index":"index","follow":"follow","max-snippet":"max-snippet:-1","max-image-preview":"max-image-preview:large","max-video-preview":"max-video-preview:-1"},"canonical":"https:\/\/www.welovecycling.com\/wide\/letape-du-tour-2020-contest-terms-and-conditions\/","og_locale":"en_US","og_type":"article","og_title":"L'Etape du Tour 2020 Contest Terms and Conditions","og_url":"https:\/\/www.welovecycling.com\/wide\/letape-du-tour-2020-contest-terms-and-conditions\/","og_site_name":"\u0160koda We Love Cycling","article_modified_time":"2020-07-02T07:30:31+00:00","twitter_card":"summary_large_image","twitter_misc":{"Est. reading time":"6 minutes"},"schema":{"@context":"https:\/\/schema.org","@graph":[{"@type":"WebPage","@id":"https:\/\/www.welovecycling.com\/wide\/letape-du-tour-2020-contest-terms-and-conditions\/","url":"https:\/\/www.welovecycling.com\/wide\/letape-du-tour-2020-contest-terms-and-conditions\/","name":"L'Etape du Tour 2020 Contest Terms and Conditions - \u0160koda We Love Cycling","isPartOf":{"@id":"https:\/\/www.welovecycling.com\/wide\/#website"},"datePublished":"2020-06-30T07:00:47+00:00","dateModified":"2020-07-02T07:30:31+00:00","breadcrumb":{"@id":"https:\/\/www.welovecycling.com\/wide\/letape-du-tour-2020-contest-terms-and-conditions\/#breadcrumb"},"inLanguage":"en-US","potentialAction":[{"@type":"ReadAction","target":["https:\/\/www.welovecycling.com\/wide\/letape-du-tour-2020-contest-terms-and-conditions\/"]}]},{"@type":"BreadcrumbList","@id":"https:\/\/www.welovecycling.com\/wide\/letape-du-tour-2020-contest-terms-and-conditions\/#breadcrumb","itemListElement":[{"@type":"ListItem","position":1,"name":"Home","item":"https:\/\/www.welovecycling.com\/wide\/"},{"@type":"ListItem","position":2,"name":"L&#8217;Etape du Tour 2020 Contest Terms and Conditions"}]},{"@type":"WebSite","@id":"https:\/\/www.welovecycling.com\/wide\/#website","url":"https:\/\/www.welovecycling.com\/wide\/","name":"\u0160koda We Love Cycling","description":"\u0160koda We Love Cycling magazine","alternateName":"\u0160koda WLC","potentialAction":[{"@type":"SearchAction","target":{"@type":"EntryPoint","urlTemplate":"https:\/\/www.welovecycling.com\/wide\/?s={search_term_string}"},"query-input":{"@type":"PropertyValueSpecification","valueRequired":true,"valueName":"search_term_string"}}],"inLanguage":"en-US"}]}},"_links":{"self":[{"href":"https:\/\/www.welovecycling.com\/wide\/wp-json\/wp\/v2\/pages\/178490","targetHints":{"allow":["GET"]}}],"collection":[{"href":"https:\/\/www.welovecycling.com\/wide\/wp-json\/wp\/v2\/pages"}],"about":[{"href":"https:\/\/www.welovecycling.com\/wide\/wp-json\/wp\/v2\/types\/page"}],"author":[{"embeddable":true,"href":"https:\/\/www.welovecycling.com\/wide\/wp-json\/wp\/v2\/users\/12"}],"replies":[{"embeddable":true,"href":"https:\/\/www.welovecycling.com\/wide\/wp-json\/wp\/v2\/comments?post=178490"}],"version-history":[{"count":2,"href":"https:\/\/www.welovecycling.com\/wide\/wp-json\/wp\/v2\/pages\/178490\/revisions"}],"predecessor-version":[{"id":178523,"href":"https:\/\/www.welovecycling.com\/wide\/wp-json\/wp\/v2\/pages\/178490\/revisions\/178523"}],"wp:attachment":[{"href":"https:\/\/www.welovecycling.com\/wide\/wp-json\/wp\/v2\/media?parent=178490"}],"wp:term":[{"taxonomy":"post_tag","embeddable":true,"href":"https:\/\/www.welovecycling.com\/wide\/wp-json\/wp\/v2\/tags?post=178490"}],"curies":[{"name":"wp","href":"https:\/\/api.w.org\/{rel}","templated":true}]}}