{"id":152468,"date":"2017-06-28T04:14:07","date_gmt":"2017-06-28T04:14:07","guid":{"rendered":"https:\/\/www.welovecycling.com\/wide\/?page_id=152468"},"modified":"2017-06-28T04:18:18","modified_gmt":"2017-06-28T04:18:18","slug":"countries","status":"publish","type":"page","link":"https:\/\/www.welovecycling.com\/wide\/newsletter-terms-and-conditions\/countries\/","title":{"rendered":"Countries"},"content":{"rendered":"<h2><strong>Belgium<\/strong><\/h2>\n<p style=\"padding-left: 30px;\">\u0160koda Belgium Import D&#8217;Ieteren s.a.<\/p>\n<p style=\"padding-left: 30px;\">50 rue du Mail \u00e0 B &#8211; 1050 Bruxelles RC Bruxelles<\/p>\n<h2><strong>Czech Republic<\/strong><\/h2>\n<p style=\"padding-left: 30px;\">\u0160koda AUTO \u010cesk\u00e1 republika a.s.<\/p>\n<p style=\"padding-left: 30px;\">\u017deletavsk\u00e1 1525\/1, 140 00 Praha 4, Czech Republic<\/p>\n<h2><strong>Denmark<\/strong><\/h2>\n<p style=\"padding-left: 30px;\">\u0160koda Denmark, Skandinavisk Motor Co. A\/S<\/p>\n<p style=\"padding-left: 30px;\">Park Alle 355, 2605 Br\u00f8ndby, Denmark<\/p>\n<h2><strong>France<\/strong><\/h2>\n<p style=\"padding-left: 30px;\">\u0160koda France &#8211; VOLKSWAGEN GROUP FRANCE<\/p>\n<p style=\"padding-left: 30px;\">15 Avenue de la Demi-Lune \/\/ 95700 ROISSY EN FRANCE<\/p>\n<h2><strong>Hungary<\/strong><\/h2>\n<p style=\"padding-left: 30px;\">\u0160koda Hungaria, PORSCHE HUNGARIA<\/p>\n<p style=\"padding-left: 30px;\">Kereskedelmi Kft., H-1139 Budapest, F\u00e1y u. 27.<\/p>\n<h2><strong>Ireland<\/strong><\/h2>\n<p style=\"padding-left: 30px;\">\u0160koda Ireland, Volkswagen Group Ireland Ltd<\/p>\n<p style=\"padding-left: 30px;\">Block C, Liffey Valley Office Campus, Liffey Valley, Dublin 22, Ireland<\/p>\n<h2><strong>Italy<\/strong><\/h2>\n<p style=\"padding-left: 30px;\">\u0160koda Italia, VOLKSWAGEN GROUP ITALIA S.p.A.<\/p>\n<p style=\"padding-left: 30px;\">Viale G.R. Gumpert, 1 37137 Verona Italia<\/p>\n<h2><strong>Luxembourg<\/strong><\/h2>\n<p style=\"padding-left: 30px;\">\u0160koda Luxembourg Autosdistribution Losch<\/p>\n<p style=\"padding-left: 30px;\">PragAutos Losch S.A.<\/p>\n<p style=\"padding-left: 30px;\">5, rue des Joncs | L-1818 Howald<\/p>\n<h2><strong>Netherlands<\/strong><\/h2>\n<p style=\"padding-left: 30px;\">\u0160koda Nederland, Pon\u2019s Automobielhandel B.V.<\/p>\n<p style=\"padding-left: 30px;\">Zuiderinslag 2 3833 BP Leusden<\/p>\n<p style=\"padding-left: 30px;\">Postbus 72 3800 HD Amersfoort Nederland<\/p>\n<h2><strong>Norway<\/strong><\/h2>\n<p style=\"padding-left: 30px;\">\u0160koda Norge, Harald A. M\u00f8ller AS<\/p>\n<p style=\"padding-left: 30px;\">Frysjaveien 31, Postboks 6671 Etterstad, 0609 Oslo, Norway<\/p>\n<h2><strong>Poland<\/strong><\/h2>\n<p style=\"padding-left: 30px;\">\u0160koda Polska, Volkswagen Group Polska Sp. z o.o.<\/p>\n<p style=\"padding-left: 30px;\">ul. Kra\u0144cowa 44, 61-037 Pozna\u0144, Polska<\/p>\n<h2><strong>Slovakia<\/strong><\/h2>\n<p style=\"padding-left: 30px;\">\u0160koda AUTO Slovensko s.r.o.<\/p>\n<p style=\"padding-left: 30px;\">Sabinovsk\u00e1 6, 821 02 Bratislava, Slovak Republic<\/p>\n<h2><strong>Spain<\/strong><\/h2>\n<p style=\"padding-left: 30px;\">\u0160koda Espa\u00f1a Volkswagen Group Espa\u00f1a Distribuci\u00f3n<\/p>\n<p style=\"padding-left: 30px;\">Parque de Negocios Mas Blau II, C\/ de la Selva, 22<\/p>\n<p style=\"padding-left: 30px;\">08820 El Prat de Llobregat Barcelona<\/p>\n<h2><strong>Sweden<\/strong><\/h2>\n<p style=\"padding-left: 30px;\">\u0160koda Sverige, Volkswagen Group Sverige AB<\/p>\n<p style=\"padding-left: 30px;\">Hantverksv\u00e4gen 9, 151 88 S\u00f6dert\u00e4lje, Sverige<\/p>\n<h2><strong>Switzerland<\/strong><\/h2>\n<p style=\"padding-left: 30px;\">\u0160koda Switzerland, AMAG Automobil- und Motoren<\/p>\n<p style=\"padding-left: 30px;\">Aarauerstrasse 20, CH-5116 Schinznach-Bad<\/p>\n<h2><strong>UK<\/strong><\/h2>\n<p style=\"padding-left: 30px;\">\u0160koda UK<\/p>\n<p style=\"padding-left: 30px;\">Yeomans Drive, Blakelands, Milton Keynes, MK14 5AN<\/p>\n","protected":false},"excerpt":{"rendered":"<p>Belgium \u0160koda Belgium Import D&#8217;Ieteren s.a. 50 rue du Mail \u00e0 B &#8211; 1050 Bruxelles RC Bruxelles Czech Republic \u0160koda [&hellip;]<\/p>\n","protected":false},"author":1,"featured_media":0,"parent":26726,"menu_order":0,"comment_status":"closed","ping_status":"closed","template":"templates\/template-empty-page-headline.php","meta":{"footnotes":""},"tags":[],"class_list":["post-152468","page","type-page","status-publish","hentry"],"yoast_head":"<!-- This site is optimized with the Yoast SEO Premium plugin v25.3 (Yoast SEO v25.9) - https:\/\/yoast.com\/wordpress\/plugins\/seo\/ -->\n<title>Countries - \u0160koda We Love Cycling<\/title>\n<meta name=\"robots\" content=\"index, follow, max-snippet:-1, max-image-preview:large, max-video-preview:-1\" \/>\n<link rel=\"canonical\" href=\"https:\/\/www.welovecycling.com\/wide\/newsletter-terms-and-conditions\/countries\/\" \/>\n<meta property=\"og:locale\" content=\"en_US\" \/>\n<meta property=\"og:type\" content=\"article\" \/>\n<meta property=\"og:title\" content=\"Countries\" \/>\n<meta property=\"og:url\" content=\"https:\/\/www.welovecycling.com\/wide\/newsletter-terms-and-conditions\/countries\/\" \/>\n<meta property=\"og:site_name\" content=\"\u0160koda We Love Cycling\" \/>\n<meta property=\"article:modified_time\" content=\"2017-06-28T04:18:18+00:00\" \/>\n<meta name=\"twitter:card\" content=\"summary_large_image\" \/>\n<meta name=\"twitter:label1\" content=\"Est. reading time\" \/>\n\t<meta name=\"twitter:data1\" content=\"1 minute\" \/>\n<script type=\"application\/ld+json\" class=\"yoast-schema-graph\">{\"@context\":\"https:\/\/schema.org\",\"@graph\":[{\"@type\":\"WebPage\",\"@id\":\"https:\/\/www.welovecycling.com\/wide\/newsletter-terms-and-conditions\/countries\/\",\"url\":\"https:\/\/www.welovecycling.com\/wide\/newsletter-terms-and-conditions\/countries\/\",\"name\":\"Countries - \u0160koda We Love Cycling\",\"isPartOf\":{\"@id\":\"https:\/\/www.welovecycling.com\/wide\/#website\"},\"datePublished\":\"2017-06-28T04:14:07+00:00\",\"dateModified\":\"2017-06-28T04:18:18+00:00\",\"breadcrumb\":{\"@id\":\"https:\/\/www.welovecycling.com\/wide\/newsletter-terms-and-conditions\/countries\/#breadcrumb\"},\"inLanguage\":\"en-US\",\"potentialAction\":[{\"@type\":\"ReadAction\",\"target\":[\"https:\/\/www.welovecycling.com\/wide\/newsletter-terms-and-conditions\/countries\/\"]}]},{\"@type\":\"BreadcrumbList\",\"@id\":\"https:\/\/www.welovecycling.com\/wide\/newsletter-terms-and-conditions\/countries\/#breadcrumb\",\"itemListElement\":[{\"@type\":\"ListItem\",\"position\":1,\"name\":\"Home\",\"item\":\"https:\/\/www.welovecycling.com\/wide\/\"},{\"@type\":\"ListItem\",\"position\":2,\"name\":\"Newsletter Terms and Conditions\",\"item\":\"https:\/\/www.welovecycling.com\/wide\/newsletter-terms-and-conditions\/\"},{\"@type\":\"ListItem\",\"position\":3,\"name\":\"Countries\"}]},{\"@type\":\"WebSite\",\"@id\":\"https:\/\/www.welovecycling.com\/wide\/#website\",\"url\":\"https:\/\/www.welovecycling.com\/wide\/\",\"name\":\"\u0160koda We Love Cycling\",\"description\":\"\u0160koda We Love Cycling magazine\",\"alternateName\":\"\u0160koda WLC\",\"potentialAction\":[{\"@type\":\"SearchAction\",\"target\":{\"@type\":\"EntryPoint\",\"urlTemplate\":\"https:\/\/www.welovecycling.com\/wide\/?s={search_term_string}\"},\"query-input\":{\"@type\":\"PropertyValueSpecification\",\"valueRequired\":true,\"valueName\":\"search_term_string\"}}],\"inLanguage\":\"en-US\"}]}<\/script>\n<!-- \/ Yoast SEO Premium plugin. -->","yoast_head_json":{"title":"Countries - \u0160koda We Love Cycling","robots":{"index":"index","follow":"follow","max-snippet":"max-snippet:-1","max-image-preview":"max-image-preview:large","max-video-preview":"max-video-preview:-1"},"canonical":"https:\/\/www.welovecycling.com\/wide\/newsletter-terms-and-conditions\/countries\/","og_locale":"en_US","og_type":"article","og_title":"Countries","og_url":"https:\/\/www.welovecycling.com\/wide\/newsletter-terms-and-conditions\/countries\/","og_site_name":"\u0160koda We Love Cycling","article_modified_time":"2017-06-28T04:18:18+00:00","twitter_card":"summary_large_image","twitter_misc":{"Est. reading time":"1 minute"},"schema":{"@context":"https:\/\/schema.org","@graph":[{"@type":"WebPage","@id":"https:\/\/www.welovecycling.com\/wide\/newsletter-terms-and-conditions\/countries\/","url":"https:\/\/www.welovecycling.com\/wide\/newsletter-terms-and-conditions\/countries\/","name":"Countries - \u0160koda We Love Cycling","isPartOf":{"@id":"https:\/\/www.welovecycling.com\/wide\/#website"},"datePublished":"2017-06-28T04:14:07+00:00","dateModified":"2017-06-28T04:18:18+00:00","breadcrumb":{"@id":"https:\/\/www.welovecycling.com\/wide\/newsletter-terms-and-conditions\/countries\/#breadcrumb"},"inLanguage":"en-US","potentialAction":[{"@type":"ReadAction","target":["https:\/\/www.welovecycling.com\/wide\/newsletter-terms-and-conditions\/countries\/"]}]},{"@type":"BreadcrumbList","@id":"https:\/\/www.welovecycling.com\/wide\/newsletter-terms-and-conditions\/countries\/#breadcrumb","itemListElement":[{"@type":"ListItem","position":1,"name":"Home","item":"https:\/\/www.welovecycling.com\/wide\/"},{"@type":"ListItem","position":2,"name":"Newsletter Terms and Conditions","item":"https:\/\/www.welovecycling.com\/wide\/newsletter-terms-and-conditions\/"},{"@type":"ListItem","position":3,"name":"Countries"}]},{"@type":"WebSite","@id":"https:\/\/www.welovecycling.com\/wide\/#website","url":"https:\/\/www.welovecycling.com\/wide\/","name":"\u0160koda We Love Cycling","description":"\u0160koda We Love Cycling magazine","alternateName":"\u0160koda WLC","potentialAction":[{"@type":"SearchAction","target":{"@type":"EntryPoint","urlTemplate":"https:\/\/www.welovecycling.com\/wide\/?s={search_term_string}"},"query-input":{"@type":"PropertyValueSpecification","valueRequired":true,"valueName":"search_term_string"}}],"inLanguage":"en-US"}]}},"_links":{"self":[{"href":"https:\/\/www.welovecycling.com\/wide\/wp-json\/wp\/v2\/pages\/152468","targetHints":{"allow":["GET"]}}],"collection":[{"href":"https:\/\/www.welovecycling.com\/wide\/wp-json\/wp\/v2\/pages"}],"about":[{"href":"https:\/\/www.welovecycling.com\/wide\/wp-json\/wp\/v2\/types\/page"}],"author":[{"embeddable":true,"href":"https:\/\/www.welovecycling.com\/wide\/wp-json\/wp\/v2\/users\/1"}],"replies":[{"embeddable":true,"href":"https:\/\/www.welovecycling.com\/wide\/wp-json\/wp\/v2\/comments?post=152468"}],"version-history":[{"count":2,"href":"https:\/\/www.welovecycling.com\/wide\/wp-json\/wp\/v2\/pages\/152468\/revisions"}],"predecessor-version":[{"id":152474,"href":"https:\/\/www.welovecycling.com\/wide\/wp-json\/wp\/v2\/pages\/152468\/revisions\/152474"}],"up":[{"embeddable":true,"href":"https:\/\/www.welovecycling.com\/wide\/wp-json\/wp\/v2\/pages\/26726"}],"wp:attachment":[{"href":"https:\/\/www.welovecycling.com\/wide\/wp-json\/wp\/v2\/media?parent=152468"}],"wp:term":[{"taxonomy":"post_tag","embeddable":true,"href":"https:\/\/www.welovecycling.com\/wide\/wp-json\/wp\/v2\/tags?post=152468"}],"curies":[{"name":"wp","href":"https:\/\/api.w.org\/{rel}","templated":true}]}}