{"version":"1.0","provider_name":"\u0160koda We Love Cycling Slovensko","provider_url":"https:\/\/www.welovecycling.com\/sk","author_name":"dominika","author_url":"https:\/\/www.welovecycling.com\/sk\/author\/dominika\/","title":"V\u00fd\u017eiva po\u010das Tour de France - rovinat\u00e9 etapy","type":"rich","width":600,"height":338,"html":"<blockquote class=\"wp-embedded-content\" data-secret=\"ul5hslylEl\"><a href=\"https:\/\/www.welovecycling.com\/sk\/2020\/09\/16\/vyziva-pocas-tour-de-france-rovinate-etapy\/\">V\u00fd\u017eiva po\u010das Tour de France &#8211; rovinat\u00e9 etapy<\/a><\/blockquote><iframe sandbox=\"allow-scripts\" security=\"restricted\" src=\"https:\/\/www.welovecycling.com\/sk\/2020\/09\/16\/vyziva-pocas-tour-de-france-rovinate-etapy\/embed\/#?secret=ul5hslylEl\" width=\"600\" height=\"338\" title=\"&#8220;V\u00fd\u017eiva po\u010das Tour de France &#8211; rovinat\u00e9 etapy&#8221; &#8212; \u0160koda We Love Cycling Slovensko\" data-secret=\"ul5hslylEl\" frameborder=\"0\" marginwidth=\"0\" marginheight=\"0\" scrolling=\"no\" class=\"wp-embedded-content\"><\/iframe><script type=\"text\/javascript\">\n\/* <![CDATA[ *\/\n\/*! This file is auto-generated *\/\n!function(d,l){\"use strict\";l.querySelector&&d.addEventListener&&\"undefined\"!=typeof URL&&(d.wp=d.wp||{},d.wp.receiveEmbedMessage||(d.wp.receiveEmbedMessage=function(e){var t=e.data;if((t||t.secret||t.message||t.value)&&!\/[^a-zA-Z0-9]\/.test(t.secret)){for(var s,r,n,a=l.querySelectorAll('iframe[data-secret=\"'+t.secret+'\"]'),o=l.querySelectorAll('blockquote[data-secret=\"'+t.secret+'\"]'),c=new RegExp(\"^https?:$\",\"i\"),i=0;i<o.length;i++)o[i].style.display=\"none\";for(i=0;i<a.length;i++)s=a[i],e.source===s.contentWindow&&(s.removeAttribute(\"style\"),\"height\"===t.message?(1e3<(r=parseInt(t.value,10))?r=1e3:~~r<200&&(r=200),s.height=r):\"link\"===t.message&&(r=new URL(s.getAttribute(\"src\")),n=new URL(t.value),c.test(n.protocol))&&n.host===r.host&&l.activeElement===s&&(d.top.location.href=t.value))}},d.addEventListener(\"message\",d.wp.receiveEmbedMessage,!1),l.addEventListener(\"DOMContentLoaded\",function(){for(var e,t,s=l.querySelectorAll(\"iframe.wp-embedded-content\"),r=0;r<s.length;r++)(t=(e=s[r]).getAttribute(\"data-secret\"))||(t=Math.random().toString(36).substring(2,12),e.src+=\"#?secret=\"+t,e.setAttribute(\"data-secret\",t)),e.contentWindow.postMessage({message:\"ready\",secret:t},\"*\")},!1)))}(window,document);\n\/* ]]> *\/\n<\/script>\n","thumbnail_url":"https:\/\/d2p6e6u75xmxt8.cloudfront.net\/4\/2020\/09\/Tour-de-France-CVR-profimedia-0461255532.webp","thumbnail_width":1366,"thumbnail_height":600,"description":"Jazdci na Tour s\u00fa v\u0161eobecne zn\u00e1mi extr\u00e9mnym mno\u017estvom jedla, ktor\u00e9 musia skonzumova\u0165, aby vydr\u017eali naplno fungova\u0165 cel\u00fdch 21 dn\u00ed."}

Škoda We Love Cycling Slovensko

Výživa počas Tour de France - rovinaté etapy

<blockquote class="wp-embedded-content" data-secret="ul5hslylEl"><a href="https://www.welovecycling.com/sk/2020/09/16/vyziva-pocas-tour-de-france-rovinate-etapy/">Výživa počas Tour de France &#8211; rovinaté etapy</a></blockquote><iframe sandbox="allow-scripts" security="restricted" src="https://www.welovecycling.com/sk/2020/09/16/vyziva-pocas-tour-de-france-rovinate-etapy/embed/#?secret=ul5hslylEl" width="600" height="338" title="&#8220;Výživa počas Tour de France &#8211; rovinaté etapy&#8221; &#8212; Škoda We Love Cycling Slovensko" data-secret="ul5hslylEl" frameborder="0" marginwidth="0" marginheight="0" scrolling="no" class="wp-embedded-content"></iframe><script type="text/javascript">
/* <![CDATA[ */
/*! This file is auto-generated */
!function(d,l){"use strict";l.querySelector&&d.addEventListener&&"undefined"!=typeof URL&&(d.wp=d.wp||{},d.wp.receiveEmbedMessage||(d.wp.receiveEmbedMessage=function(e){var t=e.data;if((t||t.secret||t.message||t.value)&&!/[^a-zA-Z0-9]/.test(t.secret)){for(var s,r,n,a=l.querySelectorAll('iframe[data-secret="'+t.secret+'"]'),o=l.querySelectorAll('blockquote[data-secret="'+t.secret+'"]'),c=new RegExp("^https?:$","i"),i=0;i<o.length;i++)o[i].style.display="none";for(i=0;i<a.length;i++)s=a[i],e.source===s.contentWindow&&(s.removeAttribute("style"),"height"===t.message?(1e3<(r=parseInt(t.value,10))?r=1e3:~~r<200&&(r=200),s.height=r):"link"===t.message&&(r=new URL(s.getAttribute("src")),n=new URL(t.value),c.test(n.protocol))&&n.host===r.host&&l.activeElement===s&&(d.top.location.href=t.value))}},d.addEventListener("message",d.wp.receiveEmbedMessage,!1),l.addEventListener("DOMContentLoaded",function(){for(var e,t,s=l.querySelectorAll("iframe.wp-embedded-content"),r=0;r<s.length;r++)(t=(e=s[r]).getAttribute("data-secret"))||(t=Math.random().toString(36).substring(2,12),e.src+="#?secret="+t,e.setAttribute("data-secret",t)),e.contentWindow.postMessage({message:"ready",secret:t},"*")},!1)))}(window,document);
/* ]]> */
</script>

Jazdci na Tour sú všeobecne známi extrémnym množstvom jedla, ktoré musia skonzumovať, aby vydržali naplno fungovať celých 21 dní.
