{"version":"1.0","provider_name":"\u0160koda We Love Cycling Slovensko","provider_url":"https:\/\/www.welovecycling.com\/sk","author_name":"Ondrej Ga\u0161par","author_url":"https:\/\/www.welovecycling.com\/sk\/author\/ondrejgaspar\/","title":"\u0160panielska Vuelta pozn\u00e1 v\u00ed\u0165aza \u2013 je n\u00edm Primo\u017e Rogli\u010d","type":"rich","width":600,"height":338,"html":"<blockquote class=\"wp-embedded-content\" data-secret=\"tahHTH85pz\"><a href=\"https:\/\/www.welovecycling.com\/sk\/2019\/09\/16\/spanielska-vuelta-pozna-vitaza-je-nim-primoz-roglic\/\">\u0160panielska Vuelta pozn\u00e1 v\u00ed\u0165aza \u2013 je n\u00edm Primo\u017e Rogli\u010d<\/a><\/blockquote><iframe sandbox=\"allow-scripts\" security=\"restricted\" src=\"https:\/\/www.welovecycling.com\/sk\/2019\/09\/16\/spanielska-vuelta-pozna-vitaza-je-nim-primoz-roglic\/embed\/#?secret=tahHTH85pz\" width=\"600\" height=\"338\" title=\"&#8220;\u0160panielska Vuelta pozn\u00e1 v\u00ed\u0165aza \u2013 je n\u00edm Primo\u017e Rogli\u010d&#8221; &#8212; \u0160koda We Love Cycling Slovensko\" data-secret=\"tahHTH85pz\" frameborder=\"0\" marginwidth=\"0\" marginheight=\"0\" scrolling=\"no\" class=\"wp-embedded-content\"><\/iframe><script type=\"text\/javascript\">\n\/* <![CDATA[ *\/\n\/*! This file is auto-generated *\/\n!function(d,l){\"use strict\";l.querySelector&&d.addEventListener&&\"undefined\"!=typeof URL&&(d.wp=d.wp||{},d.wp.receiveEmbedMessage||(d.wp.receiveEmbedMessage=function(e){var t=e.data;if((t||t.secret||t.message||t.value)&&!\/[^a-zA-Z0-9]\/.test(t.secret)){for(var s,r,n,a=l.querySelectorAll('iframe[data-secret=\"'+t.secret+'\"]'),o=l.querySelectorAll('blockquote[data-secret=\"'+t.secret+'\"]'),c=new RegExp(\"^https?:$\",\"i\"),i=0;i<o.length;i++)o[i].style.display=\"none\";for(i=0;i<a.length;i++)s=a[i],e.source===s.contentWindow&&(s.removeAttribute(\"style\"),\"height\"===t.message?(1e3<(r=parseInt(t.value,10))?r=1e3:~~r<200&&(r=200),s.height=r):\"link\"===t.message&&(r=new URL(s.getAttribute(\"src\")),n=new URL(t.value),c.test(n.protocol))&&n.host===r.host&&l.activeElement===s&&(d.top.location.href=t.value))}},d.addEventListener(\"message\",d.wp.receiveEmbedMessage,!1),l.addEventListener(\"DOMContentLoaded\",function(){for(var e,t,s=l.querySelectorAll(\"iframe.wp-embedded-content\"),r=0;r<s.length;r++)(t=(e=s[r]).getAttribute(\"data-secret\"))||(t=Math.random().toString(36).substring(2,12),e.src+=\"#?secret=\"+t,e.setAttribute(\"data-secret\",t)),e.contentWindow.postMessage({message:\"ready\",secret:t},\"*\")},!1)))}(window,document);\n\/* ]]> *\/\n<\/script>\n","thumbnail_url":"https:\/\/d2p6e6u75xmxt8.cloudfront.net\/4\/2019\/09\/00-2.webp","thumbnail_width":1380,"thumbnail_height":600,"description":"Po troch t\u00fd\u017ed\u0148och nad\u013eudsk\u00fdch v\u00fdkonov sa skon\u010dili aj tretie najv\u00e4\u010d\u0161ie etapov\u00e9 preteky, La Vuelta. Ani tento rok nech\u00fdbala siln\u00e1 zostava, [&hellip;]"}

Škoda We Love Cycling Slovensko

Ondrej Gašpar

Španielska Vuelta pozná víťaza – je ním Primož Roglič

<blockquote class="wp-embedded-content" data-secret="tahHTH85pz"><a href="https://www.welovecycling.com/sk/2019/09/16/spanielska-vuelta-pozna-vitaza-je-nim-primoz-roglic/">Španielska Vuelta pozná víťaza – je ním Primož Roglič</a></blockquote><iframe sandbox="allow-scripts" security="restricted" src="https://www.welovecycling.com/sk/2019/09/16/spanielska-vuelta-pozna-vitaza-je-nim-primoz-roglic/embed/#?secret=tahHTH85pz" width="600" height="338" title="&#8220;Španielska Vuelta pozná víťaza – je ním Primož Roglič&#8221; &#8212; Škoda We Love Cycling Slovensko" data-secret="tahHTH85pz" frameborder="0" marginwidth="0" marginheight="0" scrolling="no" class="wp-embedded-content"></iframe><script type="text/javascript">
/* <![CDATA[ */
/*! This file is auto-generated */
!function(d,l){"use strict";l.querySelector&&d.addEventListener&&"undefined"!=typeof URL&&(d.wp=d.wp||{},d.wp.receiveEmbedMessage||(d.wp.receiveEmbedMessage=function(e){var t=e.data;if((t||t.secret||t.message||t.value)&&!/[^a-zA-Z0-9]/.test(t.secret)){for(var s,r,n,a=l.querySelectorAll('iframe[data-secret="'+t.secret+'"]'),o=l.querySelectorAll('blockquote[data-secret="'+t.secret+'"]'),c=new RegExp("^https?:$","i"),i=0;i<o.length;i++)o[i].style.display="none";for(i=0;i<a.length;i++)s=a[i],e.source===s.contentWindow&&(s.removeAttribute("style"),"height"===t.message?(1e3<(r=parseInt(t.value,10))?r=1e3:~~r<200&&(r=200),s.height=r):"link"===t.message&&(r=new URL(s.getAttribute("src")),n=new URL(t.value),c.test(n.protocol))&&n.host===r.host&&l.activeElement===s&&(d.top.location.href=t.value))}},d.addEventListener("message",d.wp.receiveEmbedMessage,!1),l.addEventListener("DOMContentLoaded",function(){for(var e,t,s=l.querySelectorAll("iframe.wp-embedded-content"),r=0;r<s.length;r++)(t=(e=s[r]).getAttribute("data-secret"))||(t=Math.random().toString(36).substring(2,12),e.src+="#?secret="+t,e.setAttribute("data-secret",t)),e.contentWindow.postMessage({message:"ready",secret:t},"*")},!1)))}(window,document);
/* ]]> */
</script>

Po troch týždňoch nadľudských výkonov sa skončili aj tretie najväčšie etapové preteky, La Vuelta. Ani tento rok nechýbala silná zostava, [&hellip;]
