{"id":5016,"date":"2025-06-20T14:50:27","date_gmt":"2025-06-20T13:50:27","guid":{"rendered":"https:\/\/www.welovecycling.com\/se\/?page_id=5016"},"modified":"2025-07-04T09:10:29","modified_gmt":"2025-07-04T08:10:29","slug":"andy-schleck","status":"publish","type":"page","link":"https:\/\/www.welovecycling.com\/se\/tour-de-france-2025\/andy-schleck\/","title":{"rendered":"H\u00e4ng med Andy Schleck p\u00e5 en social cykeltur!"},"content":{"rendered":"","protected":false},"excerpt":{"rendered":"","protected":false},"author":169,"featured_media":0,"parent":4999,"menu_order":0,"comment_status":"closed","ping_status":"closed","template":"skoda-tour-de-france-2025-subpage.php","meta":{"footnotes":""},"tags":[],"class_list":["post-5016","page","type-page","status-publish","hentry"],"yoast_head":"<!-- This site is optimized with the Yoast SEO Premium plugin v25.3 (Yoast SEO v25.9) - https:\/\/yoast.com\/wordpress\/plugins\/seo\/ -->\n<title>H\u00e4ng med Andy Schleck p\u00e5 en social cykeltur! - \u0160koda - We Love Cycling - Sweden<\/title>\n<meta name=\"description\" content=\"M\u00f6t oss i Frankrike f\u00f6r en cykeltur med Andy Schleck, \u0160koda-prylar p\u00e5 plats och fantastisk kaffe.\" \/>\n<meta name=\"robots\" content=\"index, follow, max-snippet:-1, max-image-preview:large, max-video-preview:-1\" \/>\n<link rel=\"canonical\" href=\"https:\/\/www.welovecycling.com\/se\/tour-de-france-2025\/andy-schleck\/\" \/>\n<meta property=\"og:locale\" content=\"sv_SE\" \/>\n<meta property=\"og:type\" content=\"article\" \/>\n<meta property=\"og:title\" content=\"H\u00e4ng med Andy Schleck p\u00e5 en social cykeltur!\" \/>\n<meta property=\"og:description\" content=\"M\u00f6t oss i Frankrike f\u00f6r en cykeltur med Andy Schleck, \u0160koda-prylar p\u00e5 plats och fantastisk kaffe.\" \/>\n<meta property=\"og:url\" content=\"https:\/\/www.welovecycling.com\/se\/tour-de-france-2025\/andy-schleck\/\" \/>\n<meta property=\"og:site_name\" content=\"\u0160koda - We Love Cycling - Sweden\" \/>\n<meta property=\"article:modified_time\" content=\"2025-07-04T08:10:29+00:00\" \/>\n<meta name=\"twitter:card\" content=\"summary_large_image\" \/>\n<script type=\"application\/ld+json\" class=\"yoast-schema-graph\">{\"@context\":\"https:\/\/schema.org\",\"@graph\":[{\"@type\":\"WebPage\",\"@id\":\"https:\/\/www.welovecycling.com\/se\/tour-de-france-2025\/andy-schleck\/\",\"url\":\"https:\/\/www.welovecycling.com\/se\/tour-de-france-2025\/andy-schleck\/\",\"name\":\"H\u00e4ng med Andy Schleck p\u00e5 en social cykeltur! - \u0160koda - We Love Cycling - Sweden\",\"isPartOf\":{\"@id\":\"https:\/\/www.welovecycling.com\/se\/#website\"},\"datePublished\":\"2025-06-20T13:50:27+00:00\",\"dateModified\":\"2025-07-04T08:10:29+00:00\",\"description\":\"M\u00f6t oss i Frankrike f\u00f6r en cykeltur med Andy Schleck, \u0160koda-prylar p\u00e5 plats och fantastisk kaffe.\",\"breadcrumb\":{\"@id\":\"https:\/\/www.welovecycling.com\/se\/tour-de-france-2025\/andy-schleck\/#breadcrumb\"},\"inLanguage\":\"sv-SE\",\"potentialAction\":[{\"@type\":\"ReadAction\",\"target\":[\"https:\/\/www.welovecycling.com\/se\/tour-de-france-2025\/andy-schleck\/\"]}]},{\"@type\":\"BreadcrumbList\",\"@id\":\"https:\/\/www.welovecycling.com\/se\/tour-de-france-2025\/andy-schleck\/#breadcrumb\",\"itemListElement\":[{\"@type\":\"ListItem\",\"position\":1,\"name\":\"Home\",\"item\":\"https:\/\/www.welovecycling.com\/se\/\"},{\"@type\":\"ListItem\",\"position\":2,\"name\":\"Tour de France 2025\",\"item\":\"https:\/\/www.welovecycling.com\/se\/tour-de-france-2025\/\"},{\"@type\":\"ListItem\",\"position\":3,\"name\":\"H\u00e4ng med Andy Schleck p\u00e5 en social cykeltur!\"}]},{\"@type\":\"WebSite\",\"@id\":\"https:\/\/www.welovecycling.com\/se\/#website\",\"url\":\"https:\/\/www.welovecycling.com\/se\/\",\"name\":\"\u0160koda - We Love Cycling - Sweden\",\"description\":\"\u0160koda We Love Cycling - Sweden\",\"potentialAction\":[{\"@type\":\"SearchAction\",\"target\":{\"@type\":\"EntryPoint\",\"urlTemplate\":\"https:\/\/www.welovecycling.com\/se\/?s={search_term_string}\"},\"query-input\":{\"@type\":\"PropertyValueSpecification\",\"valueRequired\":true,\"valueName\":\"search_term_string\"}}],\"inLanguage\":\"sv-SE\"}]}<\/script>\n<!-- \/ Yoast SEO Premium plugin. -->","yoast_head_json":{"title":"H\u00e4ng med Andy Schleck p\u00e5 en social cykeltur! - \u0160koda - We Love Cycling - Sweden","description":"M\u00f6t oss i Frankrike f\u00f6r en cykeltur med Andy Schleck, \u0160koda-prylar p\u00e5 plats och fantastisk kaffe.","robots":{"index":"index","follow":"follow","max-snippet":"max-snippet:-1","max-image-preview":"max-image-preview:large","max-video-preview":"max-video-preview:-1"},"canonical":"https:\/\/www.welovecycling.com\/se\/tour-de-france-2025\/andy-schleck\/","og_locale":"sv_SE","og_type":"article","og_title":"H\u00e4ng med Andy Schleck p\u00e5 en social cykeltur!","og_description":"M\u00f6t oss i Frankrike f\u00f6r en cykeltur med Andy Schleck, \u0160koda-prylar p\u00e5 plats och fantastisk kaffe.","og_url":"https:\/\/www.welovecycling.com\/se\/tour-de-france-2025\/andy-schleck\/","og_site_name":"\u0160koda - We Love Cycling - Sweden","article_modified_time":"2025-07-04T08:10:29+00:00","twitter_card":"summary_large_image","schema":{"@context":"https:\/\/schema.org","@graph":[{"@type":"WebPage","@id":"https:\/\/www.welovecycling.com\/se\/tour-de-france-2025\/andy-schleck\/","url":"https:\/\/www.welovecycling.com\/se\/tour-de-france-2025\/andy-schleck\/","name":"H\u00e4ng med Andy Schleck p\u00e5 en social cykeltur! - \u0160koda - We Love Cycling - Sweden","isPartOf":{"@id":"https:\/\/www.welovecycling.com\/se\/#website"},"datePublished":"2025-06-20T13:50:27+00:00","dateModified":"2025-07-04T08:10:29+00:00","description":"M\u00f6t oss i Frankrike f\u00f6r en cykeltur med Andy Schleck, \u0160koda-prylar p\u00e5 plats och fantastisk kaffe.","breadcrumb":{"@id":"https:\/\/www.welovecycling.com\/se\/tour-de-france-2025\/andy-schleck\/#breadcrumb"},"inLanguage":"sv-SE","potentialAction":[{"@type":"ReadAction","target":["https:\/\/www.welovecycling.com\/se\/tour-de-france-2025\/andy-schleck\/"]}]},{"@type":"BreadcrumbList","@id":"https:\/\/www.welovecycling.com\/se\/tour-de-france-2025\/andy-schleck\/#breadcrumb","itemListElement":[{"@type":"ListItem","position":1,"name":"Home","item":"https:\/\/www.welovecycling.com\/se\/"},{"@type":"ListItem","position":2,"name":"Tour de France 2025","item":"https:\/\/www.welovecycling.com\/se\/tour-de-france-2025\/"},{"@type":"ListItem","position":3,"name":"H\u00e4ng med Andy Schleck p\u00e5 en social cykeltur!"}]},{"@type":"WebSite","@id":"https:\/\/www.welovecycling.com\/se\/#website","url":"https:\/\/www.welovecycling.com\/se\/","name":"\u0160koda - We Love Cycling - Sweden","description":"\u0160koda We Love Cycling - Sweden","potentialAction":[{"@type":"SearchAction","target":{"@type":"EntryPoint","urlTemplate":"https:\/\/www.welovecycling.com\/se\/?s={search_term_string}"},"query-input":{"@type":"PropertyValueSpecification","valueRequired":true,"valueName":"search_term_string"}}],"inLanguage":"sv-SE"}]}},"_links":{"self":[{"href":"https:\/\/www.welovecycling.com\/se\/wp-json\/wp\/v2\/pages\/5016","targetHints":{"allow":["GET"]}}],"collection":[{"href":"https:\/\/www.welovecycling.com\/se\/wp-json\/wp\/v2\/pages"}],"about":[{"href":"https:\/\/www.welovecycling.com\/se\/wp-json\/wp\/v2\/types\/page"}],"author":[{"embeddable":true,"href":"https:\/\/www.welovecycling.com\/se\/wp-json\/wp\/v2\/users\/169"}],"replies":[{"embeddable":true,"href":"https:\/\/www.welovecycling.com\/se\/wp-json\/wp\/v2\/comments?post=5016"}],"version-history":[{"count":4,"href":"https:\/\/www.welovecycling.com\/se\/wp-json\/wp\/v2\/pages\/5016\/revisions"}],"predecessor-version":[{"id":5029,"href":"https:\/\/www.welovecycling.com\/se\/wp-json\/wp\/v2\/pages\/5016\/revisions\/5029"}],"up":[{"embeddable":true,"href":"https:\/\/www.welovecycling.com\/se\/wp-json\/wp\/v2\/pages\/4999"}],"wp:attachment":[{"href":"https:\/\/www.welovecycling.com\/se\/wp-json\/wp\/v2\/media?parent=5016"}],"wp:term":[{"taxonomy":"post_tag","embeddable":true,"href":"https:\/\/www.welovecycling.com\/se\/wp-json\/wp\/v2\/tags?post=5016"}],"curies":[{"name":"wp","href":"https:\/\/api.w.org\/{rel}","templated":true}]}}

Häng med Andy Schleck på en social cykeltur!

<!-- This site is optimized with the Yoast SEO Premium plugin v25.3 (Yoast SEO v25.9) - https://yoast.com/wordpress/plugins/seo/ -->
<title>Häng med Andy Schleck på en social cykeltur! - Škoda - We Love Cycling - Sweden</title>
<meta name="description" content="Möt oss i Frankrike för en cykeltur med Andy Schleck, Škoda-prylar på plats och fantastisk kaffe." />
<meta name="robots" content="index, follow, max-snippet:-1, max-image-preview:large, max-video-preview:-1" />
<link rel="canonical" href="https://www.welovecycling.com/se/tour-de-france-2025/andy-schleck/" />
<meta property="og:locale" content="sv_SE" />
<meta property="og:type" content="article" />
<meta property="og:title" content="Häng med Andy Schleck på en social cykeltur!" />
<meta property="og:description" content="Möt oss i Frankrike för en cykeltur med Andy Schleck, Škoda-prylar på plats och fantastisk kaffe." />
<meta property="og:url" content="https://www.welovecycling.com/se/tour-de-france-2025/andy-schleck/" />
<meta property="og:site_name" content="Škoda - We Love Cycling - Sweden" />
<meta property="article:modified_time" content="2025-07-04T08:10:29+00:00" />
<meta name="twitter:card" content="summary_large_image" />
<script type="application/ld+json" class="yoast-schema-graph">{"@context":"https://schema.org","@graph":[{"@type":"WebPage","@id":"https://www.welovecycling.com/se/tour-de-france-2025/andy-schleck/","url":"https://www.welovecycling.com/se/tour-de-france-2025/andy-schleck/","name":"Häng med Andy Schleck på en social cykeltur! - Škoda - We Love Cycling - Sweden","isPartOf":{"@id":"https://www.welovecycling.com/se/#website"},"datePublished":"2025-06-20T13:50:27+00:00","dateModified":"2025-07-04T08:10:29+00:00","description":"Möt oss i Frankrike för en cykeltur med Andy Schleck, Škoda-prylar på plats och fantastisk kaffe.","breadcrumb":{"@id":"https://www.welovecycling.com/se/tour-de-france-2025/andy-schleck/#breadcrumb"},"inLanguage":"sv-SE","potentialAction":[{"@type":"ReadAction","target":["https://www.welovecycling.com/se/tour-de-france-2025/andy-schleck/"]}]},{"@type":"BreadcrumbList","@id":"https://www.welovecycling.com/se/tour-de-france-2025/andy-schleck/#breadcrumb","itemListElement":[{"@type":"ListItem","position":1,"name":"Home","item":"https://www.welovecycling.com/se/"},{"@type":"ListItem","position":2,"name":"Tour de France 2025","item":"https://www.welovecycling.com/se/tour-de-france-2025/"},{"@type":"ListItem","position":3,"name":"Häng med Andy Schleck på en social cykeltur!"}]},{"@type":"WebSite","@id":"https://www.welovecycling.com/se/#website","url":"https://www.welovecycling.com/se/","name":"Škoda - We Love Cycling - Sweden","description":"Škoda We Love Cycling - Sweden","potentialAction":[{"@type":"SearchAction","target":{"@type":"EntryPoint","urlTemplate":"https://www.welovecycling.com/se/?s={search_term_string}"},"query-input":{"@type":"PropertyValueSpecification","valueRequired":true,"valueName":"search_term_string"}}],"inLanguage":"sv-SE"}]}</script>
<!-- / Yoast SEO Premium plugin. -->

Häng med Andy Schleck på en social cykeltur! - Škoda - We Love Cycling - Sweden

Möt oss i Frankrike för en cykeltur med Andy Schleck, Škoda-prylar på plats och fantastisk kaffe.

Škoda - We Love Cycling - Sweden

Škoda We Love Cycling - Sweden
