{"id":12,"date":"2018-02-13T13:39:55","date_gmt":"2018-02-13T13:39:55","guid":{"rendered":"https:\/\/www.welovecycling.com\/hu\/?page_id=12"},"modified":"2026-03-27T16:24:25","modified_gmt":"2026-03-27T14:24:25","slug":"fooldal","status":"publish","type":"page","link":"https:\/\/www.welovecycling.com\/hu\/","title":{"rendered":"F\u0151oldal"},"content":{"rendered":"","protected":false},"excerpt":{"rendered":"","protected":false},"author":1,"featured_media":0,"parent":0,"menu_order":0,"comment_status":"closed","ping_status":"closed","template":"","meta":{"footnotes":""},"tags":[],"class_list":["post-12","page","type-page","status-publish","hentry"],"yoast_head":"<!-- This site is optimized with the Yoast SEO Premium plugin v25.3 (Yoast SEO v25.9) - https:\/\/yoast.com\/wordpress\/plugins\/seo\/ -->\n<title>F\u0151oldal - \u0160koda We Love Cycling - Magyarorsz\u00e1g<\/title>\n<meta name=\"description\" content=\"\u00c9rdekel az amat\u0151r vagy a profi ker\u00e9kp\u00e1roz\u00e1s? A \u0160koda We Love Cycling egy \u00faj online biciklis magazin: eredeti ker\u00e9kp\u00e1ros sztorik, friss bring\u00e1s vide\u00f3k \u00e9s k\u00fcl\u00f6nleges besz\u00e1mol\u00f3k a ker\u00e9kp\u00e1roz\u00e1s vil\u00e1g\u00e1b\u00f3l.\" \/>\n<meta name=\"robots\" content=\"index, follow, max-snippet:-1, max-image-preview:large, max-video-preview:-1\" \/>\n<link rel=\"canonical\" href=\"https:\/\/www.welovecycling.com\/hu\/\" \/>\n<meta property=\"og:locale\" content=\"hu_HU\" \/>\n<meta property=\"og:type\" content=\"article\" \/>\n<meta property=\"og:title\" content=\"F\u0151oldal\" \/>\n<meta property=\"og:description\" content=\"\u00c9rdekel az amat\u0151r vagy a profi ker\u00e9kp\u00e1roz\u00e1s? A \u0160koda We Love Cycling egy \u00faj online biciklis magazin: eredeti ker\u00e9kp\u00e1ros sztorik, friss bring\u00e1s vide\u00f3k \u00e9s k\u00fcl\u00f6nleges besz\u00e1mol\u00f3k a ker\u00e9kp\u00e1roz\u00e1s vil\u00e1g\u00e1b\u00f3l.\" \/>\n<meta property=\"og:url\" content=\"https:\/\/www.welovecycling.com\/hu\/\" \/>\n<meta property=\"og:site_name\" content=\"\u0160koda We Love Cycling - Magyarorsz\u00e1g\" \/>\n<meta property=\"article:publisher\" content=\"https:\/\/www.facebook.com\/WeLoveCyclingHungary\/\" \/>\n<meta property=\"article:modified_time\" content=\"2026-03-27T14:24:25+00:00\" \/>\n<meta name=\"twitter:card\" content=\"summary_large_image\" \/>\n<script type=\"application\/ld+json\" class=\"yoast-schema-graph\">{\"@context\":\"https:\/\/schema.org\",\"@graph\":[{\"@type\":\"WebPage\",\"@id\":\"https:\/\/www.welovecycling.com\/hu\/\",\"url\":\"https:\/\/www.welovecycling.com\/hu\/\",\"name\":\"F\u0151oldal - \u0160koda We Love Cycling - Magyarorsz\u00e1g\",\"isPartOf\":{\"@id\":\"https:\/\/www.welovecycling.com\/hu\/#website\"},\"datePublished\":\"2018-02-13T13:39:55+00:00\",\"dateModified\":\"2026-03-27T14:24:25+00:00\",\"description\":\"\u00c9rdekel az amat\u0151r vagy a profi ker\u00e9kp\u00e1roz\u00e1s? A \u0160koda We Love Cycling egy \u00faj online biciklis magazin: eredeti ker\u00e9kp\u00e1ros sztorik, friss bring\u00e1s vide\u00f3k \u00e9s k\u00fcl\u00f6nleges besz\u00e1mol\u00f3k a ker\u00e9kp\u00e1roz\u00e1s vil\u00e1g\u00e1b\u00f3l.\",\"breadcrumb\":{\"@id\":\"https:\/\/www.welovecycling.com\/hu\/#breadcrumb\"},\"inLanguage\":\"hu\",\"potentialAction\":[{\"@type\":\"ReadAction\",\"target\":[\"https:\/\/www.welovecycling.com\/hu\/\"]}]},{\"@type\":\"BreadcrumbList\",\"@id\":\"https:\/\/www.welovecycling.com\/hu\/#breadcrumb\",\"itemListElement\":[{\"@type\":\"ListItem\",\"position\":1,\"name\":\"Home\",\"item\":\"https:\/\/www.welovecycling.com\/hu\/\"},{\"@type\":\"ListItem\",\"position\":2,\"name\":\"F\u0151oldal\"}]},{\"@type\":\"WebSite\",\"@id\":\"https:\/\/www.welovecycling.com\/hu\/#website\",\"url\":\"https:\/\/www.welovecycling.com\/hu\/\",\"name\":\"\u0160koda We Love Cycling - Magyarorsz\u00e1g\",\"description\":\"\u0160koda WeLoveCycling\",\"potentialAction\":[{\"@type\":\"SearchAction\",\"target\":{\"@type\":\"EntryPoint\",\"urlTemplate\":\"https:\/\/www.welovecycling.com\/hu\/?s={search_term_string}\"},\"query-input\":{\"@type\":\"PropertyValueSpecification\",\"valueRequired\":true,\"valueName\":\"search_term_string\"}}],\"inLanguage\":\"hu\"}]}<\/script>\n<!-- \/ Yoast SEO Premium plugin. -->","yoast_head_json":{"title":"F\u0151oldal - \u0160koda We Love Cycling - Magyarorsz\u00e1g","description":"\u00c9rdekel az amat\u0151r vagy a profi ker\u00e9kp\u00e1roz\u00e1s? A \u0160koda We Love Cycling egy \u00faj online biciklis magazin: eredeti ker\u00e9kp\u00e1ros sztorik, friss bring\u00e1s vide\u00f3k \u00e9s k\u00fcl\u00f6nleges besz\u00e1mol\u00f3k a ker\u00e9kp\u00e1roz\u00e1s vil\u00e1g\u00e1b\u00f3l.","robots":{"index":"index","follow":"follow","max-snippet":"max-snippet:-1","max-image-preview":"max-image-preview:large","max-video-preview":"max-video-preview:-1"},"canonical":"https:\/\/www.welovecycling.com\/hu\/","og_locale":"hu_HU","og_type":"article","og_title":"F\u0151oldal","og_description":"\u00c9rdekel az amat\u0151r vagy a profi ker\u00e9kp\u00e1roz\u00e1s? A \u0160koda We Love Cycling egy \u00faj online biciklis magazin: eredeti ker\u00e9kp\u00e1ros sztorik, friss bring\u00e1s vide\u00f3k \u00e9s k\u00fcl\u00f6nleges besz\u00e1mol\u00f3k a ker\u00e9kp\u00e1roz\u00e1s vil\u00e1g\u00e1b\u00f3l.","og_url":"https:\/\/www.welovecycling.com\/hu\/","og_site_name":"\u0160koda We Love Cycling - Magyarorsz\u00e1g","article_publisher":"https:\/\/www.facebook.com\/WeLoveCyclingHungary\/","article_modified_time":"2026-03-27T14:24:25+00:00","twitter_card":"summary_large_image","schema":{"@context":"https:\/\/schema.org","@graph":[{"@type":"WebPage","@id":"https:\/\/www.welovecycling.com\/hu\/","url":"https:\/\/www.welovecycling.com\/hu\/","name":"F\u0151oldal - \u0160koda We Love Cycling - Magyarorsz\u00e1g","isPartOf":{"@id":"https:\/\/www.welovecycling.com\/hu\/#website"},"datePublished":"2018-02-13T13:39:55+00:00","dateModified":"2026-03-27T14:24:25+00:00","description":"\u00c9rdekel az amat\u0151r vagy a profi ker\u00e9kp\u00e1roz\u00e1s? A \u0160koda We Love Cycling egy \u00faj online biciklis magazin: eredeti ker\u00e9kp\u00e1ros sztorik, friss bring\u00e1s vide\u00f3k \u00e9s k\u00fcl\u00f6nleges besz\u00e1mol\u00f3k a ker\u00e9kp\u00e1roz\u00e1s vil\u00e1g\u00e1b\u00f3l.","breadcrumb":{"@id":"https:\/\/www.welovecycling.com\/hu\/#breadcrumb"},"inLanguage":"hu","potentialAction":[{"@type":"ReadAction","target":["https:\/\/www.welovecycling.com\/hu\/"]}]},{"@type":"BreadcrumbList","@id":"https:\/\/www.welovecycling.com\/hu\/#breadcrumb","itemListElement":[{"@type":"ListItem","position":1,"name":"Home","item":"https:\/\/www.welovecycling.com\/hu\/"},{"@type":"ListItem","position":2,"name":"F\u0151oldal"}]},{"@type":"WebSite","@id":"https:\/\/www.welovecycling.com\/hu\/#website","url":"https:\/\/www.welovecycling.com\/hu\/","name":"\u0160koda We Love Cycling - Magyarorsz\u00e1g","description":"\u0160koda WeLoveCycling","potentialAction":[{"@type":"SearchAction","target":{"@type":"EntryPoint","urlTemplate":"https:\/\/www.welovecycling.com\/hu\/?s={search_term_string}"},"query-input":{"@type":"PropertyValueSpecification","valueRequired":true,"valueName":"search_term_string"}}],"inLanguage":"hu"}]}},"_links":{"self":[{"href":"https:\/\/www.welovecycling.com\/hu\/wp-json\/wp\/v2\/pages\/12","targetHints":{"allow":["GET"]}}],"collection":[{"href":"https:\/\/www.welovecycling.com\/hu\/wp-json\/wp\/v2\/pages"}],"about":[{"href":"https:\/\/www.welovecycling.com\/hu\/wp-json\/wp\/v2\/types\/page"}],"author":[{"embeddable":true,"href":"https:\/\/www.welovecycling.com\/hu\/wp-json\/wp\/v2\/users\/1"}],"replies":[{"embeddable":true,"href":"https:\/\/www.welovecycling.com\/hu\/wp-json\/wp\/v2\/comments?post=12"}],"version-history":[{"count":2,"href":"https:\/\/www.welovecycling.com\/hu\/wp-json\/wp\/v2\/pages\/12\/revisions"}],"predecessor-version":[{"id":4223,"href":"https:\/\/www.welovecycling.com\/hu\/wp-json\/wp\/v2\/pages\/12\/revisions\/4223"}],"wp:attachment":[{"href":"https:\/\/www.welovecycling.com\/hu\/wp-json\/wp\/v2\/media?parent=12"}],"wp:term":[{"taxonomy":"post_tag","embeddable":true,"href":"https:\/\/www.welovecycling.com\/hu\/wp-json\/wp\/v2\/tags?post=12"}],"curies":[{"name":"wp","href":"https:\/\/api.w.org\/{rel}","templated":true}]}}

Főoldal

<!-- This site is optimized with the Yoast SEO Premium plugin v25.3 (Yoast SEO v25.9) - https://yoast.com/wordpress/plugins/seo/ -->
<title>Főoldal - Škoda We Love Cycling - Magyarország</title>
<meta name="description" content="Érdekel az amatőr vagy a profi kerékpározás? A Škoda We Love Cycling egy új online biciklis magazin: eredeti kerékpáros sztorik, friss bringás videók és különleges beszámolók a kerékpározás világából." />
<meta name="robots" content="index, follow, max-snippet:-1, max-image-preview:large, max-video-preview:-1" />
<link rel="canonical" href="https://www.welovecycling.com/hu/" />
<meta property="og:locale" content="hu_HU" />
<meta property="og:type" content="article" />
<meta property="og:title" content="Főoldal" />
<meta property="og:description" content="Érdekel az amatőr vagy a profi kerékpározás? A Škoda We Love Cycling egy új online biciklis magazin: eredeti kerékpáros sztorik, friss bringás videók és különleges beszámolók a kerékpározás világából." />
<meta property="og:url" content="https://www.welovecycling.com/hu/" />
<meta property="og:site_name" content="Škoda We Love Cycling - Magyarország" />
<meta property="article:publisher" content="https://www.facebook.com/WeLoveCyclingHungary/" />
<meta property="article:modified_time" content="2026-03-27T14:24:25+00:00" />
<meta name="twitter:card" content="summary_large_image" />
<script type="application/ld+json" class="yoast-schema-graph">{"@context":"https://schema.org","@graph":[{"@type":"WebPage","@id":"https://www.welovecycling.com/hu/","url":"https://www.welovecycling.com/hu/","name":"Főoldal - Škoda We Love Cycling - Magyarország","isPartOf":{"@id":"https://www.welovecycling.com/hu/#website"},"datePublished":"2018-02-13T13:39:55+00:00","dateModified":"2026-03-27T14:24:25+00:00","description":"Érdekel az amatőr vagy a profi kerékpározás? A Škoda We Love Cycling egy új online biciklis magazin: eredeti kerékpáros sztorik, friss bringás videók és különleges beszámolók a kerékpározás világából.","breadcrumb":{"@id":"https://www.welovecycling.com/hu/#breadcrumb"},"inLanguage":"hu","potentialAction":[{"@type":"ReadAction","target":["https://www.welovecycling.com/hu/"]}]},{"@type":"BreadcrumbList","@id":"https://www.welovecycling.com/hu/#breadcrumb","itemListElement":[{"@type":"ListItem","position":1,"name":"Home","item":"https://www.welovecycling.com/hu/"},{"@type":"ListItem","position":2,"name":"Főoldal"}]},{"@type":"WebSite","@id":"https://www.welovecycling.com/hu/#website","url":"https://www.welovecycling.com/hu/","name":"Škoda We Love Cycling - Magyarország","description":"Škoda WeLoveCycling","potentialAction":[{"@type":"SearchAction","target":{"@type":"EntryPoint","urlTemplate":"https://www.welovecycling.com/hu/?s={search_term_string}"},"query-input":{"@type":"PropertyValueSpecification","valueRequired":true,"valueName":"search_term_string"}}],"inLanguage":"hu"}]}</script>
<!-- / Yoast SEO Premium plugin. -->

Főoldal - Škoda We Love Cycling - Magyarország

Érdekel az amatőr vagy a profi kerékpározás? A Škoda We Love Cycling egy új online biciklis magazin: eredeti kerékpáros sztorik, friss bringás videók és különleges beszámolók a kerékpározás világából.

Škoda We Love Cycling - Magyarország

Škoda WeLoveCycling
