{"version":"1.0","provider_name":"\u0160koda We Love Cycling - Magyarorsz\u00e1g","provider_url":"https:\/\/www.welovecycling.com\/hu","author_name":"hegyizs","author_url":"https:\/\/www.welovecycling.com\/hu\/author\/hegyizs\/","title":"Megm\u00e1szni Eur\u00f3pa 6. legnehezebb emelked\u0151j\u00e9t","type":"rich","width":600,"height":338,"html":"<blockquote class=\"wp-embedded-content\" data-secret=\"TgTsp9LGvB\"><a href=\"https:\/\/www.welovecycling.com\/hu\/trekking-mtb\/megmaszni-europa-6-legnehezebb-emelkedojet\/\">Megm\u00e1szni Eur\u00f3pa 6. legnehezebb emelked\u0151j\u00e9t<\/a><\/blockquote><iframe sandbox=\"allow-scripts\" security=\"restricted\" src=\"https:\/\/www.welovecycling.com\/hu\/trekking-mtb\/megmaszni-europa-6-legnehezebb-emelkedojet\/embed\/#?secret=TgTsp9LGvB\" width=\"600\" height=\"338\" title=\"&#8220;Megm\u00e1szni Eur\u00f3pa 6. legnehezebb emelked\u0151j\u00e9t&#8221; &#8212; \u0160koda We Love Cycling - Magyarorsz\u00e1g\" data-secret=\"TgTsp9LGvB\" frameborder=\"0\" marginwidth=\"0\" marginheight=\"0\" scrolling=\"no\" class=\"wp-embedded-content\"><\/iframe><script type=\"text\/javascript\">\n\/* <![CDATA[ *\/\n\/*! This file is auto-generated *\/\n!function(d,l){\"use strict\";l.querySelector&&d.addEventListener&&\"undefined\"!=typeof URL&&(d.wp=d.wp||{},d.wp.receiveEmbedMessage||(d.wp.receiveEmbedMessage=function(e){var t=e.data;if((t||t.secret||t.message||t.value)&&!\/[^a-zA-Z0-9]\/.test(t.secret)){for(var s,r,n,a=l.querySelectorAll('iframe[data-secret=\"'+t.secret+'\"]'),o=l.querySelectorAll('blockquote[data-secret=\"'+t.secret+'\"]'),c=new RegExp(\"^https?:$\",\"i\"),i=0;i<o.length;i++)o[i].style.display=\"none\";for(i=0;i<a.length;i++)s=a[i],e.source===s.contentWindow&&(s.removeAttribute(\"style\"),\"height\"===t.message?(1e3<(r=parseInt(t.value,10))?r=1e3:~~r<200&&(r=200),s.height=r):\"link\"===t.message&&(r=new URL(s.getAttribute(\"src\")),n=new URL(t.value),c.test(n.protocol))&&n.host===r.host&&l.activeElement===s&&(d.top.location.href=t.value))}},d.addEventListener(\"message\",d.wp.receiveEmbedMessage,!1),l.addEventListener(\"DOMContentLoaded\",function(){for(var e,t,s=l.querySelectorAll(\"iframe.wp-embedded-content\"),r=0;r<s.length;r++)(t=(e=s[r]).getAttribute(\"data-secret\"))||(t=Math.random().toString(36).substring(2,12),e.src+=\"#?secret=\"+t,e.setAttribute(\"data-secret\",t)),e.contentWindow.postMessage({message:\"ready\",secret:t},\"*\")},!1)))}(window,document);\n\/* ]]> *\/\n<\/script>\n","thumbnail_url":"https:\/\/d2p6e6u75xmxt8.cloudfront.net\/12\/2025\/12\/Kalin-Dam-Bulgaria-CVR.webp","thumbnail_width":990,"thumbnail_height":660,"description":"Ha m\u00e1r t\u00f6bb mint ezer emelked\u0151t teljes\u00edtett\u00e9l, \u00e9s valaki azt mondja, hogy ez a vil\u00e1g egyik legkem\u00e9nyebbje, azt gondolod: \u201e\u00c1h, egy emelked\u0151 az csak egy emelked\u0151.\u201d Pontosan ezt gondoltam \u00e9n is, miel\u0151tt k\u00e9t kilom\u00e9terrel a Kalin-g\u00e1t cs\u00facsa alatt tal\u00e1ltam magam, mindk\u00e9t l\u00e1bam g\u00f6rcsben, egy 500 m\u00e9ter m\u00e9ly szakad\u00e9k felett \u00e1llva, sz\u00e1raz sajtos szendvicset r\u00e1gcs\u00e1lva, mintha az \u00e9tel \u00fajraind\u00edthatn\u00e1 az idegrendszeremet. Valahol m\u00f6g\u00f6ttem az \u00fat a semmibe tekergett. El\u0151ttem a cs\u00facs el\u00e9g k\u00f6zel volt ahhoz, hogy l\u00e1ssam magam el\u0151tt, ahogy kudarcot vallok rajta."}

Škoda We Love Cycling - Magyarország

Megmászni Európa 6. legnehezebb emelkedőjét

<blockquote class="wp-embedded-content" data-secret="TgTsp9LGvB"><a href="https://www.welovecycling.com/hu/trekking-mtb/megmaszni-europa-6-legnehezebb-emelkedojet/">Megmászni Európa 6. legnehezebb emelkedőjét</a></blockquote><iframe sandbox="allow-scripts" security="restricted" src="https://www.welovecycling.com/hu/trekking-mtb/megmaszni-europa-6-legnehezebb-emelkedojet/embed/#?secret=TgTsp9LGvB" width="600" height="338" title="&#8220;Megmászni Európa 6. legnehezebb emelkedőjét&#8221; &#8212; Škoda We Love Cycling - Magyarország" data-secret="TgTsp9LGvB" frameborder="0" marginwidth="0" marginheight="0" scrolling="no" class="wp-embedded-content"></iframe><script type="text/javascript">
/* <![CDATA[ */
/*! This file is auto-generated */
!function(d,l){"use strict";l.querySelector&&d.addEventListener&&"undefined"!=typeof URL&&(d.wp=d.wp||{},d.wp.receiveEmbedMessage||(d.wp.receiveEmbedMessage=function(e){var t=e.data;if((t||t.secret||t.message||t.value)&&!/[^a-zA-Z0-9]/.test(t.secret)){for(var s,r,n,a=l.querySelectorAll('iframe[data-secret="'+t.secret+'"]'),o=l.querySelectorAll('blockquote[data-secret="'+t.secret+'"]'),c=new RegExp("^https?:$","i"),i=0;i<o.length;i++)o[i].style.display="none";for(i=0;i<a.length;i++)s=a[i],e.source===s.contentWindow&&(s.removeAttribute("style"),"height"===t.message?(1e3<(r=parseInt(t.value,10))?r=1e3:~~r<200&&(r=200),s.height=r):"link"===t.message&&(r=new URL(s.getAttribute("src")),n=new URL(t.value),c.test(n.protocol))&&n.host===r.host&&l.activeElement===s&&(d.top.location.href=t.value))}},d.addEventListener("message",d.wp.receiveEmbedMessage,!1),l.addEventListener("DOMContentLoaded",function(){for(var e,t,s=l.querySelectorAll("iframe.wp-embedded-content"),r=0;r<s.length;r++)(t=(e=s[r]).getAttribute("data-secret"))||(t=Math.random().toString(36).substring(2,12),e.src+="#?secret="+t,e.setAttribute("data-secret",t)),e.contentWindow.postMessage({message:"ready",secret:t},"*")},!1)))}(window,document);
/* ]]> */
</script>

Ha már több mint ezer emelkedőt teljesítettél, és valaki azt mondja, hogy ez a világ egyik legkeményebbje, azt gondolod: „Áh, egy emelkedő az csak egy emelkedő.” Pontosan ezt gondoltam én is, mielőtt két kilométerrel a Kalin-gát csúcsa alatt találtam magam, mindkét lábam görcsben, egy 500 méter mély szakadék felett állva, száraz sajtos szendvicset rágcsálva, mintha az étel újraindíthatná az idegrendszeremet. Valahol mögöttem az út a semmibe tekergett. Előttem a csúcs elég közel volt ahhoz, hogy lássam magam előtt, ahogy kudarcot vallok rajta.
