{"version":"1.0","provider_name":"\u0160koda We Love Cycling - Magyarorsz\u00e1g","provider_url":"https:\/\/www.welovecycling.com\/hu","author_name":"hegyizs","author_url":"https:\/\/www.welovecycling.com\/hu\/author\/hegyizs\/","title":"A vil\u00e1g 4 legvesz\u00e9lyesebb hegyi ker\u00e9kp\u00e1r\u00fatja","type":"rich","width":600,"height":338,"html":"<blockquote class=\"wp-embedded-content\" data-secret=\"sGn6Er5DDQ\"><a href=\"https:\/\/www.welovecycling.com\/hu\/trekking-mtb\/a-vilag-4-legveszelyesebb-hegyi-kerekparutja\/\">A vil\u00e1g 4 legvesz\u00e9lyesebb hegyi ker\u00e9kp\u00e1r\u00fatja<\/a><\/blockquote><iframe sandbox=\"allow-scripts\" security=\"restricted\" src=\"https:\/\/www.welovecycling.com\/hu\/trekking-mtb\/a-vilag-4-legveszelyesebb-hegyi-kerekparutja\/embed\/#?secret=sGn6Er5DDQ\" width=\"600\" height=\"338\" title=\"&#8220;A vil\u00e1g 4 legvesz\u00e9lyesebb hegyi ker\u00e9kp\u00e1r\u00fatja&#8221; &#8212; \u0160koda We Love Cycling - Magyarorsz\u00e1g\" data-secret=\"sGn6Er5DDQ\" frameborder=\"0\" marginwidth=\"0\" marginheight=\"0\" scrolling=\"no\" class=\"wp-embedded-content\"><\/iframe><script type=\"text\/javascript\">\n\/* <![CDATA[ *\/\n\/*! This file is auto-generated *\/\n!function(d,l){\"use strict\";l.querySelector&&d.addEventListener&&\"undefined\"!=typeof URL&&(d.wp=d.wp||{},d.wp.receiveEmbedMessage||(d.wp.receiveEmbedMessage=function(e){var t=e.data;if((t||t.secret||t.message||t.value)&&!\/[^a-zA-Z0-9]\/.test(t.secret)){for(var s,r,n,a=l.querySelectorAll('iframe[data-secret=\"'+t.secret+'\"]'),o=l.querySelectorAll('blockquote[data-secret=\"'+t.secret+'\"]'),c=new RegExp(\"^https?:$\",\"i\"),i=0;i<o.length;i++)o[i].style.display=\"none\";for(i=0;i<a.length;i++)s=a[i],e.source===s.contentWindow&&(s.removeAttribute(\"style\"),\"height\"===t.message?(1e3<(r=parseInt(t.value,10))?r=1e3:~~r<200&&(r=200),s.height=r):\"link\"===t.message&&(r=new URL(s.getAttribute(\"src\")),n=new URL(t.value),c.test(n.protocol))&&n.host===r.host&&l.activeElement===s&&(d.top.location.href=t.value))}},d.addEventListener(\"message\",d.wp.receiveEmbedMessage,!1),l.addEventListener(\"DOMContentLoaded\",function(){for(var e,t,s=l.querySelectorAll(\"iframe.wp-embedded-content\"),r=0;r<s.length;r++)(t=(e=s[r]).getAttribute(\"data-secret\"))||(t=Math.random().toString(36).substring(2,12),e.src+=\"#?secret=\"+t,e.setAttribute(\"data-secret\",t)),e.contentWindow.postMessage({message:\"ready\",secret:t},\"*\")},!1)))}(window,document);\n\/* ]]> *\/\n<\/script>\n","thumbnail_url":"https:\/\/d2p6e6u75xmxt8.cloudfront.net\/12\/2023\/06\/White-Trail-Arizona-profimedia-0306426686-CVR.webp","thumbnail_width":990,"thumbnail_height":660,"description":"Hallott\u00e1l m\u00e1r olyan hegyiker\u00e9kp\u00e1rosr\u00f3l, aki az\u00e9rt v\u00e1lasztott egy \u00fatvonalat, mert az biztons\u00e1gos \u00e9s esem\u00e9nymentes? Nem, mi sem. A c\u00e9l az, hogy olyan lejt\u0151k\u00f6n sz\u00e1guldj, amiket m\u00e9g a hegyi kecsk\u00e9k is t\u00fal meredeknek tartanak, nem pedig az, hogy vigy\u00e1zz magadra. Az adrenalin, a rep\u00fcl\u00e9s \u00e9s a f\u00e9lelmeid legy\u0151z\u00e9se \u00e9ltet, ezekhez pedig kellenek a vesz\u00e9lyes terepek."}

Škoda We Love Cycling - Magyarország

A világ 4 legveszélyesebb hegyi kerékpárútja

<blockquote class="wp-embedded-content" data-secret="sGn6Er5DDQ"><a href="https://www.welovecycling.com/hu/trekking-mtb/a-vilag-4-legveszelyesebb-hegyi-kerekparutja/">A világ 4 legveszélyesebb hegyi kerékpárútja</a></blockquote><iframe sandbox="allow-scripts" security="restricted" src="https://www.welovecycling.com/hu/trekking-mtb/a-vilag-4-legveszelyesebb-hegyi-kerekparutja/embed/#?secret=sGn6Er5DDQ" width="600" height="338" title="&#8220;A világ 4 legveszélyesebb hegyi kerékpárútja&#8221; &#8212; Škoda We Love Cycling - Magyarország" data-secret="sGn6Er5DDQ" frameborder="0" marginwidth="0" marginheight="0" scrolling="no" class="wp-embedded-content"></iframe><script type="text/javascript">
/* <![CDATA[ */
/*! This file is auto-generated */
!function(d,l){"use strict";l.querySelector&&d.addEventListener&&"undefined"!=typeof URL&&(d.wp=d.wp||{},d.wp.receiveEmbedMessage||(d.wp.receiveEmbedMessage=function(e){var t=e.data;if((t||t.secret||t.message||t.value)&&!/[^a-zA-Z0-9]/.test(t.secret)){for(var s,r,n,a=l.querySelectorAll('iframe[data-secret="'+t.secret+'"]'),o=l.querySelectorAll('blockquote[data-secret="'+t.secret+'"]'),c=new RegExp("^https?:$","i"),i=0;i<o.length;i++)o[i].style.display="none";for(i=0;i<a.length;i++)s=a[i],e.source===s.contentWindow&&(s.removeAttribute("style"),"height"===t.message?(1e3<(r=parseInt(t.value,10))?r=1e3:~~r<200&&(r=200),s.height=r):"link"===t.message&&(r=new URL(s.getAttribute("src")),n=new URL(t.value),c.test(n.protocol))&&n.host===r.host&&l.activeElement===s&&(d.top.location.href=t.value))}},d.addEventListener("message",d.wp.receiveEmbedMessage,!1),l.addEventListener("DOMContentLoaded",function(){for(var e,t,s=l.querySelectorAll("iframe.wp-embedded-content"),r=0;r<s.length;r++)(t=(e=s[r]).getAttribute("data-secret"))||(t=Math.random().toString(36).substring(2,12),e.src+="#?secret="+t,e.setAttribute("data-secret",t)),e.contentWindow.postMessage({message:"ready",secret:t},"*")},!1)))}(window,document);
/* ]]> */
</script>

Hallottál már olyan hegyikerékpárosról, aki azért választott egy útvonalat, mert az biztonságos és eseménymentes? Nem, mi sem. A cél az, hogy olyan lejtőkön száguldj, amiket még a hegyi kecskék is túl meredeknek tartanak, nem pedig az, hogy vigyázz magadra. Az adrenalin, a repülés és a félelmeid legyőzése éltet, ezekhez pedig kellenek a veszélyes terepek.
