{"version":"1.0","provider_name":"\u0160koda We Love Cycling - Magyarorsz\u00e1g","provider_url":"https:\/\/www.welovecycling.com\/hu","author_name":"hegyizs","author_url":"https:\/\/www.welovecycling.com\/hu\/author\/hegyizs\/","title":"Micsoda orsz\u00e1g\u00fati szezon!","type":"rich","width":600,"height":338,"html":"<blockquote class=\"wp-embedded-content\" data-secret=\"6mkh7N5zhK\"><a href=\"https:\/\/www.welovecycling.com\/hu\/orszaguti-kerekpar\/micsoda-orszaguti-szezon\/\">Micsoda orsz\u00e1g\u00fati szezon!<\/a><\/blockquote><iframe sandbox=\"allow-scripts\" security=\"restricted\" src=\"https:\/\/www.welovecycling.com\/hu\/orszaguti-kerekpar\/micsoda-orszaguti-szezon\/embed\/#?secret=6mkh7N5zhK\" width=\"600\" height=\"338\" title=\"&#8220;Micsoda orsz\u00e1g\u00fati szezon!&#8221; &#8212; \u0160koda We Love Cycling - Magyarorsz\u00e1g\" data-secret=\"6mkh7N5zhK\" frameborder=\"0\" marginwidth=\"0\" marginheight=\"0\" scrolling=\"no\" class=\"wp-embedded-content\"><\/iframe><script type=\"text\/javascript\">\n\/* <![CDATA[ *\/\n\/*! This file is auto-generated *\/\n!function(d,l){\"use strict\";l.querySelector&&d.addEventListener&&\"undefined\"!=typeof URL&&(d.wp=d.wp||{},d.wp.receiveEmbedMessage||(d.wp.receiveEmbedMessage=function(e){var t=e.data;if((t||t.secret||t.message||t.value)&&!\/[^a-zA-Z0-9]\/.test(t.secret)){for(var s,r,n,a=l.querySelectorAll('iframe[data-secret=\"'+t.secret+'\"]'),o=l.querySelectorAll('blockquote[data-secret=\"'+t.secret+'\"]'),c=new RegExp(\"^https?:$\",\"i\"),i=0;i<o.length;i++)o[i].style.display=\"none\";for(i=0;i<a.length;i++)s=a[i],e.source===s.contentWindow&&(s.removeAttribute(\"style\"),\"height\"===t.message?(1e3<(r=parseInt(t.value,10))?r=1e3:~~r<200&&(r=200),s.height=r):\"link\"===t.message&&(r=new URL(s.getAttribute(\"src\")),n=new URL(t.value),c.test(n.protocol))&&n.host===r.host&&l.activeElement===s&&(d.top.location.href=t.value))}},d.addEventListener(\"message\",d.wp.receiveEmbedMessage,!1),l.addEventListener(\"DOMContentLoaded\",function(){for(var e,t,s=l.querySelectorAll(\"iframe.wp-embedded-content\"),r=0;r<s.length;r++)(t=(e=s[r]).getAttribute(\"data-secret\"))||(t=Math.random().toString(36).substring(2,12),e.src+=\"#?secret=\"+t,e.setAttribute(\"data-secret\",t)),e.contentWindow.postMessage({message:\"ready\",secret:t},\"*\")},!1)))}(window,document);\n\/* ]]> *\/\n<\/script>\n","thumbnail_url":"https:\/\/d2p6e6u75xmxt8.cloudfront.net\/12\/2022\/10\/Peloton-profimedia-0663802700-CVR.jpg","thumbnail_width":990,"thumbnail_height":660,"description":"Az \u00e9v utols\u00f3 fontosabb versenye, a Lombard k\u00f6rverseny nem hivatalosan lez\u00e1rta a 2022-es orsz\u00e1g\u00fati verseny\u00e9vet, \u00edgy lehet\u0151s\u00e9g\u00fcnk ny\u00edlik arra, hogy most visszatekints\u00fcnk \u00e9s \u00fajra\u00e9lj\u00fck az eg\u00e9sz szezont, hiszen izgalmas nyolc h\u00f3nap volt, ami a febru\u00e1ri valenciai k\u00f6rversennyel kezd\u0151d\u00f6tt."}

Škoda We Love Cycling - Magyarország

Micsoda országúti szezon!

<blockquote class="wp-embedded-content" data-secret="6mkh7N5zhK"><a href="https://www.welovecycling.com/hu/orszaguti-kerekpar/micsoda-orszaguti-szezon/">Micsoda országúti szezon!</a></blockquote><iframe sandbox="allow-scripts" security="restricted" src="https://www.welovecycling.com/hu/orszaguti-kerekpar/micsoda-orszaguti-szezon/embed/#?secret=6mkh7N5zhK" width="600" height="338" title="&#8220;Micsoda országúti szezon!&#8221; &#8212; Škoda We Love Cycling - Magyarország" data-secret="6mkh7N5zhK" frameborder="0" marginwidth="0" marginheight="0" scrolling="no" class="wp-embedded-content"></iframe><script type="text/javascript">
/* <![CDATA[ */
/*! This file is auto-generated */
!function(d,l){"use strict";l.querySelector&&d.addEventListener&&"undefined"!=typeof URL&&(d.wp=d.wp||{},d.wp.receiveEmbedMessage||(d.wp.receiveEmbedMessage=function(e){var t=e.data;if((t||t.secret||t.message||t.value)&&!/[^a-zA-Z0-9]/.test(t.secret)){for(var s,r,n,a=l.querySelectorAll('iframe[data-secret="'+t.secret+'"]'),o=l.querySelectorAll('blockquote[data-secret="'+t.secret+'"]'),c=new RegExp("^https?:$","i"),i=0;i<o.length;i++)o[i].style.display="none";for(i=0;i<a.length;i++)s=a[i],e.source===s.contentWindow&&(s.removeAttribute("style"),"height"===t.message?(1e3<(r=parseInt(t.value,10))?r=1e3:~~r<200&&(r=200),s.height=r):"link"===t.message&&(r=new URL(s.getAttribute("src")),n=new URL(t.value),c.test(n.protocol))&&n.host===r.host&&l.activeElement===s&&(d.top.location.href=t.value))}},d.addEventListener("message",d.wp.receiveEmbedMessage,!1),l.addEventListener("DOMContentLoaded",function(){for(var e,t,s=l.querySelectorAll("iframe.wp-embedded-content"),r=0;r<s.length;r++)(t=(e=s[r]).getAttribute("data-secret"))||(t=Math.random().toString(36).substring(2,12),e.src+="#?secret="+t,e.setAttribute("data-secret",t)),e.contentWindow.postMessage({message:"ready",secret:t},"*")},!1)))}(window,document);
/* ]]> */
</script>

Az év utolsó fontosabb versenye, a Lombard körverseny nem hivatalosan lezárta a 2022-es országúti versenyévet, így lehetőségünk nyílik arra, hogy most visszatekintsünk és újraéljük az egész szezont, hiszen izgalmas nyolc hónap volt, ami a februári valenciai körversennyel kezdődött.
