{"version":"1.0","provider_name":"\u0160koda We Love Cycling - Magyarorsz\u00e1g","provider_url":"https:\/\/www.welovecycling.com\/hu","author_name":"hegyizs","author_url":"https:\/\/www.welovecycling.com\/hu\/author\/hegyizs\/","title":"A Strade Bianche h\u00edres \u00fatjai, testk\u00f6zelb\u0151l","type":"rich","width":600,"height":338,"html":"<blockquote class=\"wp-embedded-content\" data-secret=\"VLfSt2uM15\"><a href=\"https:\/\/www.welovecycling.com\/hu\/orszaguti-kerekpar\/a-strade-bianche-hires-utjai-testkozelbol\/\">A Strade Bianche h\u00edres \u00fatjai, testk\u00f6zelb\u0151l<\/a><\/blockquote><iframe sandbox=\"allow-scripts\" security=\"restricted\" src=\"https:\/\/www.welovecycling.com\/hu\/orszaguti-kerekpar\/a-strade-bianche-hires-utjai-testkozelbol\/embed\/#?secret=VLfSt2uM15\" width=\"600\" height=\"338\" title=\"&#8220;A Strade Bianche h\u00edres \u00fatjai, testk\u00f6zelb\u0151l&#8221; &#8212; \u0160koda We Love Cycling - Magyarorsz\u00e1g\" data-secret=\"VLfSt2uM15\" frameborder=\"0\" marginwidth=\"0\" marginheight=\"0\" scrolling=\"no\" class=\"wp-embedded-content\"><\/iframe><script type=\"text\/javascript\">\n\/* <![CDATA[ *\/\n\/*! This file is auto-generated *\/\n!function(d,l){\"use strict\";l.querySelector&&d.addEventListener&&\"undefined\"!=typeof URL&&(d.wp=d.wp||{},d.wp.receiveEmbedMessage||(d.wp.receiveEmbedMessage=function(e){var t=e.data;if((t||t.secret||t.message||t.value)&&!\/[^a-zA-Z0-9]\/.test(t.secret)){for(var s,r,n,a=l.querySelectorAll('iframe[data-secret=\"'+t.secret+'\"]'),o=l.querySelectorAll('blockquote[data-secret=\"'+t.secret+'\"]'),c=new RegExp(\"^https?:$\",\"i\"),i=0;i<o.length;i++)o[i].style.display=\"none\";for(i=0;i<a.length;i++)s=a[i],e.source===s.contentWindow&&(s.removeAttribute(\"style\"),\"height\"===t.message?(1e3<(r=parseInt(t.value,10))?r=1e3:~~r<200&&(r=200),s.height=r):\"link\"===t.message&&(r=new URL(s.getAttribute(\"src\")),n=new URL(t.value),c.test(n.protocol))&&n.host===r.host&&l.activeElement===s&&(d.top.location.href=t.value))}},d.addEventListener(\"message\",d.wp.receiveEmbedMessage,!1),l.addEventListener(\"DOMContentLoaded\",function(){for(var e,t,s=l.querySelectorAll(\"iframe.wp-embedded-content\"),r=0;r<s.length;r++)(t=(e=s[r]).getAttribute(\"data-secret\"))||(t=Math.random().toString(36).substring(2,12),e.src+=\"#?secret=\"+t,e.setAttribute(\"data-secret\",t)),e.contentWindow.postMessage({message:\"ready\",secret:t},\"*\")},!1)))}(window,document);\n\/* ]]> *\/\n<\/script>\n","thumbnail_url":"https:\/\/d2p6e6u75xmxt8.cloudfront.net\/12\/2022\/08\/Strade-Bianche-Adam-CVR.jpg","thumbnail_width":990,"thumbnail_height":660,"description":"Az olasz Strade Bianche kifejez\u00e9s a finom, feh\u00e9r z\u00fazott kavicsokos, v\u00e9gtelennek t\u0171n\u0151 utakra utal, melyek ker\u00e9kp\u00e1rosok ezreit vonzz\u00e1k minden \u00e9vben az olasz Toszk\u00e1n\u00e1ba. K\u00e9t nagyszer\u0171 verseny, a profi UCI Strada Bianca \u00e9s a t\u00f6rt\u00e9nelmi, L\u2019Eroica nev\u0171 futam inspir\u00e1lja a kerekeseket, hogy a saj\u00e1tos feh\u00e9r utakon tekerjenek. Mit v\u00e1rhatunk az autentikus Strade Bianche-\u00e9lm\u00e9nyt\u0151l?"}

Škoda We Love Cycling - Magyarország

A Strade Bianche híres útjai, testközelből

<blockquote class="wp-embedded-content" data-secret="VLfSt2uM15"><a href="https://www.welovecycling.com/hu/orszaguti-kerekpar/a-strade-bianche-hires-utjai-testkozelbol/">A Strade Bianche híres útjai, testközelből</a></blockquote><iframe sandbox="allow-scripts" security="restricted" src="https://www.welovecycling.com/hu/orszaguti-kerekpar/a-strade-bianche-hires-utjai-testkozelbol/embed/#?secret=VLfSt2uM15" width="600" height="338" title="&#8220;A Strade Bianche híres útjai, testközelből&#8221; &#8212; Škoda We Love Cycling - Magyarország" data-secret="VLfSt2uM15" frameborder="0" marginwidth="0" marginheight="0" scrolling="no" class="wp-embedded-content"></iframe><script type="text/javascript">
/* <![CDATA[ */
/*! This file is auto-generated */
!function(d,l){"use strict";l.querySelector&&d.addEventListener&&"undefined"!=typeof URL&&(d.wp=d.wp||{},d.wp.receiveEmbedMessage||(d.wp.receiveEmbedMessage=function(e){var t=e.data;if((t||t.secret||t.message||t.value)&&!/[^a-zA-Z0-9]/.test(t.secret)){for(var s,r,n,a=l.querySelectorAll('iframe[data-secret="'+t.secret+'"]'),o=l.querySelectorAll('blockquote[data-secret="'+t.secret+'"]'),c=new RegExp("^https?:$","i"),i=0;i<o.length;i++)o[i].style.display="none";for(i=0;i<a.length;i++)s=a[i],e.source===s.contentWindow&&(s.removeAttribute("style"),"height"===t.message?(1e3<(r=parseInt(t.value,10))?r=1e3:~~r<200&&(r=200),s.height=r):"link"===t.message&&(r=new URL(s.getAttribute("src")),n=new URL(t.value),c.test(n.protocol))&&n.host===r.host&&l.activeElement===s&&(d.top.location.href=t.value))}},d.addEventListener("message",d.wp.receiveEmbedMessage,!1),l.addEventListener("DOMContentLoaded",function(){for(var e,t,s=l.querySelectorAll("iframe.wp-embedded-content"),r=0;r<s.length;r++)(t=(e=s[r]).getAttribute("data-secret"))||(t=Math.random().toString(36).substring(2,12),e.src+="#?secret="+t,e.setAttribute("data-secret",t)),e.contentWindow.postMessage({message:"ready",secret:t},"*")},!1)))}(window,document);
/* ]]> */
</script>

Az olasz Strade Bianche kifejezés a finom, fehér zúzott kavicsokos, végtelennek tűnő utakra utal, melyek kerékpárosok ezreit vonzzák minden évben az olasz Toszkánába. Két nagyszerű verseny, a profi UCI Strada Bianca és a történelmi, L’Eroica nevű futam inspirálja a kerekeseket, hogy a sajátos fehér utakon tekerjenek. Mit várhatunk az autentikus Strade Bianche-élménytől?
