{"version":"1.0","provider_name":"\u0160koda We Love Cycling - Magyarorsz\u00e1g","provider_url":"https:\/\/www.welovecycling.com\/hu","author_name":"hegyizs","author_url":"https:\/\/www.welovecycling.com\/hu\/author\/hegyizs\/","title":"A n\u0151i mez\u0151ny versenyz\u0151i: Elisa Longo Borghini","type":"rich","width":600,"height":338,"html":"<blockquote class=\"wp-embedded-content\" data-secret=\"YlykYuF0Sb\"><a href=\"https:\/\/www.welovecycling.com\/hu\/orszaguti-kerekpar\/a-noi-mezony-versenyzoi-elisa-longo-borghini\/\">A n\u0151i mez\u0151ny versenyz\u0151i: Elisa Longo Borghini<\/a><\/blockquote><iframe sandbox=\"allow-scripts\" security=\"restricted\" src=\"https:\/\/www.welovecycling.com\/hu\/orszaguti-kerekpar\/a-noi-mezony-versenyzoi-elisa-longo-borghini\/embed\/#?secret=YlykYuF0Sb\" width=\"600\" height=\"338\" title=\"&#8220;A n\u0151i mez\u0151ny versenyz\u0151i: Elisa Longo Borghini&#8221; &#8212; \u0160koda We Love Cycling - Magyarorsz\u00e1g\" data-secret=\"YlykYuF0Sb\" frameborder=\"0\" marginwidth=\"0\" marginheight=\"0\" scrolling=\"no\" class=\"wp-embedded-content\"><\/iframe><script type=\"text\/javascript\">\n\/* <![CDATA[ *\/\n\/*! This file is auto-generated *\/\n!function(d,l){\"use strict\";l.querySelector&&d.addEventListener&&\"undefined\"!=typeof URL&&(d.wp=d.wp||{},d.wp.receiveEmbedMessage||(d.wp.receiveEmbedMessage=function(e){var t=e.data;if((t||t.secret||t.message||t.value)&&!\/[^a-zA-Z0-9]\/.test(t.secret)){for(var s,r,n,a=l.querySelectorAll('iframe[data-secret=\"'+t.secret+'\"]'),o=l.querySelectorAll('blockquote[data-secret=\"'+t.secret+'\"]'),c=new RegExp(\"^https?:$\",\"i\"),i=0;i<o.length;i++)o[i].style.display=\"none\";for(i=0;i<a.length;i++)s=a[i],e.source===s.contentWindow&&(s.removeAttribute(\"style\"),\"height\"===t.message?(1e3<(r=parseInt(t.value,10))?r=1e3:~~r<200&&(r=200),s.height=r):\"link\"===t.message&&(r=new URL(s.getAttribute(\"src\")),n=new URL(t.value),c.test(n.protocol))&&n.host===r.host&&l.activeElement===s&&(d.top.location.href=t.value))}},d.addEventListener(\"message\",d.wp.receiveEmbedMessage,!1),l.addEventListener(\"DOMContentLoaded\",function(){for(var e,t,s=l.querySelectorAll(\"iframe.wp-embedded-content\"),r=0;r<s.length;r++)(t=(e=s[r]).getAttribute(\"data-secret\"))||(t=Math.random().toString(36).substring(2,12),e.src+=\"#?secret=\"+t,e.setAttribute(\"data-secret\",t)),e.contentWindow.postMessage({message:\"ready\",secret:t},\"*\")},!1)))}(window,document);\n\/* ]]> *\/\n<\/script>\n","thumbnail_url":"https:\/\/d2p6e6u75xmxt8.cloudfront.net\/12\/2024\/10\/Elisa-Longo-Borghini-profimedia-0890475913-CVR.webp","thumbnail_width":990,"thumbnail_height":660,"description":"Az elm\u00falt \u00e9vekben a n\u0151i ker\u00e9kp\u00e1rsport rohamosan fejl\u0151d\u00f6tt, t\u00f6bb rajong\u00f3t, szponzort \u00e9s m\u00e9diafigyelmet vonzottak a versenyek, mint eddig b\u00e1rmikor. Nem szabad megfeledkezn\u00fcnk arr\u00f3l, hogy ennek a n\u00e9pszer\u0171s\u00e9gi hull\u00e1mnak a k\u00f6z\u00e9ppontj\u00e1ban leny\u0171g\u00f6z\u0151 versenyz\u0151k \u00e1llnak - t\u0151l\u00fck lesz olyan izgalmas ez a sport."}

Škoda We Love Cycling - Magyarország

A női mezőny versenyzői: Elisa Longo Borghini

<blockquote class="wp-embedded-content" data-secret="YlykYuF0Sb"><a href="https://www.welovecycling.com/hu/orszaguti-kerekpar/a-noi-mezony-versenyzoi-elisa-longo-borghini/">A női mezőny versenyzői: Elisa Longo Borghini</a></blockquote><iframe sandbox="allow-scripts" security="restricted" src="https://www.welovecycling.com/hu/orszaguti-kerekpar/a-noi-mezony-versenyzoi-elisa-longo-borghini/embed/#?secret=YlykYuF0Sb" width="600" height="338" title="&#8220;A női mezőny versenyzői: Elisa Longo Borghini&#8221; &#8212; Škoda We Love Cycling - Magyarország" data-secret="YlykYuF0Sb" frameborder="0" marginwidth="0" marginheight="0" scrolling="no" class="wp-embedded-content"></iframe><script type="text/javascript">
/* <![CDATA[ */
/*! This file is auto-generated */
!function(d,l){"use strict";l.querySelector&&d.addEventListener&&"undefined"!=typeof URL&&(d.wp=d.wp||{},d.wp.receiveEmbedMessage||(d.wp.receiveEmbedMessage=function(e){var t=e.data;if((t||t.secret||t.message||t.value)&&!/[^a-zA-Z0-9]/.test(t.secret)){for(var s,r,n,a=l.querySelectorAll('iframe[data-secret="'+t.secret+'"]'),o=l.querySelectorAll('blockquote[data-secret="'+t.secret+'"]'),c=new RegExp("^https?:$","i"),i=0;i<o.length;i++)o[i].style.display="none";for(i=0;i<a.length;i++)s=a[i],e.source===s.contentWindow&&(s.removeAttribute("style"),"height"===t.message?(1e3<(r=parseInt(t.value,10))?r=1e3:~~r<200&&(r=200),s.height=r):"link"===t.message&&(r=new URL(s.getAttribute("src")),n=new URL(t.value),c.test(n.protocol))&&n.host===r.host&&l.activeElement===s&&(d.top.location.href=t.value))}},d.addEventListener("message",d.wp.receiveEmbedMessage,!1),l.addEventListener("DOMContentLoaded",function(){for(var e,t,s=l.querySelectorAll("iframe.wp-embedded-content"),r=0;r<s.length;r++)(t=(e=s[r]).getAttribute("data-secret"))||(t=Math.random().toString(36).substring(2,12),e.src+="#?secret="+t,e.setAttribute("data-secret",t)),e.contentWindow.postMessage({message:"ready",secret:t},"*")},!1)))}(window,document);
/* ]]> */
</script>

Az elmúlt években a női kerékpársport rohamosan fejlődött, több rajongót, szponzort és médiafigyelmet vonzottak a versenyek, mint eddig bármikor. Nem szabad megfeledkeznünk arról, hogy ennek a népszerűségi hullámnak a középpontjában lenyűgöző versenyzők állnak - tőlük lesz olyan izgalmas ez a sport.
