{"version":"1.0","provider_name":"\u0160koda We Love Cycling - Magyarorsz\u00e1g","provider_url":"https:\/\/www.welovecycling.com\/hu","author_name":"hegyizs","author_url":"https:\/\/www.welovecycling.com\/hu\/author\/hegyizs\/","title":"A csapatok a kies\u00e9s ellen k\u00fczdenek","type":"rich","width":600,"height":338,"html":"<blockquote class=\"wp-embedded-content\" data-secret=\"VikBqvoR1x\"><a href=\"https:\/\/www.welovecycling.com\/hu\/orszaguti-kerekpar\/a-csapatok-a-kieses-ellen-kuzdenek\/\">A csapatok a kies\u00e9s ellen k\u00fczdenek<\/a><\/blockquote><iframe sandbox=\"allow-scripts\" security=\"restricted\" src=\"https:\/\/www.welovecycling.com\/hu\/orszaguti-kerekpar\/a-csapatok-a-kieses-ellen-kuzdenek\/embed\/#?secret=VikBqvoR1x\" width=\"600\" height=\"338\" title=\"&#8220;A csapatok a kies\u00e9s ellen k\u00fczdenek&#8221; &#8212; \u0160koda We Love Cycling - Magyarorsz\u00e1g\" data-secret=\"VikBqvoR1x\" frameborder=\"0\" marginwidth=\"0\" marginheight=\"0\" scrolling=\"no\" class=\"wp-embedded-content\"><\/iframe><script type=\"text\/javascript\">\n\/* <![CDATA[ *\/\n\/*! This file is auto-generated *\/\n!function(d,l){\"use strict\";l.querySelector&&d.addEventListener&&\"undefined\"!=typeof URL&&(d.wp=d.wp||{},d.wp.receiveEmbedMessage||(d.wp.receiveEmbedMessage=function(e){var t=e.data;if((t||t.secret||t.message||t.value)&&!\/[^a-zA-Z0-9]\/.test(t.secret)){for(var s,r,n,a=l.querySelectorAll('iframe[data-secret=\"'+t.secret+'\"]'),o=l.querySelectorAll('blockquote[data-secret=\"'+t.secret+'\"]'),c=new RegExp(\"^https?:$\",\"i\"),i=0;i<o.length;i++)o[i].style.display=\"none\";for(i=0;i<a.length;i++)s=a[i],e.source===s.contentWindow&&(s.removeAttribute(\"style\"),\"height\"===t.message?(1e3<(r=parseInt(t.value,10))?r=1e3:~~r<200&&(r=200),s.height=r):\"link\"===t.message&&(r=new URL(s.getAttribute(\"src\")),n=new URL(t.value),c.test(n.protocol))&&n.host===r.host&&l.activeElement===s&&(d.top.location.href=t.value))}},d.addEventListener(\"message\",d.wp.receiveEmbedMessage,!1),l.addEventListener(\"DOMContentLoaded\",function(){for(var e,t,s=l.querySelectorAll(\"iframe.wp-embedded-content\"),r=0;r<s.length;r++)(t=(e=s[r]).getAttribute(\"data-secret\"))||(t=Math.random().toString(36).substring(2,12),e.src+=\"#?secret=\"+t,e.setAttribute(\"data-secret\",t)),e.contentWindow.postMessage({message:\"ready\",secret:t},\"*\")},!1)))}(window,document);\n\/* ]]> *\/\n<\/script>\n","thumbnail_url":"https:\/\/d2p6e6u75xmxt8.cloudfront.net\/12\/2022\/09\/Vuelta-Peloton-profimedia-072104927-CVR.jpg","thumbnail_width":990,"thumbnail_height":660,"description":"A szezon v\u00e9g\u00e9hez k\u00f6zeledve a ker\u00e9kp\u00e1rsportot ir\u00e1ny\u00edt\u00f3 szervezet meger\u0151s\u00edtette, hogy a WorldTour-enged\u00e9lyek\u00e9rt folytatott verseny k\u00f6vetkez\u0151 fordul\u00f3iban ragaszkodni fog a kies\u00e9si rendszerhez. A UCI ezen k\u00edv\u00fcl a szeptember 9-\u00e9n kiadott k\u00f6zlem\u00e9ny\u00e9ben elmondta, hogy \u00e9rv\u00e9nyre juttatja rangsorol\u00e1si rendszer\u00e9t, valamint 2023-ra nem b\u0151v\u00edti a WorldTour-t 18-r\u00f3l 20 csapatra, vagyis nem el\u0151zi meg, hogy n\u00e9h\u00e1ny csapatot visszasoroljanak a Continental Pro oszt\u00e1lyba."}

Škoda We Love Cycling - Magyarország

A csapatok a kiesés ellen küzdenek

<blockquote class="wp-embedded-content" data-secret="VikBqvoR1x"><a href="https://www.welovecycling.com/hu/orszaguti-kerekpar/a-csapatok-a-kieses-ellen-kuzdenek/">A csapatok a kiesés ellen küzdenek</a></blockquote><iframe sandbox="allow-scripts" security="restricted" src="https://www.welovecycling.com/hu/orszaguti-kerekpar/a-csapatok-a-kieses-ellen-kuzdenek/embed/#?secret=VikBqvoR1x" width="600" height="338" title="&#8220;A csapatok a kiesés ellen küzdenek&#8221; &#8212; Škoda We Love Cycling - Magyarország" data-secret="VikBqvoR1x" frameborder="0" marginwidth="0" marginheight="0" scrolling="no" class="wp-embedded-content"></iframe><script type="text/javascript">
/* <![CDATA[ */
/*! This file is auto-generated */
!function(d,l){"use strict";l.querySelector&&d.addEventListener&&"undefined"!=typeof URL&&(d.wp=d.wp||{},d.wp.receiveEmbedMessage||(d.wp.receiveEmbedMessage=function(e){var t=e.data;if((t||t.secret||t.message||t.value)&&!/[^a-zA-Z0-9]/.test(t.secret)){for(var s,r,n,a=l.querySelectorAll('iframe[data-secret="'+t.secret+'"]'),o=l.querySelectorAll('blockquote[data-secret="'+t.secret+'"]'),c=new RegExp("^https?:$","i"),i=0;i<o.length;i++)o[i].style.display="none";for(i=0;i<a.length;i++)s=a[i],e.source===s.contentWindow&&(s.removeAttribute("style"),"height"===t.message?(1e3<(r=parseInt(t.value,10))?r=1e3:~~r<200&&(r=200),s.height=r):"link"===t.message&&(r=new URL(s.getAttribute("src")),n=new URL(t.value),c.test(n.protocol))&&n.host===r.host&&l.activeElement===s&&(d.top.location.href=t.value))}},d.addEventListener("message",d.wp.receiveEmbedMessage,!1),l.addEventListener("DOMContentLoaded",function(){for(var e,t,s=l.querySelectorAll("iframe.wp-embedded-content"),r=0;r<s.length;r++)(t=(e=s[r]).getAttribute("data-secret"))||(t=Math.random().toString(36).substring(2,12),e.src+="#?secret="+t,e.setAttribute("data-secret",t)),e.contentWindow.postMessage({message:"ready",secret:t},"*")},!1)))}(window,document);
/* ]]> */
</script>

A szezon végéhez közeledve a kerékpársportot irányító szervezet megerősítette, hogy a WorldTour-engedélyekért folytatott verseny következő fordulóiban ragaszkodni fog a kiesési rendszerhez. A UCI ezen kívül a szeptember 9-én kiadott közleményében elmondta, hogy érvényre juttatja rangsorolási rendszerét, valamint 2023-ra nem bővíti a WorldTour-t 18-ról 20 csapatra, vagyis nem előzi meg, hogy néhány csapatot visszasoroljanak a Continental Pro osztályba.
