{"version":"1.0","provider_name":"\u0160koda We Love Cycling - Magyarorsz\u00e1g","provider_url":"https:\/\/www.welovecycling.com\/hu","author_name":"hegyizs","author_url":"https:\/\/www.welovecycling.com\/hu\/author\/hegyizs\/","title":"A h\u00f3nap \u00fatvonala \u2013 Augusztus: Gro\u00dfglockner","type":"rich","width":600,"height":338,"html":"<blockquote class=\"wp-embedded-content\" data-secret=\"jNzxj5aPlk\"><a href=\"https:\/\/www.welovecycling.com\/hu\/honap-utvonala\/a-honap-utvonala-augusztus-grosglockner\/\">A h\u00f3nap \u00fatvonala \u2013 Augusztus: Gro\u00dfglockner<\/a><\/blockquote><iframe sandbox=\"allow-scripts\" security=\"restricted\" src=\"https:\/\/www.welovecycling.com\/hu\/honap-utvonala\/a-honap-utvonala-augusztus-grosglockner\/embed\/#?secret=jNzxj5aPlk\" width=\"600\" height=\"338\" title=\"&#8220;A h\u00f3nap \u00fatvonala \u2013 Augusztus: Gro\u00dfglockner&#8221; &#8212; \u0160koda We Love Cycling - Magyarorsz\u00e1g\" data-secret=\"jNzxj5aPlk\" frameborder=\"0\" marginwidth=\"0\" marginheight=\"0\" scrolling=\"no\" class=\"wp-embedded-content\"><\/iframe><script type=\"text\/javascript\">\n\/* <![CDATA[ *\/\n\/*! This file is auto-generated *\/\n!function(d,l){\"use strict\";l.querySelector&&d.addEventListener&&\"undefined\"!=typeof URL&&(d.wp=d.wp||{},d.wp.receiveEmbedMessage||(d.wp.receiveEmbedMessage=function(e){var t=e.data;if((t||t.secret||t.message||t.value)&&!\/[^a-zA-Z0-9]\/.test(t.secret)){for(var s,r,n,a=l.querySelectorAll('iframe[data-secret=\"'+t.secret+'\"]'),o=l.querySelectorAll('blockquote[data-secret=\"'+t.secret+'\"]'),c=new RegExp(\"^https?:$\",\"i\"),i=0;i<o.length;i++)o[i].style.display=\"none\";for(i=0;i<a.length;i++)s=a[i],e.source===s.contentWindow&&(s.removeAttribute(\"style\"),\"height\"===t.message?(1e3<(r=parseInt(t.value,10))?r=1e3:~~r<200&&(r=200),s.height=r):\"link\"===t.message&&(r=new URL(s.getAttribute(\"src\")),n=new URL(t.value),c.test(n.protocol))&&n.host===r.host&&l.activeElement===s&&(d.top.location.href=t.value))}},d.addEventListener(\"message\",d.wp.receiveEmbedMessage,!1),l.addEventListener(\"DOMContentLoaded\",function(){for(var e,t,s=l.querySelectorAll(\"iframe.wp-embedded-content\"),r=0;r<s.length;r++)(t=(e=s[r]).getAttribute(\"data-secret\"))||(t=Math.random().toString(36).substring(2,12),e.src+=\"#?secret=\"+t,e.setAttribute(\"data-secret\",t)),e.contentWindow.postMessage({message:\"ready\",secret:t},\"*\")},!1)))}(window,document);\n\/* ]]> *\/\n<\/script>\n","thumbnail_url":"https:\/\/d2p6e6u75xmxt8.cloudfront.net\/12\/2021\/08\/large-WL016_honap_utvonala_aug_pusztai_laszlo_CIKK_cover.png","thumbnail_width":1000,"thumbnail_height":435,"description":"Pusztai L\u00e1szl\u00f3nak k\u00f6sz\u00f6nhetj\u00fck, hogy Ausztria legmagasabb hegy\u00e9nek sz\u00e9ps\u00e9g\u00e9t \u00e9lvezhetj\u00fck a leg\u00fajabb H\u00f3nap \u00fatvonal\u00e1t bemutat\u00f3 vide\u00f3ban. Persze a l\u00e1tv\u00e1nyt a k\u00fczdelem teszi igaz\u00e1n gy\u00f6ny\u00f6r\u0171v\u00e9, \u00edgy mindenkinek aj\u00e1nljuk, hogy l\u00e1togasson el a szomsz\u00e9dba egy kis hegyi kaland\u00e9rt! Laci \u00fatvonal\u00e1t b\u00e1tran k\u00f6vethetitek."}

Škoda We Love Cycling - Magyarország

A hónap útvonala – Augusztus: Großglockner

<blockquote class="wp-embedded-content" data-secret="jNzxj5aPlk"><a href="https://www.welovecycling.com/hu/honap-utvonala/a-honap-utvonala-augusztus-grosglockner/">A hónap útvonala – Augusztus: Großglockner</a></blockquote><iframe sandbox="allow-scripts" security="restricted" src="https://www.welovecycling.com/hu/honap-utvonala/a-honap-utvonala-augusztus-grosglockner/embed/#?secret=jNzxj5aPlk" width="600" height="338" title="&#8220;A hónap útvonala – Augusztus: Großglockner&#8221; &#8212; Škoda We Love Cycling - Magyarország" data-secret="jNzxj5aPlk" frameborder="0" marginwidth="0" marginheight="0" scrolling="no" class="wp-embedded-content"></iframe><script type="text/javascript">
/* <![CDATA[ */
/*! This file is auto-generated */
!function(d,l){"use strict";l.querySelector&&d.addEventListener&&"undefined"!=typeof URL&&(d.wp=d.wp||{},d.wp.receiveEmbedMessage||(d.wp.receiveEmbedMessage=function(e){var t=e.data;if((t||t.secret||t.message||t.value)&&!/[^a-zA-Z0-9]/.test(t.secret)){for(var s,r,n,a=l.querySelectorAll('iframe[data-secret="'+t.secret+'"]'),o=l.querySelectorAll('blockquote[data-secret="'+t.secret+'"]'),c=new RegExp("^https?:$","i"),i=0;i<o.length;i++)o[i].style.display="none";for(i=0;i<a.length;i++)s=a[i],e.source===s.contentWindow&&(s.removeAttribute("style"),"height"===t.message?(1e3<(r=parseInt(t.value,10))?r=1e3:~~r<200&&(r=200),s.height=r):"link"===t.message&&(r=new URL(s.getAttribute("src")),n=new URL(t.value),c.test(n.protocol))&&n.host===r.host&&l.activeElement===s&&(d.top.location.href=t.value))}},d.addEventListener("message",d.wp.receiveEmbedMessage,!1),l.addEventListener("DOMContentLoaded",function(){for(var e,t,s=l.querySelectorAll("iframe.wp-embedded-content"),r=0;r<s.length;r++)(t=(e=s[r]).getAttribute("data-secret"))||(t=Math.random().toString(36).substring(2,12),e.src+="#?secret="+t,e.setAttribute("data-secret",t)),e.contentWindow.postMessage({message:"ready",secret:t},"*")},!1)))}(window,document);
/* ]]> */
</script>

Pusztai Lászlónak köszönhetjük, hogy Ausztria legmagasabb hegyének szépségét élvezhetjük a legújabb Hónap útvonalát bemutató videóban. Persze a látványt a küzdelem teszi igazán gyönyörűvé, így mindenkinek ajánljuk, hogy látogasson el a szomszédba egy kis hegyi kalandért! Laci útvonalát bátran követhetitek.
