{"version":"1.0","provider_name":"\u0160koda We Love Cycling - Magyarorsz\u00e1g","provider_url":"https:\/\/www.welovecycling.com\/hu","author_name":"hegyizs","author_url":"https:\/\/www.welovecycling.com\/hu\/author\/hegyizs\/","title":"T\u00e1panyagok, melyek lass\u00edtj\u00e1k az agy \u00f6reged\u00e9s\u00e9t","type":"rich","width":600,"height":338,"html":"<blockquote class=\"wp-embedded-content\" data-secret=\"mnUdOKGFek\"><a href=\"https:\/\/www.welovecycling.com\/hu\/edzes-es-eletmod\/tapanyagok-melyek-lassitjak-az-agy-oregedeset\/\">T\u00e1panyagok, melyek lass\u00edtj\u00e1k az agy \u00f6reged\u00e9s\u00e9t<\/a><\/blockquote><iframe sandbox=\"allow-scripts\" security=\"restricted\" src=\"https:\/\/www.welovecycling.com\/hu\/edzes-es-eletmod\/tapanyagok-melyek-lassitjak-az-agy-oregedeset\/embed\/#?secret=mnUdOKGFek\" width=\"600\" height=\"338\" title=\"&#8220;T\u00e1panyagok, melyek lass\u00edtj\u00e1k az agy \u00f6reged\u00e9s\u00e9t&#8221; &#8212; \u0160koda We Love Cycling - Magyarorsz\u00e1g\" data-secret=\"mnUdOKGFek\" frameborder=\"0\" marginwidth=\"0\" marginheight=\"0\" scrolling=\"no\" class=\"wp-embedded-content\"><\/iframe><script type=\"text\/javascript\">\n\/* <![CDATA[ *\/\n\/*! This file is auto-generated *\/\n!function(d,l){\"use strict\";l.querySelector&&d.addEventListener&&\"undefined\"!=typeof URL&&(d.wp=d.wp||{},d.wp.receiveEmbedMessage||(d.wp.receiveEmbedMessage=function(e){var t=e.data;if((t||t.secret||t.message||t.value)&&!\/[^a-zA-Z0-9]\/.test(t.secret)){for(var s,r,n,a=l.querySelectorAll('iframe[data-secret=\"'+t.secret+'\"]'),o=l.querySelectorAll('blockquote[data-secret=\"'+t.secret+'\"]'),c=new RegExp(\"^https?:$\",\"i\"),i=0;i<o.length;i++)o[i].style.display=\"none\";for(i=0;i<a.length;i++)s=a[i],e.source===s.contentWindow&&(s.removeAttribute(\"style\"),\"height\"===t.message?(1e3<(r=parseInt(t.value,10))?r=1e3:~~r<200&&(r=200),s.height=r):\"link\"===t.message&&(r=new URL(s.getAttribute(\"src\")),n=new URL(t.value),c.test(n.protocol))&&n.host===r.host&&l.activeElement===s&&(d.top.location.href=t.value))}},d.addEventListener(\"message\",d.wp.receiveEmbedMessage,!1),l.addEventListener(\"DOMContentLoaded\",function(){for(var e,t,s=l.querySelectorAll(\"iframe.wp-embedded-content\"),r=0;r<s.length;r++)(t=(e=s[r]).getAttribute(\"data-secret\"))||(t=Math.random().toString(36).substring(2,12),e.src+=\"#?secret=\"+t,e.setAttribute(\"data-secret\",t)),e.contentWindow.postMessage({message:\"ready\",secret:t},\"*\")},!1)))}(window,document);\n\/* ]]> *\/\n<\/script>\n","thumbnail_url":"https:\/\/d2p6e6u75xmxt8.cloudfront.net\/12\/2023\/02\/Mediterranean-Diet-profimedia-0737076260-2_CVR.webp","thumbnail_width":990,"thumbnail_height":660,"description":"Az eg\u00e9szs\u00e9ges agy meg\u0151rz\u00e9se korunk el\u0151rehaladt\u00e1val kulcsfontoss\u00e1g\u00fa az akt\u00edv \u00e9s f\u00fcggetlen \u00e9letm\u00f3d fenntart\u00e1s\u00e1hoz. Az \u00e9trend pedig jelent\u0151s szerepet j\u00e1tszik ebben. A Nebraska Egyetem kutat\u00f3i egy \u00faj m\u00f3dszer seg\u00edts\u00e9g\u00e9vel kutatt\u00e1k, hogy milyen \u00e9teleket fogyasztanak azok az emberek, akikn\u00e9l kitol\u00f3dik az agyi \u00f6reged\u00e9s. N\u00e9zz\u00fck meg k\u00f6zelebbr\u0151l, milyen t\u00e1panyagokra is v\u00e1gyik az agyunk!"}

Škoda We Love Cycling - Magyarország

Tápanyagok, melyek lassítják az agy öregedését

<blockquote class="wp-embedded-content" data-secret="mnUdOKGFek"><a href="https://www.welovecycling.com/hu/edzes-es-eletmod/tapanyagok-melyek-lassitjak-az-agy-oregedeset/">Tápanyagok, melyek lassítják az agy öregedését</a></blockquote><iframe sandbox="allow-scripts" security="restricted" src="https://www.welovecycling.com/hu/edzes-es-eletmod/tapanyagok-melyek-lassitjak-az-agy-oregedeset/embed/#?secret=mnUdOKGFek" width="600" height="338" title="&#8220;Tápanyagok, melyek lassítják az agy öregedését&#8221; &#8212; Škoda We Love Cycling - Magyarország" data-secret="mnUdOKGFek" frameborder="0" marginwidth="0" marginheight="0" scrolling="no" class="wp-embedded-content"></iframe><script type="text/javascript">
/* <![CDATA[ */
/*! This file is auto-generated */
!function(d,l){"use strict";l.querySelector&&d.addEventListener&&"undefined"!=typeof URL&&(d.wp=d.wp||{},d.wp.receiveEmbedMessage||(d.wp.receiveEmbedMessage=function(e){var t=e.data;if((t||t.secret||t.message||t.value)&&!/[^a-zA-Z0-9]/.test(t.secret)){for(var s,r,n,a=l.querySelectorAll('iframe[data-secret="'+t.secret+'"]'),o=l.querySelectorAll('blockquote[data-secret="'+t.secret+'"]'),c=new RegExp("^https?:$","i"),i=0;i<o.length;i++)o[i].style.display="none";for(i=0;i<a.length;i++)s=a[i],e.source===s.contentWindow&&(s.removeAttribute("style"),"height"===t.message?(1e3<(r=parseInt(t.value,10))?r=1e3:~~r<200&&(r=200),s.height=r):"link"===t.message&&(r=new URL(s.getAttribute("src")),n=new URL(t.value),c.test(n.protocol))&&n.host===r.host&&l.activeElement===s&&(d.top.location.href=t.value))}},d.addEventListener("message",d.wp.receiveEmbedMessage,!1),l.addEventListener("DOMContentLoaded",function(){for(var e,t,s=l.querySelectorAll("iframe.wp-embedded-content"),r=0;r<s.length;r++)(t=(e=s[r]).getAttribute("data-secret"))||(t=Math.random().toString(36).substring(2,12),e.src+="#?secret="+t,e.setAttribute("data-secret",t)),e.contentWindow.postMessage({message:"ready",secret:t},"*")},!1)))}(window,document);
/* ]]> */
</script>

Az egészséges agy megőrzése korunk előrehaladtával kulcsfontosságú az aktív és független életmód fenntartásához. Az étrend pedig jelentős szerepet játszik ebben. A Nebraska Egyetem kutatói egy új módszer segítségével kutatták, hogy milyen ételeket fogyasztanak azok az emberek, akiknél kitolódik az agyi öregedés. Nézzük meg közelebbről, milyen tápanyagokra is vágyik az agyunk!
