{"version":"1.0","provider_name":"\u0160koda We Love Cycling - Magyarorsz\u00e1g","provider_url":"https:\/\/www.welovecycling.com\/hu","author_name":"hegyizs","author_url":"https:\/\/www.welovecycling.com\/hu\/author\/hegyizs\/","title":"\u00c9rdemes a ker\u00e9kp\u00e1rosoknak karnitint szedni?","type":"rich","width":600,"height":338,"html":"<blockquote class=\"wp-embedded-content\" data-secret=\"bjOQsz9s4N\"><a href=\"https:\/\/www.welovecycling.com\/hu\/edzes-es-eletmod\/erdemes-a-kerekparosoknak-karnitint-szedni\/\">\u00c9rdemes a ker\u00e9kp\u00e1rosoknak karnitint szedni?<\/a><\/blockquote><iframe sandbox=\"allow-scripts\" security=\"restricted\" src=\"https:\/\/www.welovecycling.com\/hu\/edzes-es-eletmod\/erdemes-a-kerekparosoknak-karnitint-szedni\/embed\/#?secret=bjOQsz9s4N\" width=\"600\" height=\"338\" title=\"&#8220;\u00c9rdemes a ker\u00e9kp\u00e1rosoknak karnitint szedni?&#8221; &#8212; \u0160koda We Love Cycling - Magyarorsz\u00e1g\" data-secret=\"bjOQsz9s4N\" frameborder=\"0\" marginwidth=\"0\" marginheight=\"0\" scrolling=\"no\" class=\"wp-embedded-content\"><\/iframe><script type=\"text\/javascript\">\n\/* <![CDATA[ *\/\n\/*! This file is auto-generated *\/\n!function(d,l){\"use strict\";l.querySelector&&d.addEventListener&&\"undefined\"!=typeof URL&&(d.wp=d.wp||{},d.wp.receiveEmbedMessage||(d.wp.receiveEmbedMessage=function(e){var t=e.data;if((t||t.secret||t.message||t.value)&&!\/[^a-zA-Z0-9]\/.test(t.secret)){for(var s,r,n,a=l.querySelectorAll('iframe[data-secret=\"'+t.secret+'\"]'),o=l.querySelectorAll('blockquote[data-secret=\"'+t.secret+'\"]'),c=new RegExp(\"^https?:$\",\"i\"),i=0;i<o.length;i++)o[i].style.display=\"none\";for(i=0;i<a.length;i++)s=a[i],e.source===s.contentWindow&&(s.removeAttribute(\"style\"),\"height\"===t.message?(1e3<(r=parseInt(t.value,10))?r=1e3:~~r<200&&(r=200),s.height=r):\"link\"===t.message&&(r=new URL(s.getAttribute(\"src\")),n=new URL(t.value),c.test(n.protocol))&&n.host===r.host&&l.activeElement===s&&(d.top.location.href=t.value))}},d.addEventListener(\"message\",d.wp.receiveEmbedMessage,!1),l.addEventListener(\"DOMContentLoaded\",function(){for(var e,t,s=l.querySelectorAll(\"iframe.wp-embedded-content\"),r=0;r<s.length;r++)(t=(e=s[r]).getAttribute(\"data-secret\"))||(t=Math.random().toString(36).substring(2,12),e.src+=\"#?secret=\"+t,e.setAttribute(\"data-secret\",t)),e.contentWindow.postMessage({message:\"ready\",secret:t},\"*\")},!1)))}(window,document);\n\/* ]]> *\/\n<\/script>\n","thumbnail_url":"https:\/\/d2p6e6u75xmxt8.cloudfront.net\/12\/2023\/08\/Carnitine-Creatine-Supplements-profimedia-0665838856-CVR.webp","thumbnail_width":990,"thumbnail_height":660,"description":"A karnitin egy term\u00e9szetes vegy\u00fclet, amely h\u00fasf\u00e9l\u00e9kben tal\u00e1lhat\u00f3 meg, de zs\u00edr\u00e9get\u0151 kieg\u00e9sz\u00edt\u0151k\u00e9nt is igen n\u00e9pszer\u0171v\u00e9 v\u00e1lt az ut\u00f3bbi id\u0151ben. Azok a ker\u00e9kp\u00e1rosok, akik \u00fagy \u00e9rzik, cs\u00f6kkenteni\u00fck kell a testzs\u00edr-sz\u00e1zal\u00e9kukat, hogy jav\u00edthass\u00e1k teljes\u00edtm\u00e9ny-testt\u00f6meg ar\u00e1nyukat, m\u00e1r biztosan felkapt\u00e1k a fej\u00fcket."}

Škoda We Love Cycling - Magyarország

Érdemes a kerékpárosoknak karnitint szedni?

<blockquote class="wp-embedded-content" data-secret="bjOQsz9s4N"><a href="https://www.welovecycling.com/hu/edzes-es-eletmod/erdemes-a-kerekparosoknak-karnitint-szedni/">Érdemes a kerékpárosoknak karnitint szedni?</a></blockquote><iframe sandbox="allow-scripts" security="restricted" src="https://www.welovecycling.com/hu/edzes-es-eletmod/erdemes-a-kerekparosoknak-karnitint-szedni/embed/#?secret=bjOQsz9s4N" width="600" height="338" title="&#8220;Érdemes a kerékpárosoknak karnitint szedni?&#8221; &#8212; Škoda We Love Cycling - Magyarország" data-secret="bjOQsz9s4N" frameborder="0" marginwidth="0" marginheight="0" scrolling="no" class="wp-embedded-content"></iframe><script type="text/javascript">
/* <![CDATA[ */
/*! This file is auto-generated */
!function(d,l){"use strict";l.querySelector&&d.addEventListener&&"undefined"!=typeof URL&&(d.wp=d.wp||{},d.wp.receiveEmbedMessage||(d.wp.receiveEmbedMessage=function(e){var t=e.data;if((t||t.secret||t.message||t.value)&&!/[^a-zA-Z0-9]/.test(t.secret)){for(var s,r,n,a=l.querySelectorAll('iframe[data-secret="'+t.secret+'"]'),o=l.querySelectorAll('blockquote[data-secret="'+t.secret+'"]'),c=new RegExp("^https?:$","i"),i=0;i<o.length;i++)o[i].style.display="none";for(i=0;i<a.length;i++)s=a[i],e.source===s.contentWindow&&(s.removeAttribute("style"),"height"===t.message?(1e3<(r=parseInt(t.value,10))?r=1e3:~~r<200&&(r=200),s.height=r):"link"===t.message&&(r=new URL(s.getAttribute("src")),n=new URL(t.value),c.test(n.protocol))&&n.host===r.host&&l.activeElement===s&&(d.top.location.href=t.value))}},d.addEventListener("message",d.wp.receiveEmbedMessage,!1),l.addEventListener("DOMContentLoaded",function(){for(var e,t,s=l.querySelectorAll("iframe.wp-embedded-content"),r=0;r<s.length;r++)(t=(e=s[r]).getAttribute("data-secret"))||(t=Math.random().toString(36).substring(2,12),e.src+="#?secret="+t,e.setAttribute("data-secret",t)),e.contentWindow.postMessage({message:"ready",secret:t},"*")},!1)))}(window,document);
/* ]]> */
</script>

A karnitin egy természetes vegyület, amely húsfélékben található meg, de zsírégető kiegészítőként is igen népszerűvé vált az utóbbi időben. Azok a kerékpárosok, akik úgy érzik, csökkenteniük kell a testzsír-százalékukat, hogy javíthassák teljesítmény-testtömeg arányukat, már biztosan felkapták a fejüket.
