{"version":"1.0","provider_name":"\u0160koda We Love Cycling - Magyarorsz\u00e1g","provider_url":"https:\/\/www.welovecycling.com\/hu","author_name":"hegyizs","author_url":"https:\/\/www.welovecycling.com\/hu\/author\/hegyizs\/","title":"E-bicikliz\u00e9s a j\u00f3 eg\u00e9szs\u00e9g\u00e9rt","type":"rich","width":600,"height":338,"html":"<blockquote class=\"wp-embedded-content\" data-secret=\"Rirs3gQsDf\"><a href=\"https:\/\/www.welovecycling.com\/hu\/edzes-es-eletmod\/e-biciklizes-a-jo-egeszsegert\/\">E-bicikliz\u00e9s a j\u00f3 eg\u00e9szs\u00e9g\u00e9rt<\/a><\/blockquote><iframe sandbox=\"allow-scripts\" security=\"restricted\" src=\"https:\/\/www.welovecycling.com\/hu\/edzes-es-eletmod\/e-biciklizes-a-jo-egeszsegert\/embed\/#?secret=Rirs3gQsDf\" width=\"600\" height=\"338\" title=\"&#8220;E-bicikliz\u00e9s a j\u00f3 eg\u00e9szs\u00e9g\u00e9rt&#8221; &#8212; \u0160koda We Love Cycling - Magyarorsz\u00e1g\" data-secret=\"Rirs3gQsDf\" frameborder=\"0\" marginwidth=\"0\" marginheight=\"0\" scrolling=\"no\" class=\"wp-embedded-content\"><\/iframe><script type=\"text\/javascript\">\n\/* <![CDATA[ *\/\n\/*! This file is auto-generated *\/\n!function(d,l){\"use strict\";l.querySelector&&d.addEventListener&&\"undefined\"!=typeof URL&&(d.wp=d.wp||{},d.wp.receiveEmbedMessage||(d.wp.receiveEmbedMessage=function(e){var t=e.data;if((t||t.secret||t.message||t.value)&&!\/[^a-zA-Z0-9]\/.test(t.secret)){for(var s,r,n,a=l.querySelectorAll('iframe[data-secret=\"'+t.secret+'\"]'),o=l.querySelectorAll('blockquote[data-secret=\"'+t.secret+'\"]'),c=new RegExp(\"^https?:$\",\"i\"),i=0;i<o.length;i++)o[i].style.display=\"none\";for(i=0;i<a.length;i++)s=a[i],e.source===s.contentWindow&&(s.removeAttribute(\"style\"),\"height\"===t.message?(1e3<(r=parseInt(t.value,10))?r=1e3:~~r<200&&(r=200),s.height=r):\"link\"===t.message&&(r=new URL(s.getAttribute(\"src\")),n=new URL(t.value),c.test(n.protocol))&&n.host===r.host&&l.activeElement===s&&(d.top.location.href=t.value))}},d.addEventListener(\"message\",d.wp.receiveEmbedMessage,!1),l.addEventListener(\"DOMContentLoaded\",function(){for(var e,t,s=l.querySelectorAll(\"iframe.wp-embedded-content\"),r=0;r<s.length;r++)(t=(e=s[r]).getAttribute(\"data-secret\"))||(t=Math.random().toString(36).substring(2,12),e.src+=\"#?secret=\"+t,e.setAttribute(\"data-secret\",t)),e.contentWindow.postMessage({message:\"ready\",secret:t},\"*\")},!1)))}(window,document);\n\/* ]]> *\/\n<\/script>\n","thumbnail_url":"https:\/\/d2p6e6u75xmxt8.cloudfront.net\/12\/2022\/12\/E-Bike-MTB-Woman-profimedia-0711447027-CVR.webp","thumbnail_width":990,"thumbnail_height":660,"description":"Azt hiszem, a legt\u00f6bben egyet\u00e9rthet\u00fcnk abban, hogy az elektromos ker\u00e9kp\u00e1roknak van n\u00e9h\u00e1ny fontos el\u0151nye a hagyom\u00e1nyos orsz\u00e1g\u00fati ker\u00e9kp\u00e1rokkal szemben. P\u00e9ld\u00e1ul lehet\u0151v\u00e9 teszik, hogy olyan dombokat m\u00e1sszunk meg vel\u00fck, amiket n\u00e9lk\u00fcl\u00fck nem tudn\u00e1nk."}

Škoda We Love Cycling - Magyarország

E-biciklizés a jó egészségért

<blockquote class="wp-embedded-content" data-secret="Rirs3gQsDf"><a href="https://www.welovecycling.com/hu/edzes-es-eletmod/e-biciklizes-a-jo-egeszsegert/">E-biciklizés a jó egészségért</a></blockquote><iframe sandbox="allow-scripts" security="restricted" src="https://www.welovecycling.com/hu/edzes-es-eletmod/e-biciklizes-a-jo-egeszsegert/embed/#?secret=Rirs3gQsDf" width="600" height="338" title="&#8220;E-biciklizés a jó egészségért&#8221; &#8212; Škoda We Love Cycling - Magyarország" data-secret="Rirs3gQsDf" frameborder="0" marginwidth="0" marginheight="0" scrolling="no" class="wp-embedded-content"></iframe><script type="text/javascript">
/* <![CDATA[ */
/*! This file is auto-generated */
!function(d,l){"use strict";l.querySelector&&d.addEventListener&&"undefined"!=typeof URL&&(d.wp=d.wp||{},d.wp.receiveEmbedMessage||(d.wp.receiveEmbedMessage=function(e){var t=e.data;if((t||t.secret||t.message||t.value)&&!/[^a-zA-Z0-9]/.test(t.secret)){for(var s,r,n,a=l.querySelectorAll('iframe[data-secret="'+t.secret+'"]'),o=l.querySelectorAll('blockquote[data-secret="'+t.secret+'"]'),c=new RegExp("^https?:$","i"),i=0;i<o.length;i++)o[i].style.display="none";for(i=0;i<a.length;i++)s=a[i],e.source===s.contentWindow&&(s.removeAttribute("style"),"height"===t.message?(1e3<(r=parseInt(t.value,10))?r=1e3:~~r<200&&(r=200),s.height=r):"link"===t.message&&(r=new URL(s.getAttribute("src")),n=new URL(t.value),c.test(n.protocol))&&n.host===r.host&&l.activeElement===s&&(d.top.location.href=t.value))}},d.addEventListener("message",d.wp.receiveEmbedMessage,!1),l.addEventListener("DOMContentLoaded",function(){for(var e,t,s=l.querySelectorAll("iframe.wp-embedded-content"),r=0;r<s.length;r++)(t=(e=s[r]).getAttribute("data-secret"))||(t=Math.random().toString(36).substring(2,12),e.src+="#?secret="+t,e.setAttribute("data-secret",t)),e.contentWindow.postMessage({message:"ready",secret:t},"*")},!1)))}(window,document);
/* ]]> */
</script>

Azt hiszem, a legtöbben egyetérthetünk abban, hogy az elektromos kerékpároknak van néhány fontos előnye a hagyományos országúti kerékpárokkal szemben. Például lehetővé teszik, hogy olyan dombokat másszunk meg velük, amiket nélkülük nem tudnánk.
