{"version":"1.0","provider_name":"\u0160koda We Love Cycling - Magyarorsz\u00e1g","provider_url":"https:\/\/www.welovecycling.com\/hu","author_name":"hegyizs","author_url":"https:\/\/www.welovecycling.com\/hu\/author\/hegyizs\/","title":"A legjobb hal\u00e9telek bicikliseknek","type":"rich","width":600,"height":338,"html":"<blockquote class=\"wp-embedded-content\" data-secret=\"ZHz8wRSfgU\"><a href=\"https:\/\/www.welovecycling.com\/hu\/edzes-es-eletmod\/a-legjobb-haletelek-bicikliseknek\/\">A legjobb hal\u00e9telek bicikliseknek<\/a><\/blockquote><iframe sandbox=\"allow-scripts\" security=\"restricted\" src=\"https:\/\/www.welovecycling.com\/hu\/edzes-es-eletmod\/a-legjobb-haletelek-bicikliseknek\/embed\/#?secret=ZHz8wRSfgU\" width=\"600\" height=\"338\" title=\"&#8220;A legjobb hal\u00e9telek bicikliseknek&#8221; &#8212; \u0160koda We Love Cycling - Magyarorsz\u00e1g\" data-secret=\"ZHz8wRSfgU\" frameborder=\"0\" marginwidth=\"0\" marginheight=\"0\" scrolling=\"no\" class=\"wp-embedded-content\"><\/iframe><script type=\"text\/javascript\">\n\/* <![CDATA[ *\/\n\/*! This file is auto-generated *\/\n!function(d,l){\"use strict\";l.querySelector&&d.addEventListener&&\"undefined\"!=typeof URL&&(d.wp=d.wp||{},d.wp.receiveEmbedMessage||(d.wp.receiveEmbedMessage=function(e){var t=e.data;if((t||t.secret||t.message||t.value)&&!\/[^a-zA-Z0-9]\/.test(t.secret)){for(var s,r,n,a=l.querySelectorAll('iframe[data-secret=\"'+t.secret+'\"]'),o=l.querySelectorAll('blockquote[data-secret=\"'+t.secret+'\"]'),c=new RegExp(\"^https?:$\",\"i\"),i=0;i<o.length;i++)o[i].style.display=\"none\";for(i=0;i<a.length;i++)s=a[i],e.source===s.contentWindow&&(s.removeAttribute(\"style\"),\"height\"===t.message?(1e3<(r=parseInt(t.value,10))?r=1e3:~~r<200&&(r=200),s.height=r):\"link\"===t.message&&(r=new URL(s.getAttribute(\"src\")),n=new URL(t.value),c.test(n.protocol))&&n.host===r.host&&l.activeElement===s&&(d.top.location.href=t.value))}},d.addEventListener(\"message\",d.wp.receiveEmbedMessage,!1),l.addEventListener(\"DOMContentLoaded\",function(){for(var e,t,s=l.querySelectorAll(\"iframe.wp-embedded-content\"),r=0;r<s.length;r++)(t=(e=s[r]).getAttribute(\"data-secret\"))||(t=Math.random().toString(36).substring(2,12),e.src+=\"#?secret=\"+t,e.setAttribute(\"data-secret\",t)),e.contentWindow.postMessage({message:\"ready\",secret:t},\"*\")},!1)))}(window,document);\n\/* ]]> *\/\n<\/script>\n","thumbnail_url":"https:\/\/d2p6e6u75xmxt8.cloudfront.net\/12\/2021\/07\/fish-2105233_1920.jpeg","thumbnail_width":1920,"thumbnail_height":1280,"description":"Ami az eg\u00e9szs\u00e9get \u00e9s a j\u00f3 teljes\u00edtm\u00e9nyt illeti, rengeteg indok sz\u00f3l amellett, hogy a tenger gy\u00fcm\u00f6lcsei ott vannak a bring\u00e1sok \u00e9tlapj\u00e1n. A halak tele vannak feh\u00e9rj\u00e9vel, eg\u00e9szs\u00e9ges zs\u00edrokkal, vitaminokkal \u00e9s \u00e1sv\u00e1nyi anyagokkal. Ha a v\u00f6r\u00f6s h\u00fasok egy r\u00e9sz\u00e9t herkenty\u0171kre cser\u00e9led, ak\u00e1r \u00e9vekkel is meghosszabb\u00edthatod az \u00e9leted!"}

Škoda We Love Cycling - Magyarország

A legjobb halételek bicikliseknek

<blockquote class="wp-embedded-content" data-secret="ZHz8wRSfgU"><a href="https://www.welovecycling.com/hu/edzes-es-eletmod/a-legjobb-haletelek-bicikliseknek/">A legjobb halételek bicikliseknek</a></blockquote><iframe sandbox="allow-scripts" security="restricted" src="https://www.welovecycling.com/hu/edzes-es-eletmod/a-legjobb-haletelek-bicikliseknek/embed/#?secret=ZHz8wRSfgU" width="600" height="338" title="&#8220;A legjobb halételek bicikliseknek&#8221; &#8212; Škoda We Love Cycling - Magyarország" data-secret="ZHz8wRSfgU" frameborder="0" marginwidth="0" marginheight="0" scrolling="no" class="wp-embedded-content"></iframe><script type="text/javascript">
/* <![CDATA[ */
/*! This file is auto-generated */
!function(d,l){"use strict";l.querySelector&&d.addEventListener&&"undefined"!=typeof URL&&(d.wp=d.wp||{},d.wp.receiveEmbedMessage||(d.wp.receiveEmbedMessage=function(e){var t=e.data;if((t||t.secret||t.message||t.value)&&!/[^a-zA-Z0-9]/.test(t.secret)){for(var s,r,n,a=l.querySelectorAll('iframe[data-secret="'+t.secret+'"]'),o=l.querySelectorAll('blockquote[data-secret="'+t.secret+'"]'),c=new RegExp("^https?:$","i"),i=0;i<o.length;i++)o[i].style.display="none";for(i=0;i<a.length;i++)s=a[i],e.source===s.contentWindow&&(s.removeAttribute("style"),"height"===t.message?(1e3<(r=parseInt(t.value,10))?r=1e3:~~r<200&&(r=200),s.height=r):"link"===t.message&&(r=new URL(s.getAttribute("src")),n=new URL(t.value),c.test(n.protocol))&&n.host===r.host&&l.activeElement===s&&(d.top.location.href=t.value))}},d.addEventListener("message",d.wp.receiveEmbedMessage,!1),l.addEventListener("DOMContentLoaded",function(){for(var e,t,s=l.querySelectorAll("iframe.wp-embedded-content"),r=0;r<s.length;r++)(t=(e=s[r]).getAttribute("data-secret"))||(t=Math.random().toString(36).substring(2,12),e.src+="#?secret="+t,e.setAttribute("data-secret",t)),e.contentWindow.postMessage({message:"ready",secret:t},"*")},!1)))}(window,document);
/* ]]> */
</script>

Ami az egészséget és a jó teljesítményt illeti, rengeteg indok szól amellett, hogy a tenger gyümölcsei ott vannak a bringások étlapján. A halak tele vannak fehérjével, egészséges zsírokkal, vitaminokkal és ásványi anyagokkal. Ha a vörös húsok egy részét herkentyűkre cseréled, akár évekkel is meghosszabbíthatod az életed!
