{"version":"1.0","provider_name":"\u0160koda We Love Cycling - Magyarorsz\u00e1g","provider_url":"https:\/\/www.welovecycling.com\/hu","author_name":"hegyizs","author_url":"https:\/\/www.welovecycling.com\/hu\/author\/hegyizs\/","title":"Tandemezni egy amat\u0151r biciklissel \u2013 lehets\u00e9ges egy\u00e1ltal\u00e1n?","type":"rich","width":600,"height":338,"html":"<blockquote class=\"wp-embedded-content\" data-secret=\"FQJOlCuEOX\"><a href=\"https:\/\/www.welovecycling.com\/hu\/csalad\/tandemezni-egy-amator-biciklissel-lehetseges-egyaltalan\/\">Tandemezni egy amat\u0151r biciklissel \u2013 lehets\u00e9ges egy\u00e1ltal\u00e1n?<\/a><\/blockquote><iframe sandbox=\"allow-scripts\" security=\"restricted\" src=\"https:\/\/www.welovecycling.com\/hu\/csalad\/tandemezni-egy-amator-biciklissel-lehetseges-egyaltalan\/embed\/#?secret=FQJOlCuEOX\" width=\"600\" height=\"338\" title=\"&#8220;Tandemezni egy amat\u0151r biciklissel \u2013 lehets\u00e9ges egy\u00e1ltal\u00e1n?&#8221; &#8212; \u0160koda We Love Cycling - Magyarorsz\u00e1g\" data-secret=\"FQJOlCuEOX\" frameborder=\"0\" marginwidth=\"0\" marginheight=\"0\" scrolling=\"no\" class=\"wp-embedded-content\"><\/iframe><script type=\"text\/javascript\">\n\/* <![CDATA[ *\/\n\/*! This file is auto-generated *\/\n!function(d,l){\"use strict\";l.querySelector&&d.addEventListener&&\"undefined\"!=typeof URL&&(d.wp=d.wp||{},d.wp.receiveEmbedMessage||(d.wp.receiveEmbedMessage=function(e){var t=e.data;if((t||t.secret||t.message||t.value)&&!\/[^a-zA-Z0-9]\/.test(t.secret)){for(var s,r,n,a=l.querySelectorAll('iframe[data-secret=\"'+t.secret+'\"]'),o=l.querySelectorAll('blockquote[data-secret=\"'+t.secret+'\"]'),c=new RegExp(\"^https?:$\",\"i\"),i=0;i<o.length;i++)o[i].style.display=\"none\";for(i=0;i<a.length;i++)s=a[i],e.source===s.contentWindow&&(s.removeAttribute(\"style\"),\"height\"===t.message?(1e3<(r=parseInt(t.value,10))?r=1e3:~~r<200&&(r=200),s.height=r):\"link\"===t.message&&(r=new URL(s.getAttribute(\"src\")),n=new URL(t.value),c.test(n.protocol))&&n.host===r.host&&l.activeElement===s&&(d.top.location.href=t.value))}},d.addEventListener(\"message\",d.wp.receiveEmbedMessage,!1),l.addEventListener(\"DOMContentLoaded\",function(){for(var e,t,s=l.querySelectorAll(\"iframe.wp-embedded-content\"),r=0;r<s.length;r++)(t=(e=s[r]).getAttribute(\"data-secret\"))||(t=Math.random().toString(36).substring(2,12),e.src+=\"#?secret=\"+t,e.setAttribute(\"data-secret\",t)),e.contentWindow.postMessage({message:\"ready\",secret:t},\"*\")},!1)))}(window,document);\n\/* ]]> *\/\n<\/script>\n","thumbnail_url":"https:\/\/d2p6e6u75xmxt8.cloudfront.net\/12\/2025\/10\/Tandem-Cycling-profimedia-0577562508.webp","thumbnail_width":990,"thumbnail_height":660,"description":"Egy laikus sz\u00e1m\u00e1ra a \u201eteker\u00e9s\u201d annyit jelent, hogy \u00f3r\u00e1kra elt\u0171nsz, majd s\u00e1rosan, izzadtan, \u00e9s valahogy egyszerre kipihenten \u00e9s holtf\u00e1radtan t\u00e9rsz haza. Udvariasan \u00fagy tesz, mintha \u00e9rdekeln\u00e9k a Strava-szegmenseid, de valljuk be: nem \u00e9rdeklik. Egy\u00e1ltal\u00e1n nem. Hogyan adhatn\u00e1l neki egy kis \u00edzel\u00edt\u0151t abb\u00f3l, mi\u00e9rt szereted annyira a bring\u00e1z\u00e1st? A v\u00e1lasz: tandem! Egy v\u00e1z, k\u00e9t nyereg, n\u00e9gy ped\u00e1l, \u00e9s m\u00e1ris ott \u00fcl melletted az, aki sosem bring\u00e1zik \u2013 \u00e9s veled egy\u00fctt teker."}

Škoda We Love Cycling - Magyarország

Tandemezni egy amatőr biciklissel – lehetséges egyáltalán?

<blockquote class="wp-embedded-content" data-secret="FQJOlCuEOX"><a href="https://www.welovecycling.com/hu/csalad/tandemezni-egy-amator-biciklissel-lehetseges-egyaltalan/">Tandemezni egy amatőr biciklissel – lehetséges egyáltalán?</a></blockquote><iframe sandbox="allow-scripts" security="restricted" src="https://www.welovecycling.com/hu/csalad/tandemezni-egy-amator-biciklissel-lehetseges-egyaltalan/embed/#?secret=FQJOlCuEOX" width="600" height="338" title="&#8220;Tandemezni egy amatőr biciklissel – lehetséges egyáltalán?&#8221; &#8212; Škoda We Love Cycling - Magyarország" data-secret="FQJOlCuEOX" frameborder="0" marginwidth="0" marginheight="0" scrolling="no" class="wp-embedded-content"></iframe><script type="text/javascript">
/* <![CDATA[ */
/*! This file is auto-generated */
!function(d,l){"use strict";l.querySelector&&d.addEventListener&&"undefined"!=typeof URL&&(d.wp=d.wp||{},d.wp.receiveEmbedMessage||(d.wp.receiveEmbedMessage=function(e){var t=e.data;if((t||t.secret||t.message||t.value)&&!/[^a-zA-Z0-9]/.test(t.secret)){for(var s,r,n,a=l.querySelectorAll('iframe[data-secret="'+t.secret+'"]'),o=l.querySelectorAll('blockquote[data-secret="'+t.secret+'"]'),c=new RegExp("^https?:$","i"),i=0;i<o.length;i++)o[i].style.display="none";for(i=0;i<a.length;i++)s=a[i],e.source===s.contentWindow&&(s.removeAttribute("style"),"height"===t.message?(1e3<(r=parseInt(t.value,10))?r=1e3:~~r<200&&(r=200),s.height=r):"link"===t.message&&(r=new URL(s.getAttribute("src")),n=new URL(t.value),c.test(n.protocol))&&n.host===r.host&&l.activeElement===s&&(d.top.location.href=t.value))}},d.addEventListener("message",d.wp.receiveEmbedMessage,!1),l.addEventListener("DOMContentLoaded",function(){for(var e,t,s=l.querySelectorAll("iframe.wp-embedded-content"),r=0;r<s.length;r++)(t=(e=s[r]).getAttribute("data-secret"))||(t=Math.random().toString(36).substring(2,12),e.src+="#?secret="+t,e.setAttribute("data-secret",t)),e.contentWindow.postMessage({message:"ready",secret:t},"*")},!1)))}(window,document);
/* ]]> */
</script>

Egy laikus számára a „tekerés” annyit jelent, hogy órákra eltűnsz, majd sárosan, izzadtan, és valahogy egyszerre kipihenten és holtfáradtan térsz haza. Udvariasan úgy tesz, mintha érdekelnék a Strava-szegmenseid, de valljuk be: nem érdeklik. Egyáltalán nem. Hogyan adhatnál neki egy kis ízelítőt abból, miért szereted annyira a bringázást? A válasz: tandem! Egy váz, két nyereg, négy pedál, és máris ott ül melletted az, aki sosem bringázik – és veled együtt teker.
