{"version":"1.0","provider_name":"\u0160koda We Love Cycling - Spain","provider_url":"https:\/\/www.welovecycling.com\/es","author_name":"We Love Cycling Spain","author_url":"https:\/\/www.welovecycling.com\/es\/author\/amunoz\/","title":"El ciclismo femenino, en n\u00fameros","type":"rich","width":600,"height":338,"html":"<blockquote class=\"wp-embedded-content\" data-secret=\"t6YiM1g2eJ\"><a href=\"https:\/\/www.welovecycling.com\/es\/2018\/08\/07\/el-ciclismo-femenino-en-numeros\/\">El ciclismo femenino, en n\u00fameros<\/a><\/blockquote><iframe sandbox=\"allow-scripts\" security=\"restricted\" src=\"https:\/\/www.welovecycling.com\/es\/2018\/08\/07\/el-ciclismo-femenino-en-numeros\/embed\/#?secret=t6YiM1g2eJ\" width=\"600\" height=\"338\" title=\"&#8220;El ciclismo femenino, en n\u00fameros&#8221; &#8212; \u0160koda We Love Cycling - Spain\" data-secret=\"t6YiM1g2eJ\" frameborder=\"0\" marginwidth=\"0\" marginheight=\"0\" scrolling=\"no\" class=\"wp-embedded-content\"><\/iframe><script type=\"text\/javascript\">\n\/* <![CDATA[ *\/\n\/*! This file is auto-generated *\/\n!function(d,l){\"use strict\";l.querySelector&&d.addEventListener&&\"undefined\"!=typeof URL&&(d.wp=d.wp||{},d.wp.receiveEmbedMessage||(d.wp.receiveEmbedMessage=function(e){var t=e.data;if((t||t.secret||t.message||t.value)&&!\/[^a-zA-Z0-9]\/.test(t.secret)){for(var s,r,n,a=l.querySelectorAll('iframe[data-secret=\"'+t.secret+'\"]'),o=l.querySelectorAll('blockquote[data-secret=\"'+t.secret+'\"]'),c=new RegExp(\"^https?:$\",\"i\"),i=0;i<o.length;i++)o[i].style.display=\"none\";for(i=0;i<a.length;i++)s=a[i],e.source===s.contentWindow&&(s.removeAttribute(\"style\"),\"height\"===t.message?(1e3<(r=parseInt(t.value,10))?r=1e3:~~r<200&&(r=200),s.height=r):\"link\"===t.message&&(r=new URL(s.getAttribute(\"src\")),n=new URL(t.value),c.test(n.protocol))&&n.host===r.host&&l.activeElement===s&&(d.top.location.href=t.value))}},d.addEventListener(\"message\",d.wp.receiveEmbedMessage,!1),l.addEventListener(\"DOMContentLoaded\",function(){for(var e,t,s=l.querySelectorAll(\"iframe.wp-embedded-content\"),r=0;r<s.length;r++)(t=(e=s[r]).getAttribute(\"data-secret\"))||(t=Math.random().toString(36).substring(2,12),e.src+=\"#?secret=\"+t,e.setAttribute(\"data-secret\",t)),e.contentWindow.postMessage({message:\"ready\",secret:t},\"*\")},!1)))}(window,document);\n\/* ]]> *\/\n<\/script>\n","thumbnail_url":"https:\/\/d2p6e6u75xmxt8.cloudfront.net\/6\/2018\/08\/profimedia-0381132436-1.jpg","thumbnail_width":1366,"thumbnail_height":600,"description":"Cuando se trata del ciclismo femenino, la falta de cobertura televisiva y en medios de comunicaci\u00f3n es cada vez m\u00e1s dif\u00edcil de justificar. Como se demostr\u00f3 en el incre\u00edble final de La Course, el argumento de que las carreras femeninas no son emocionantes no es suficiente."}

Škoda We Love Cycling - Spain

El ciclismo femenino, en números

<blockquote class="wp-embedded-content" data-secret="t6YiM1g2eJ"><a href="https://www.welovecycling.com/es/2018/08/07/el-ciclismo-femenino-en-numeros/">El ciclismo femenino, en números</a></blockquote><iframe sandbox="allow-scripts" security="restricted" src="https://www.welovecycling.com/es/2018/08/07/el-ciclismo-femenino-en-numeros/embed/#?secret=t6YiM1g2eJ" width="600" height="338" title="&#8220;El ciclismo femenino, en números&#8221; &#8212; Škoda We Love Cycling - Spain" data-secret="t6YiM1g2eJ" frameborder="0" marginwidth="0" marginheight="0" scrolling="no" class="wp-embedded-content"></iframe><script type="text/javascript">
/* <![CDATA[ */
/*! This file is auto-generated */
!function(d,l){"use strict";l.querySelector&&d.addEventListener&&"undefined"!=typeof URL&&(d.wp=d.wp||{},d.wp.receiveEmbedMessage||(d.wp.receiveEmbedMessage=function(e){var t=e.data;if((t||t.secret||t.message||t.value)&&!/[^a-zA-Z0-9]/.test(t.secret)){for(var s,r,n,a=l.querySelectorAll('iframe[data-secret="'+t.secret+'"]'),o=l.querySelectorAll('blockquote[data-secret="'+t.secret+'"]'),c=new RegExp("^https?:$","i"),i=0;i<o.length;i++)o[i].style.display="none";for(i=0;i<a.length;i++)s=a[i],e.source===s.contentWindow&&(s.removeAttribute("style"),"height"===t.message?(1e3<(r=parseInt(t.value,10))?r=1e3:~~r<200&&(r=200),s.height=r):"link"===t.message&&(r=new URL(s.getAttribute("src")),n=new URL(t.value),c.test(n.protocol))&&n.host===r.host&&l.activeElement===s&&(d.top.location.href=t.value))}},d.addEventListener("message",d.wp.receiveEmbedMessage,!1),l.addEventListener("DOMContentLoaded",function(){for(var e,t,s=l.querySelectorAll("iframe.wp-embedded-content"),r=0;r<s.length;r++)(t=(e=s[r]).getAttribute("data-secret"))||(t=Math.random().toString(36).substring(2,12),e.src+="#?secret="+t,e.setAttribute("data-secret",t)),e.contentWindow.postMessage({message:"ready",secret:t},"*")},!1)))}(window,document);
/* ]]> */
</script>

Cuando se trata del ciclismo femenino, la falta de cobertura televisiva y en medios de comunicación es cada vez más difícil de justificar. Como se demostró en el increíble final de La Course, el argumento de que las carreras femeninas no son emocionantes no es suficiente.
