{"version":"1.0","provider_name":"\u0160koda We Love Cycling - Spain","provider_url":"https:\/\/www.welovecycling.com\/es","author_name":"We Love Cycling Spain","author_url":"https:\/\/www.welovecycling.com\/es\/author\/amunoz\/","title":"Por las colinas de Marco Pantani","type":"rich","width":600,"height":338,"html":"<blockquote class=\"wp-embedded-content\" data-secret=\"CtD4dK88MX\"><a href=\"https:\/\/www.welovecycling.com\/es\/2018\/05\/21\/por-las-colinas-de-marco-pantani\/\">Por las colinas de Marco Pantani<\/a><\/blockquote><iframe sandbox=\"allow-scripts\" security=\"restricted\" src=\"https:\/\/www.welovecycling.com\/es\/2018\/05\/21\/por-las-colinas-de-marco-pantani\/embed\/#?secret=CtD4dK88MX\" width=\"600\" height=\"338\" title=\"&#8220;Por las colinas de Marco Pantani&#8221; &#8212; \u0160koda We Love Cycling - Spain\" data-secret=\"CtD4dK88MX\" frameborder=\"0\" marginwidth=\"0\" marginheight=\"0\" scrolling=\"no\" class=\"wp-embedded-content\"><\/iframe><script type=\"text\/javascript\">\n\/* <![CDATA[ *\/\n\/*! This file is auto-generated *\/\n!function(d,l){\"use strict\";l.querySelector&&d.addEventListener&&\"undefined\"!=typeof URL&&(d.wp=d.wp||{},d.wp.receiveEmbedMessage||(d.wp.receiveEmbedMessage=function(e){var t=e.data;if((t||t.secret||t.message||t.value)&&!\/[^a-zA-Z0-9]\/.test(t.secret)){for(var s,r,n,a=l.querySelectorAll('iframe[data-secret=\"'+t.secret+'\"]'),o=l.querySelectorAll('blockquote[data-secret=\"'+t.secret+'\"]'),c=new RegExp(\"^https?:$\",\"i\"),i=0;i<o.length;i++)o[i].style.display=\"none\";for(i=0;i<a.length;i++)s=a[i],e.source===s.contentWindow&&(s.removeAttribute(\"style\"),\"height\"===t.message?(1e3<(r=parseInt(t.value,10))?r=1e3:~~r<200&&(r=200),s.height=r):\"link\"===t.message&&(r=new URL(s.getAttribute(\"src\")),n=new URL(t.value),c.test(n.protocol))&&n.host===r.host&&l.activeElement===s&&(d.top.location.href=t.value))}},d.addEventListener(\"message\",d.wp.receiveEmbedMessage,!1),l.addEventListener(\"DOMContentLoaded\",function(){for(var e,t,s=l.querySelectorAll(\"iframe.wp-embedded-content\"),r=0;r<s.length;r++)(t=(e=s[r]).getAttribute(\"data-secret\"))||(t=Math.random().toString(36).substring(2,12),e.src+=\"#?secret=\"+t,e.setAttribute(\"data-secret\",t)),e.contentWindow.postMessage({message:\"ready\",secret:t},\"*\")},!1)))}(window,document);\n\/* ]]> *\/\n<\/script>\n","thumbnail_url":"https:\/\/d2p6e6u75xmxt8.cloudfront.net\/6\/2018\/05\/colinas-marco-pantani.jpg","thumbnail_width":1024,"thumbnail_height":768,"description":"La leyenda del ciclismo recuerda a Marco Pantani como uno de los mejores escaladores de la historia. Si atendemos a t\u00f3picos pensar\u00edamos que pudo nacer y vivir entre altas monta\u00f1as. Al contrario. Pantani naci\u00f3 a cero metros de altitud, en Cesen\u00e1tico (Emilia Romagna), a nivel del mar. Una ciudad costera y pescadora, pero con una tradici\u00f3n ciclista bien arraigada. No en vano su marcha ciclodeportiva, la Nove Colli, en 2018 ha cumplido ya su 48 edici\u00f3n. Curiosamente, los mismos a\u00f1os que tendr\u00eda ahora el Pirata."}

Škoda We Love Cycling - Spain

<blockquote class="wp-embedded-content" data-secret="CtD4dK88MX"><a href="https://www.welovecycling.com/es/2018/05/21/por-las-colinas-de-marco-pantani/">Por las colinas de Marco Pantani</a></blockquote><iframe sandbox="allow-scripts" security="restricted" src="https://www.welovecycling.com/es/2018/05/21/por-las-colinas-de-marco-pantani/embed/#?secret=CtD4dK88MX" width="600" height="338" title="&#8220;Por las colinas de Marco Pantani&#8221; &#8212; Škoda We Love Cycling - Spain" data-secret="CtD4dK88MX" frameborder="0" marginwidth="0" marginheight="0" scrolling="no" class="wp-embedded-content"></iframe><script type="text/javascript">
/* <![CDATA[ */
/*! This file is auto-generated */
!function(d,l){"use strict";l.querySelector&&d.addEventListener&&"undefined"!=typeof URL&&(d.wp=d.wp||{},d.wp.receiveEmbedMessage||(d.wp.receiveEmbedMessage=function(e){var t=e.data;if((t||t.secret||t.message||t.value)&&!/[^a-zA-Z0-9]/.test(t.secret)){for(var s,r,n,a=l.querySelectorAll('iframe[data-secret="'+t.secret+'"]'),o=l.querySelectorAll('blockquote[data-secret="'+t.secret+'"]'),c=new RegExp("^https?:$","i"),i=0;i<o.length;i++)o[i].style.display="none";for(i=0;i<a.length;i++)s=a[i],e.source===s.contentWindow&&(s.removeAttribute("style"),"height"===t.message?(1e3<(r=parseInt(t.value,10))?r=1e3:~~r<200&&(r=200),s.height=r):"link"===t.message&&(r=new URL(s.getAttribute("src")),n=new URL(t.value),c.test(n.protocol))&&n.host===r.host&&l.activeElement===s&&(d.top.location.href=t.value))}},d.addEventListener("message",d.wp.receiveEmbedMessage,!1),l.addEventListener("DOMContentLoaded",function(){for(var e,t,s=l.querySelectorAll("iframe.wp-embedded-content"),r=0;r<s.length;r++)(t=(e=s[r]).getAttribute("data-secret"))||(t=Math.random().toString(36).substring(2,12),e.src+="#?secret="+t,e.setAttribute("data-secret",t)),e.contentWindow.postMessage({message:"ready",secret:t},"*")},!1)))}(window,document);
/* ]]> */
</script>

La leyenda del ciclismo recuerda a Marco Pantani como uno de los mejores escaladores de la historia. Si atendemos a tópicos pensaríamos que pudo nacer y vivir entre altas montañas. Al contrario. Pantani nació a cero metros de altitud, en Cesenático (Emilia Romagna), a nivel del mar. Una ciudad costera y pescadora, pero con una tradición ciclista bien arraigada. No en vano su marcha ciclodeportiva, la Nove Colli, en 2018 ha cumplido ya su 48 edición. Curiosamente, los mismos años que tendría ahora el Pirata.
