{"version":"1.0","provider_name":"\u0160koda We Love Cycling - Spain","provider_url":"https:\/\/www.welovecycling.com\/es","author_name":"We Love Cycling Spain","author_url":"https:\/\/www.welovecycling.com\/es\/author\/amunoz\/","title":"El sue\u00f1o de Alberto Contador","type":"rich","width":600,"height":338,"html":"<blockquote class=\"wp-embedded-content\" data-secret=\"MLyzaaWMxs\"><a href=\"https:\/\/www.welovecycling.com\/es\/2018\/02\/22\/el-sueno-de-alberto-contador\/\">El sue\u00f1o de Alberto Contador<\/a><\/blockquote><iframe sandbox=\"allow-scripts\" security=\"restricted\" src=\"https:\/\/www.welovecycling.com\/es\/2018\/02\/22\/el-sueno-de-alberto-contador\/embed\/#?secret=MLyzaaWMxs\" width=\"600\" height=\"338\" title=\"&#8220;El sue\u00f1o de Alberto Contador&#8221; &#8212; \u0160koda We Love Cycling - Spain\" data-secret=\"MLyzaaWMxs\" frameborder=\"0\" marginwidth=\"0\" marginheight=\"0\" scrolling=\"no\" class=\"wp-embedded-content\"><\/iframe><script type=\"text\/javascript\">\n\/* <![CDATA[ *\/\n\/*! This file is auto-generated *\/\n!function(d,l){\"use strict\";l.querySelector&&d.addEventListener&&\"undefined\"!=typeof URL&&(d.wp=d.wp||{},d.wp.receiveEmbedMessage||(d.wp.receiveEmbedMessage=function(e){var t=e.data;if((t||t.secret||t.message||t.value)&&!\/[^a-zA-Z0-9]\/.test(t.secret)){for(var s,r,n,a=l.querySelectorAll('iframe[data-secret=\"'+t.secret+'\"]'),o=l.querySelectorAll('blockquote[data-secret=\"'+t.secret+'\"]'),c=new RegExp(\"^https?:$\",\"i\"),i=0;i<o.length;i++)o[i].style.display=\"none\";for(i=0;i<a.length;i++)s=a[i],e.source===s.contentWindow&&(s.removeAttribute(\"style\"),\"height\"===t.message?(1e3<(r=parseInt(t.value,10))?r=1e3:~~r<200&&(r=200),s.height=r):\"link\"===t.message&&(r=new URL(s.getAttribute(\"src\")),n=new URL(t.value),c.test(n.protocol))&&n.host===r.host&&l.activeElement===s&&(d.top.location.href=t.value))}},d.addEventListener(\"message\",d.wp.receiveEmbedMessage,!1),l.addEventListener(\"DOMContentLoaded\",function(){for(var e,t,s=l.querySelectorAll(\"iframe.wp-embedded-content\"),r=0;r<s.length;r++)(t=(e=s[r]).getAttribute(\"data-secret\"))||(t=Math.random().toString(36).substring(2,12),e.src+=\"#?secret=\"+t,e.setAttribute(\"data-secret\",t)),e.contentWindow.postMessage({message:\"ready\",secret:t},\"*\")},!1)))}(window,document);\n\/* ]]> *\/\n<\/script>\n","thumbnail_url":"https:\/\/d2p6e6u75xmxt8.cloudfront.net\/6\/2018\/02\/Alberto-Contador-1500x1059.jpg","thumbnail_width":1500,"thumbnail_height":1059,"description":"Alberto Contador lo ha conseguido. El sue\u00f1o que estaba en su cabeza hace casi una d\u00e9cada ya es una realidad. La Fundaci\u00f3n Alberto Contador ya tiene su equipo profesional. En 2018 se llama Polartec \u2013 Kometa y es filial del Trek. Su nacimiento no ha sido fruto de un d\u00eda, sino la evoluci\u00f3n de un proyecto que comenz\u00f3 con un equipo junior y otro sub-23 hace cinco temporadas y que ahora da cobertura a 40 ciclistas y medio centenar de chavales de su escuela de ciclismo."}

Škoda We Love Cycling - Spain

El sueño de Alberto Contador

<blockquote class="wp-embedded-content" data-secret="MLyzaaWMxs"><a href="https://www.welovecycling.com/es/2018/02/22/el-sueno-de-alberto-contador/">El sueño de Alberto Contador</a></blockquote><iframe sandbox="allow-scripts" security="restricted" src="https://www.welovecycling.com/es/2018/02/22/el-sueno-de-alberto-contador/embed/#?secret=MLyzaaWMxs" width="600" height="338" title="&#8220;El sueño de Alberto Contador&#8221; &#8212; Škoda We Love Cycling - Spain" data-secret="MLyzaaWMxs" frameborder="0" marginwidth="0" marginheight="0" scrolling="no" class="wp-embedded-content"></iframe><script type="text/javascript">
/* <![CDATA[ */
/*! This file is auto-generated */
!function(d,l){"use strict";l.querySelector&&d.addEventListener&&"undefined"!=typeof URL&&(d.wp=d.wp||{},d.wp.receiveEmbedMessage||(d.wp.receiveEmbedMessage=function(e){var t=e.data;if((t||t.secret||t.message||t.value)&&!/[^a-zA-Z0-9]/.test(t.secret)){for(var s,r,n,a=l.querySelectorAll('iframe[data-secret="'+t.secret+'"]'),o=l.querySelectorAll('blockquote[data-secret="'+t.secret+'"]'),c=new RegExp("^https?:$","i"),i=0;i<o.length;i++)o[i].style.display="none";for(i=0;i<a.length;i++)s=a[i],e.source===s.contentWindow&&(s.removeAttribute("style"),"height"===t.message?(1e3<(r=parseInt(t.value,10))?r=1e3:~~r<200&&(r=200),s.height=r):"link"===t.message&&(r=new URL(s.getAttribute("src")),n=new URL(t.value),c.test(n.protocol))&&n.host===r.host&&l.activeElement===s&&(d.top.location.href=t.value))}},d.addEventListener("message",d.wp.receiveEmbedMessage,!1),l.addEventListener("DOMContentLoaded",function(){for(var e,t,s=l.querySelectorAll("iframe.wp-embedded-content"),r=0;r<s.length;r++)(t=(e=s[r]).getAttribute("data-secret"))||(t=Math.random().toString(36).substring(2,12),e.src+="#?secret="+t,e.setAttribute("data-secret",t)),e.contentWindow.postMessage({message:"ready",secret:t},"*")},!1)))}(window,document);
/* ]]> */
</script>

Alberto Contador lo ha conseguido. El sueño que estaba en su cabeza hace casi una década ya es una realidad. La Fundación Alberto Contador ya tiene su equipo profesional. En 2018 se llama Polartec – Kometa y es filial del Trek. Su nacimiento no ha sido fruto de un día, sino la evolución de un proyecto que comenzó con un equipo junior y otro sub-23 hace cinco temporadas y que ahora da cobertura a 40 ciclistas y medio centenar de chavales de su escuela de ciclismo.
