{"id":929,"date":"2023-06-23T10:17:31","date_gmt":"2023-06-23T10:17:31","guid":{"rendered":"https:\/\/www.welovecycling.com\/ee\/?page_id=929"},"modified":"2023-07-03T12:27:38","modified_gmt":"2023-07-03T12:27:38","slug":"tour-de-france-2023","status":"publish","type":"page","link":"https:\/\/www.welovecycling.com\/ee\/tour-de-france-2023\/","title":{"rendered":"Tour de France 2023"},"content":{"rendered":"","protected":false},"excerpt":{"rendered":"","protected":false},"author":27,"featured_media":0,"parent":0,"menu_order":0,"comment_status":"closed","ping_status":"closed","template":"\/var\/www\/html\/web\/app\/plugins\/skoda-tour-de-france-2023\/template-loader.php","meta":{"footnotes":""},"tags":[14],"class_list":["post-929","page","type-page","status-publish","hentry","tag-tour-de-france"],"yoast_head":"<!-- This site is optimized with the Yoast SEO Premium plugin v25.3 (Yoast SEO v25.9) - https:\/\/yoast.com\/wordpress\/plugins\/seo\/ -->\n<title>Tour de France 2023 - \u0160koda We Love Cycling - Estonia<\/title>\n<meta name=\"description\" content=\"T\u00e4hista koos meiega \u0160koda ja le Tour de France 20. koost\u00f6\u00f6 aastat!\" \/>\n<meta name=\"robots\" content=\"noindex, nofollow\" \/>\n<meta property=\"og:locale\" content=\"et_EE\" \/>\n<meta property=\"og:type\" content=\"article\" \/>\n<meta property=\"og:title\" content=\"Tour de France 2023\" \/>\n<meta property=\"og:description\" content=\"T\u00e4hista koos meiega \u0160koda ja le Tour de France 20. koost\u00f6\u00f6 aastat!\" \/>\n<meta property=\"og:url\" content=\"https:\/\/www.welovecycling.com\/ee\/tour-de-france-2023\/\" \/>\n<meta property=\"og:site_name\" content=\"\u0160koda We Love Cycling - Estonia\" \/>\n<meta property=\"article:modified_time\" content=\"2023-07-03T12:27:38+00:00\" \/>\n<meta name=\"twitter:card\" content=\"summary_large_image\" \/>\n<script type=\"application\/ld+json\" class=\"yoast-schema-graph\">{\"@context\":\"https:\/\/schema.org\",\"@graph\":[{\"@type\":\"WebPage\",\"@id\":\"https:\/\/www.welovecycling.com\/ee\/tour-de-france-2023\/\",\"url\":\"https:\/\/www.welovecycling.com\/ee\/tour-de-france-2023\/\",\"name\":\"Tour de France 2023 - \u0160koda We Love Cycling - Estonia\",\"isPartOf\":{\"@id\":\"https:\/\/www.welovecycling.com\/ee\/#website\"},\"datePublished\":\"2023-06-23T10:17:31+00:00\",\"dateModified\":\"2023-07-03T12:27:38+00:00\",\"description\":\"T\u00e4hista koos meiega \u0160koda ja le Tour de France 20. koost\u00f6\u00f6 aastat!\",\"inLanguage\":\"et\",\"potentialAction\":[{\"@type\":\"ReadAction\",\"target\":[\"https:\/\/www.welovecycling.com\/ee\/tour-de-france-2023\/\"]}]},{\"@type\":\"WebSite\",\"@id\":\"https:\/\/www.welovecycling.com\/ee\/#website\",\"url\":\"https:\/\/www.welovecycling.com\/ee\/\",\"name\":\"\u0160koda We Love Cycling - Estonia\",\"description\":\"\",\"potentialAction\":[{\"@type\":\"SearchAction\",\"target\":{\"@type\":\"EntryPoint\",\"urlTemplate\":\"https:\/\/www.welovecycling.com\/ee\/?s={search_term_string}\"},\"query-input\":{\"@type\":\"PropertyValueSpecification\",\"valueRequired\":true,\"valueName\":\"search_term_string\"}}],\"inLanguage\":\"et\"}]}<\/script>\n<!-- \/ Yoast SEO Premium plugin. -->","yoast_head_json":{"title":"Tour de France 2023 - \u0160koda We Love Cycling - Estonia","description":"T\u00e4hista koos meiega \u0160koda ja le Tour de France 20. koost\u00f6\u00f6 aastat!","robots":{"index":"noindex","follow":"nofollow"},"og_locale":"et_EE","og_type":"article","og_title":"Tour de France 2023","og_description":"T\u00e4hista koos meiega \u0160koda ja le Tour de France 20. koost\u00f6\u00f6 aastat!","og_url":"https:\/\/www.welovecycling.com\/ee\/tour-de-france-2023\/","og_site_name":"\u0160koda We Love Cycling - Estonia","article_modified_time":"2023-07-03T12:27:38+00:00","twitter_card":"summary_large_image","schema":{"@context":"https:\/\/schema.org","@graph":[{"@type":"WebPage","@id":"https:\/\/www.welovecycling.com\/ee\/tour-de-france-2023\/","url":"https:\/\/www.welovecycling.com\/ee\/tour-de-france-2023\/","name":"Tour de France 2023 - \u0160koda We Love Cycling - Estonia","isPartOf":{"@id":"https:\/\/www.welovecycling.com\/ee\/#website"},"datePublished":"2023-06-23T10:17:31+00:00","dateModified":"2023-07-03T12:27:38+00:00","description":"T\u00e4hista koos meiega \u0160koda ja le Tour de France 20. koost\u00f6\u00f6 aastat!","inLanguage":"et","potentialAction":[{"@type":"ReadAction","target":["https:\/\/www.welovecycling.com\/ee\/tour-de-france-2023\/"]}]},{"@type":"WebSite","@id":"https:\/\/www.welovecycling.com\/ee\/#website","url":"https:\/\/www.welovecycling.com\/ee\/","name":"\u0160koda We Love Cycling - Estonia","description":"","potentialAction":[{"@type":"SearchAction","target":{"@type":"EntryPoint","urlTemplate":"https:\/\/www.welovecycling.com\/ee\/?s={search_term_string}"},"query-input":{"@type":"PropertyValueSpecification","valueRequired":true,"valueName":"search_term_string"}}],"inLanguage":"et"}]}},"_links":{"self":[{"href":"https:\/\/www.welovecycling.com\/ee\/wp-json\/wp\/v2\/pages\/929","targetHints":{"allow":["GET"]}}],"collection":[{"href":"https:\/\/www.welovecycling.com\/ee\/wp-json\/wp\/v2\/pages"}],"about":[{"href":"https:\/\/www.welovecycling.com\/ee\/wp-json\/wp\/v2\/types\/page"}],"author":[{"embeddable":true,"href":"https:\/\/www.welovecycling.com\/ee\/wp-json\/wp\/v2\/users\/27"}],"replies":[{"embeddable":true,"href":"https:\/\/www.welovecycling.com\/ee\/wp-json\/wp\/v2\/comments?post=929"}],"version-history":[{"count":1,"href":"https:\/\/www.welovecycling.com\/ee\/wp-json\/wp\/v2\/pages\/929\/revisions"}],"predecessor-version":[{"id":930,"href":"https:\/\/www.welovecycling.com\/ee\/wp-json\/wp\/v2\/pages\/929\/revisions\/930"}],"wp:attachment":[{"href":"https:\/\/www.welovecycling.com\/ee\/wp-json\/wp\/v2\/media?parent=929"}],"wp:term":[{"taxonomy":"post_tag","embeddable":true,"href":"https:\/\/www.welovecycling.com\/ee\/wp-json\/wp\/v2\/tags?post=929"}],"curies":[{"name":"wp","href":"https:\/\/api.w.org\/{rel}","templated":true}]}}

<!-- This site is optimized with the Yoast SEO Premium plugin v25.3 (Yoast SEO v25.9) - https://yoast.com/wordpress/plugins/seo/ -->
<title>Tour de France 2023 - Škoda We Love Cycling - Estonia</title>
<meta name="description" content="Tähista koos meiega Škoda ja le Tour de France 20. koostöö aastat!" />
<meta name="robots" content="noindex, nofollow" />
<meta property="og:locale" content="et_EE" />
<meta property="og:type" content="article" />
<meta property="og:title" content="Tour de France 2023" />
<meta property="og:description" content="Tähista koos meiega Škoda ja le Tour de France 20. koostöö aastat!" />
<meta property="og:url" content="https://www.welovecycling.com/ee/tour-de-france-2023/" />
<meta property="og:site_name" content="Škoda We Love Cycling - Estonia" />
<meta property="article:modified_time" content="2023-07-03T12:27:38+00:00" />
<meta name="twitter:card" content="summary_large_image" />
<script type="application/ld+json" class="yoast-schema-graph">{"@context":"https://schema.org","@graph":[{"@type":"WebPage","@id":"https://www.welovecycling.com/ee/tour-de-france-2023/","url":"https://www.welovecycling.com/ee/tour-de-france-2023/","name":"Tour de France 2023 - Škoda We Love Cycling - Estonia","isPartOf":{"@id":"https://www.welovecycling.com/ee/#website"},"datePublished":"2023-06-23T10:17:31+00:00","dateModified":"2023-07-03T12:27:38+00:00","description":"Tähista koos meiega Škoda ja le Tour de France 20. koostöö aastat!","inLanguage":"et","potentialAction":[{"@type":"ReadAction","target":["https://www.welovecycling.com/ee/tour-de-france-2023/"]}]},{"@type":"WebSite","@id":"https://www.welovecycling.com/ee/#website","url":"https://www.welovecycling.com/ee/","name":"Škoda We Love Cycling - Estonia","description":"","potentialAction":[{"@type":"SearchAction","target":{"@type":"EntryPoint","urlTemplate":"https://www.welovecycling.com/ee/?s={search_term_string}"},"query-input":{"@type":"PropertyValueSpecification","valueRequired":true,"valueName":"search_term_string"}}],"inLanguage":"et"}]}</script>
<!-- / Yoast SEO Premium plugin. -->

Tour de France 2023 - Škoda We Love Cycling - Estonia

Tähista koos meiega Škoda ja le Tour de France 20. koostöö aastat!

Škoda We Love Cycling - Estonia
