{"id":3172,"date":"2026-02-12T10:52:00","date_gmt":"2026-02-12T09:52:00","guid":{"rendered":"http:\/\/skoda-radsport-web.loc\/?page_id=7"},"modified":"2026-02-12T10:50:34","modified_gmt":"2026-02-12T09:50:34","slug":"skoda-veloteam","status":"publish","type":"page","link":"https:\/\/www.welovecycling.com\/de\/skoda-veloteam\/","title":{"rendered":"\u0160koda Veloteam 2026"},"content":{"rendered":"<h2><strong>Die \u0160koda Hobby-Rennen<\/strong><\/h2>\n<h3><strong>Deutschland als Radsport Nation \u2013 Das \u0160koda Veloteam 2026<\/strong><\/h3>\n<p><strong>MIT DEM \u0160KODA VELOTEAM <\/strong><strong>GEMEINSAM DURCH DEUTSCHLAND<\/strong><\/p>\n<p>Die Zahl der aktiven Radsportlerinnen und Radsportler in Deutschland steigt weiter. Kein Wunder, denn Radfahren ist gesund. Die Bewegung an der frischen Luft verbessert die Kondition, st\u00e4rkt die Lunge, baut Stress ab und st\u00e4rkt das Immunsystem.<\/p>\n<p>Durch unsere Wurzeln als ehemalige Radmanufaktur ist die Verbundenheit zum Radsport bis heute geblieben. Die Fahrradmanufaktur war 1895 der Beginn unserer erfolgreichen Unternehmenshistorie und seitdem lebt \u0160koda die Leidenschaft f\u00fcr den Radsport. Ob als Sponsor, Namensgeber oder Mobilit\u00e4tspartner, ob international oder national \u2013 auch in 2025 startet \u0160koda als \u201eMotor des Radsports\u201c voll durch.<\/p>\n<p>Ein Highlight im \u0160koda Radsportkalender sind die Hobbyrennen des \u0160koda Veloteams, die in ganz Deutschland stattfinden werden. Auch in diesem Jahr wird das \u0160koda Veloteam wieder bei einigen der gr\u00f6\u00dften und erfolgreichsten deutschen Radsportveranstaltungen in die Pedale treten.<\/p>\n<p>Der Startschuss f\u00e4llt traditionell am 1. Mai beim \u201eDeutschen Radklassiker\u201c Eschborn-Frankfurt, gefolgt von der Cycling Tour in Magdeburg im Rahmen der Deutschland Tour.<\/p>\n<p>Jede Teilnehmerin und jeder Teilnehmer, der bei einem der Rennen im \u0160koda Veloteam an den Start geht, erh\u00e4lt ein Startpaket mit dem \u0160koda Veloteam Trikot.<\/p>\n<p>Wir freuen uns auf ein abwechslungsreiches und unterhaltsames Sportjahr mit viel Spannung, Spa\u00df und Emotionen.<\/p>\n<p><a href=\"https:\/\/d2p6e6u75xmxt8.cloudfront.net\/10\/2023\/02\/skoda_veloteam_positiv_RGB-scaled.webp\"><img loading=\"lazy\" decoding=\"async\" class=\"alignnone wp-image-10685 \" src=\"https:\/\/d2p6e6u75xmxt8.cloudfront.net\/10\/2023\/02\/skoda_veloteam_positiv_RGB-1622x1920.webp\" alt=\"\" width=\"227\" height=\"269\" srcset=\"https:\/\/d2p6e6u75xmxt8.cloudfront.net\/10\/2023\/02\/skoda_veloteam_positiv_RGB-1622x1920.webp 1622w, https:\/\/d2p6e6u75xmxt8.cloudfront.net\/10\/2023\/02\/skoda_veloteam_positiv_RGB-253x300.webp 253w, https:\/\/d2p6e6u75xmxt8.cloudfront.net\/10\/2023\/02\/skoda_veloteam_positiv_RGB-865x1024.webp 865w, https:\/\/d2p6e6u75xmxt8.cloudfront.net\/10\/2023\/02\/skoda_veloteam_positiv_RGB-768x909.webp 768w, https:\/\/d2p6e6u75xmxt8.cloudfront.net\/10\/2023\/02\/skoda_veloteam_positiv_RGB-1298x1536.webp 1298w, https:\/\/d2p6e6u75xmxt8.cloudfront.net\/10\/2023\/02\/skoda_veloteam_positiv_RGB-1730x2048.webp 1730w, https:\/\/d2p6e6u75xmxt8.cloudfront.net\/10\/2023\/02\/skoda_veloteam_positiv_RGB-338x400.webp 338w, https:\/\/d2p6e6u75xmxt8.cloudfront.net\/10\/2023\/02\/skoda_veloteam_positiv_RGB-1622x1920.webp 1622w\" sizes=\"auto, (max-width: 227px) 100vw, 227px\" \/><\/a><\/p>\n","protected":false},"excerpt":{"rendered":"<p>Die \u0160koda Hobby-Rennen Deutschland als Radsport Nation \u2013 Das \u0160koda Veloteam 2026 MIT DEM \u0160KODA VELOTEAM GEMEINSAM DURCH DEUTSCHLAND Die [&hellip;]<\/p>\n","protected":false},"author":59,"featured_media":11024,"parent":0,"menu_order":0,"comment_status":"closed","ping_status":"closed","template":"","meta":{"footnotes":""},"tags":[],"class_list":["post-3172","page","type-page","status-publish","has-post-thumbnail","hentry"],"yoast_head":"<!-- This site is optimized with the Yoast SEO Premium plugin v25.3 (Yoast SEO v25.9) - https:\/\/yoast.com\/wordpress\/plugins\/seo\/ -->\n<title>\u0160koda Veloteam 2026 - \u0160koda We Love Cycling - Deutschland<\/title>\n<meta name=\"description\" content=\"Deutschland ist eine Radsport Nation und das \u0160koda Veloteam ist ein Teil davon. \u0160koda Veloteam \u2013\u00a0 gemeinsam durch Deutschland!\" \/>\n<meta name=\"robots\" content=\"index, follow, max-snippet:-1, max-image-preview:large, max-video-preview:-1\" \/>\n<link rel=\"canonical\" href=\"https:\/\/www.welovecycling.com\/de\/skoda-veloteam\/\" \/>\n<meta property=\"og:locale\" content=\"de_DE\" \/>\n<meta property=\"og:type\" content=\"article\" \/>\n<meta property=\"og:title\" content=\"\u0160koda Veloteam 2026\" \/>\n<meta property=\"og:description\" content=\"Deutschland ist eine Radsport Nation und das \u0160koda Veloteam ist ein Teil davon. \u0160koda Veloteam \u2013\u00a0 gemeinsam durch Deutschland!\" \/>\n<meta property=\"og:url\" content=\"https:\/\/www.welovecycling.com\/de\/skoda-veloteam\/\" \/>\n<meta property=\"og:site_name\" content=\"\u0160koda We Love Cycling - Deutschland\" \/>\n<meta property=\"og:image\" content=\"https:\/\/d2p6e6u75xmxt8.cloudfront.net\/10\/2023\/08\/SAD232390805-9897-scaled.webp\" \/>\n\t<meta property=\"og:image:width\" content=\"2560\" \/>\n\t<meta property=\"og:image:height\" content=\"1707\" \/>\n\t<meta property=\"og:image:type\" content=\"image\/webp\" \/>\n<meta name=\"twitter:card\" content=\"summary_large_image\" \/>\n<meta name=\"twitter:label1\" content=\"Est. reading time\" \/>\n\t<meta name=\"twitter:data1\" content=\"1 minute\" \/>\n<script type=\"application\/ld+json\" class=\"yoast-schema-graph\">{\"@context\":\"https:\/\/schema.org\",\"@graph\":[{\"@type\":\"WebPage\",\"@id\":\"https:\/\/www.welovecycling.com\/de\/skoda-veloteam\/\",\"url\":\"https:\/\/www.welovecycling.com\/de\/skoda-veloteam\/\",\"name\":\"\u0160koda Veloteam 2026 - \u0160koda We Love Cycling - Deutschland\",\"isPartOf\":{\"@id\":\"https:\/\/www.welovecycling.com\/de\/#website\"},\"primaryImageOfPage\":{\"@id\":\"https:\/\/www.welovecycling.com\/de\/skoda-veloteam\/#primaryimage\"},\"image\":{\"@id\":\"https:\/\/www.welovecycling.com\/de\/skoda-veloteam\/#primaryimage\"},\"thumbnailUrl\":\"https:\/\/d2p6e6u75xmxt8.cloudfront.net\/10\/2023\/08\/SAD232390805-9897-scaled.webp\",\"datePublished\":\"2026-02-12T09:52:00+00:00\",\"description\":\"Deutschland ist eine Radsport Nation und das \u0160koda Veloteam ist ein Teil davon. \u0160koda Veloteam \u2013\u00a0 gemeinsam durch Deutschland!\",\"breadcrumb\":{\"@id\":\"https:\/\/www.welovecycling.com\/de\/skoda-veloteam\/#breadcrumb\"},\"inLanguage\":\"de-DE\",\"potentialAction\":[{\"@type\":\"ReadAction\",\"target\":[\"https:\/\/www.welovecycling.com\/de\/skoda-veloteam\/\"]}]},{\"@type\":\"ImageObject\",\"inLanguage\":\"de-DE\",\"@id\":\"https:\/\/www.welovecycling.com\/de\/skoda-veloteam\/#primaryimage\",\"url\":\"https:\/\/d2p6e6u75xmxt8.cloudfront.net\/10\/2023\/08\/SAD232390805-9897-scaled.webp\",\"contentUrl\":\"https:\/\/d2p6e6u75xmxt8.cloudfront.net\/10\/2023\/08\/SAD232390805-9897-scaled.webp\",\"width\":2560,\"height\":1707},{\"@type\":\"BreadcrumbList\",\"@id\":\"https:\/\/www.welovecycling.com\/de\/skoda-veloteam\/#breadcrumb\",\"itemListElement\":[{\"@type\":\"ListItem\",\"position\":1,\"name\":\"Home\",\"item\":\"https:\/\/www.welovecycling.com\/de\/\"},{\"@type\":\"ListItem\",\"position\":2,\"name\":\"\u0160koda Veloteam 2026\"}]},{\"@type\":\"WebSite\",\"@id\":\"https:\/\/www.welovecycling.com\/de\/#website\",\"url\":\"https:\/\/www.welovecycling.com\/de\/\",\"name\":\"\u0160koda We Love Cycling - Deutschland\",\"description\":\"Just another \u0160koda WeLoveCycling Sites site\",\"potentialAction\":[{\"@type\":\"SearchAction\",\"target\":{\"@type\":\"EntryPoint\",\"urlTemplate\":\"https:\/\/www.welovecycling.com\/de\/?s={search_term_string}\"},\"query-input\":{\"@type\":\"PropertyValueSpecification\",\"valueRequired\":true,\"valueName\":\"search_term_string\"}}],\"inLanguage\":\"de-DE\"}]}<\/script>\n<!-- \/ Yoast SEO Premium plugin. -->","yoast_head_json":{"title":"\u0160koda Veloteam 2026 - \u0160koda We Love Cycling - Deutschland","description":"Deutschland ist eine Radsport Nation und das \u0160koda Veloteam ist ein Teil davon. \u0160koda Veloteam \u2013\u00a0 gemeinsam durch Deutschland!","robots":{"index":"index","follow":"follow","max-snippet":"max-snippet:-1","max-image-preview":"max-image-preview:large","max-video-preview":"max-video-preview:-1"},"canonical":"https:\/\/www.welovecycling.com\/de\/skoda-veloteam\/","og_locale":"de_DE","og_type":"article","og_title":"\u0160koda Veloteam 2026","og_description":"Deutschland ist eine Radsport Nation und das \u0160koda Veloteam ist ein Teil davon. \u0160koda Veloteam \u2013\u00a0 gemeinsam durch Deutschland!","og_url":"https:\/\/www.welovecycling.com\/de\/skoda-veloteam\/","og_site_name":"\u0160koda We Love Cycling - Deutschland","og_image":[{"width":2560,"height":1707,"url":"https:\/\/d2p6e6u75xmxt8.cloudfront.net\/10\/2023\/08\/SAD232390805-9897-scaled.webp","type":"image\/webp"}],"twitter_card":"summary_large_image","twitter_misc":{"Est. reading time":"1 minute"},"schema":{"@context":"https:\/\/schema.org","@graph":[{"@type":"WebPage","@id":"https:\/\/www.welovecycling.com\/de\/skoda-veloteam\/","url":"https:\/\/www.welovecycling.com\/de\/skoda-veloteam\/","name":"\u0160koda Veloteam 2026 - \u0160koda We Love Cycling - Deutschland","isPartOf":{"@id":"https:\/\/www.welovecycling.com\/de\/#website"},"primaryImageOfPage":{"@id":"https:\/\/www.welovecycling.com\/de\/skoda-veloteam\/#primaryimage"},"image":{"@id":"https:\/\/www.welovecycling.com\/de\/skoda-veloteam\/#primaryimage"},"thumbnailUrl":"https:\/\/d2p6e6u75xmxt8.cloudfront.net\/10\/2023\/08\/SAD232390805-9897-scaled.webp","datePublished":"2026-02-12T09:52:00+00:00","description":"Deutschland ist eine Radsport Nation und das \u0160koda Veloteam ist ein Teil davon. \u0160koda Veloteam \u2013\u00a0 gemeinsam durch Deutschland!","breadcrumb":{"@id":"https:\/\/www.welovecycling.com\/de\/skoda-veloteam\/#breadcrumb"},"inLanguage":"de-DE","potentialAction":[{"@type":"ReadAction","target":["https:\/\/www.welovecycling.com\/de\/skoda-veloteam\/"]}]},{"@type":"ImageObject","inLanguage":"de-DE","@id":"https:\/\/www.welovecycling.com\/de\/skoda-veloteam\/#primaryimage","url":"https:\/\/d2p6e6u75xmxt8.cloudfront.net\/10\/2023\/08\/SAD232390805-9897-scaled.webp","contentUrl":"https:\/\/d2p6e6u75xmxt8.cloudfront.net\/10\/2023\/08\/SAD232390805-9897-scaled.webp","width":2560,"height":1707},{"@type":"BreadcrumbList","@id":"https:\/\/www.welovecycling.com\/de\/skoda-veloteam\/#breadcrumb","itemListElement":[{"@type":"ListItem","position":1,"name":"Home","item":"https:\/\/www.welovecycling.com\/de\/"},{"@type":"ListItem","position":2,"name":"\u0160koda Veloteam 2026"}]},{"@type":"WebSite","@id":"https:\/\/www.welovecycling.com\/de\/#website","url":"https:\/\/www.welovecycling.com\/de\/","name":"\u0160koda We Love Cycling - Deutschland","description":"Just another \u0160koda WeLoveCycling Sites site","potentialAction":[{"@type":"SearchAction","target":{"@type":"EntryPoint","urlTemplate":"https:\/\/www.welovecycling.com\/de\/?s={search_term_string}"},"query-input":{"@type":"PropertyValueSpecification","valueRequired":true,"valueName":"search_term_string"}}],"inLanguage":"de-DE"}]}},"_links":{"self":[{"href":"https:\/\/www.welovecycling.com\/de\/wp-json\/wp\/v2\/pages\/3172","targetHints":{"allow":["GET"]}}],"collection":[{"href":"https:\/\/www.welovecycling.com\/de\/wp-json\/wp\/v2\/pages"}],"about":[{"href":"https:\/\/www.welovecycling.com\/de\/wp-json\/wp\/v2\/types\/page"}],"author":[{"embeddable":true,"href":"https:\/\/www.welovecycling.com\/de\/wp-json\/wp\/v2\/users\/59"}],"replies":[{"embeddable":true,"href":"https:\/\/www.welovecycling.com\/de\/wp-json\/wp\/v2\/comments?post=3172"}],"version-history":[{"count":5,"href":"https:\/\/www.welovecycling.com\/de\/wp-json\/wp\/v2\/pages\/3172\/revisions"}],"predecessor-version":[{"id":12235,"href":"https:\/\/www.welovecycling.com\/de\/wp-json\/wp\/v2\/pages\/3172\/revisions\/12235"}],"wp:featuredmedia":[{"embeddable":true,"href":"https:\/\/www.welovecycling.com\/de\/wp-json\/wp\/v2\/media\/11024"}],"wp:attachment":[{"href":"https:\/\/www.welovecycling.com\/de\/wp-json\/wp\/v2\/media?parent=3172"}],"wp:term":[{"taxonomy":"post_tag","embeddable":true,"href":"https:\/\/www.welovecycling.com\/de\/wp-json\/wp\/v2\/tags?post=3172"}],"curies":[{"name":"wp","href":"https:\/\/api.w.org\/{rel}","templated":true}]}}

Škoda Veloteam 2026

<h2><strong>Die Škoda Hobby-Rennen</strong></h2>
<h3><strong>Deutschland als Radsport Nation – Das Škoda Veloteam 2026</strong></h3>
<p><strong>MIT DEM ŠKODA VELOTEAM </strong><strong>GEMEINSAM DURCH DEUTSCHLAND</strong></p>
<p>Die Zahl der aktiven Radsportlerinnen und Radsportler in Deutschland steigt weiter. Kein Wunder, denn Radfahren ist gesund. Die Bewegung an der frischen Luft verbessert die Kondition, stärkt die Lunge, baut Stress ab und stärkt das Immunsystem.</p>
<p>Durch unsere Wurzeln als ehemalige Radmanufaktur ist die Verbundenheit zum Radsport bis heute geblieben. Die Fahrradmanufaktur war 1895 der Beginn unserer erfolgreichen Unternehmenshistorie und seitdem lebt Škoda die Leidenschaft für den Radsport. Ob als Sponsor, Namensgeber oder Mobilitätspartner, ob international oder national – auch in 2025 startet Škoda als „Motor des Radsports“ voll durch.</p>
<p>Ein Highlight im Škoda Radsportkalender sind die Hobbyrennen des Škoda Veloteams, die in ganz Deutschland stattfinden werden. Auch in diesem Jahr wird das Škoda Veloteam wieder bei einigen der größten und erfolgreichsten deutschen Radsportveranstaltungen in die Pedale treten.</p>
<p>Der Startschuss fällt traditionell am 1. Mai beim „Deutschen Radklassiker“ Eschborn-Frankfurt, gefolgt von der Cycling Tour in Magdeburg im Rahmen der Deutschland Tour.</p>
<p>Jede Teilnehmerin und jeder Teilnehmer, der bei einem der Rennen im Škoda Veloteam an den Start geht, erhält ein Startpaket mit dem Škoda Veloteam Trikot.</p>
<p>Wir freuen uns auf ein abwechslungsreiches und unterhaltsames Sportjahr mit viel Spannung, Spaß und Emotionen.</p>
<p><a href="https://d2p6e6u75xmxt8.cloudfront.net/10/2023/02/skoda_veloteam_positiv_RGB-scaled.webp"><img loading="lazy" decoding="async" class="alignnone wp-image-10685 " src="https://d2p6e6u75xmxt8.cloudfront.net/10/2023/02/skoda_veloteam_positiv_RGB-1622x1920.webp" alt="" width="227" height="269" srcset="https://d2p6e6u75xmxt8.cloudfront.net/10/2023/02/skoda_veloteam_positiv_RGB-1622x1920.webp 1622w, https://d2p6e6u75xmxt8.cloudfront.net/10/2023/02/skoda_veloteam_positiv_RGB-253x300.webp 253w, https://d2p6e6u75xmxt8.cloudfront.net/10/2023/02/skoda_veloteam_positiv_RGB-865x1024.webp 865w, https://d2p6e6u75xmxt8.cloudfront.net/10/2023/02/skoda_veloteam_positiv_RGB-768x909.webp 768w, https://d2p6e6u75xmxt8.cloudfront.net/10/2023/02/skoda_veloteam_positiv_RGB-1298x1536.webp 1298w, https://d2p6e6u75xmxt8.cloudfront.net/10/2023/02/skoda_veloteam_positiv_RGB-1730x2048.webp 1730w, https://d2p6e6u75xmxt8.cloudfront.net/10/2023/02/skoda_veloteam_positiv_RGB-338x400.webp 338w, https://d2p6e6u75xmxt8.cloudfront.net/10/2023/02/skoda_veloteam_positiv_RGB-1622x1920.webp 1622w" sizes="auto, (max-width: 227px) 100vw, 227px" /></a></p>

<p>Die Škoda Hobby-Rennen Deutschland als Radsport Nation – Das Škoda Veloteam 2026 MIT DEM ŠKODA VELOTEAM GEMEINSAM DURCH DEUTSCHLAND Die [&hellip;]</p>

<!-- This site is optimized with the Yoast SEO Premium plugin v25.3 (Yoast SEO v25.9) - https://yoast.com/wordpress/plugins/seo/ -->
<title>Škoda Veloteam 2026 - Škoda We Love Cycling - Deutschland</title>
<meta name="description" content="Deutschland ist eine Radsport Nation und das Škoda Veloteam ist ein Teil davon. Škoda Veloteam –  gemeinsam durch Deutschland!" />
<meta name="robots" content="index, follow, max-snippet:-1, max-image-preview:large, max-video-preview:-1" />
<link rel="canonical" href="https://www.welovecycling.com/de/skoda-veloteam/" />
<meta property="og:locale" content="de_DE" />
<meta property="og:type" content="article" />
<meta property="og:title" content="Škoda Veloteam 2026" />
<meta property="og:description" content="Deutschland ist eine Radsport Nation und das Škoda Veloteam ist ein Teil davon. Škoda Veloteam –  gemeinsam durch Deutschland!" />
<meta property="og:url" content="https://www.welovecycling.com/de/skoda-veloteam/" />
<meta property="og:site_name" content="Škoda We Love Cycling - Deutschland" />
<meta property="og:image" content="https://d2p6e6u75xmxt8.cloudfront.net/10/2023/08/SAD232390805-9897-scaled.webp" />
	<meta property="og:image:width" content="2560" />
	<meta property="og:image:height" content="1707" />
	<meta property="og:image:type" content="image/webp" />
<meta name="twitter:card" content="summary_large_image" />
<meta name="twitter:label1" content="Est. reading time" />
	<meta name="twitter:data1" content="1 minute" />
<script type="application/ld+json" class="yoast-schema-graph">{"@context":"https://schema.org","@graph":[{"@type":"WebPage","@id":"https://www.welovecycling.com/de/skoda-veloteam/","url":"https://www.welovecycling.com/de/skoda-veloteam/","name":"Škoda Veloteam 2026 - Škoda We Love Cycling - Deutschland","isPartOf":{"@id":"https://www.welovecycling.com/de/#website"},"primaryImageOfPage":{"@id":"https://www.welovecycling.com/de/skoda-veloteam/#primaryimage"},"image":{"@id":"https://www.welovecycling.com/de/skoda-veloteam/#primaryimage"},"thumbnailUrl":"https://d2p6e6u75xmxt8.cloudfront.net/10/2023/08/SAD232390805-9897-scaled.webp","datePublished":"2026-02-12T09:52:00+00:00","description":"Deutschland ist eine Radsport Nation und das Škoda Veloteam ist ein Teil davon. Škoda Veloteam –  gemeinsam durch Deutschland!","breadcrumb":{"@id":"https://www.welovecycling.com/de/skoda-veloteam/#breadcrumb"},"inLanguage":"de-DE","potentialAction":[{"@type":"ReadAction","target":["https://www.welovecycling.com/de/skoda-veloteam/"]}]},{"@type":"ImageObject","inLanguage":"de-DE","@id":"https://www.welovecycling.com/de/skoda-veloteam/#primaryimage","url":"https://d2p6e6u75xmxt8.cloudfront.net/10/2023/08/SAD232390805-9897-scaled.webp","contentUrl":"https://d2p6e6u75xmxt8.cloudfront.net/10/2023/08/SAD232390805-9897-scaled.webp","width":2560,"height":1707},{"@type":"BreadcrumbList","@id":"https://www.welovecycling.com/de/skoda-veloteam/#breadcrumb","itemListElement":[{"@type":"ListItem","position":1,"name":"Home","item":"https://www.welovecycling.com/de/"},{"@type":"ListItem","position":2,"name":"Škoda Veloteam 2026"}]},{"@type":"WebSite","@id":"https://www.welovecycling.com/de/#website","url":"https://www.welovecycling.com/de/","name":"Škoda We Love Cycling - Deutschland","description":"Just another Škoda WeLoveCycling Sites site","potentialAction":[{"@type":"SearchAction","target":{"@type":"EntryPoint","urlTemplate":"https://www.welovecycling.com/de/?s={search_term_string}"},"query-input":{"@type":"PropertyValueSpecification","valueRequired":true,"valueName":"search_term_string"}}],"inLanguage":"de-DE"}]}</script>
<!-- / Yoast SEO Premium plugin. -->

Škoda Veloteam 2026 - Škoda We Love Cycling - Deutschland

Deutschland ist eine Radsport Nation und das Škoda Veloteam ist ein Teil davon. Škoda Veloteam –  gemeinsam durch Deutschland!

Škoda We Love Cycling - Deutschland

Just another Škoda WeLoveCycling Sites site
