{"id":2200,"date":"2016-07-12T10:20:43","date_gmt":"2016-07-12T09:20:43","guid":{"rendered":"https:\/\/www.welovecycling.com\/de\/?page_id=2200"},"modified":"2018-07-02T17:57:49","modified_gmt":"2018-07-02T16:57:49","slug":"christoph-biermann","status":"publish","type":"page","link":"https:\/\/www.welovecycling.com\/de\/christoph-biermann\/","title":{"rendered":"Christoph Biermann"},"content":{"rendered":"<h2>Christoph Biermann vs. Mont Ventoux<\/h2>\n<p>Nach einer Herztransplantation will der Amateur-Radsportler den Berg der Berge bezwingen.<\/p>\n<p>Christoph Biermann war ein erfolgreicher Amateur-Radsportler, der pro Jahr gut 17.000 Kilometer fuhr, bis er 2008 einen Schlaganfall erlitt. 2011 h\u00f6rte w\u00e4hrend eines Fu\u00dfballspiels sogar sein Herz auf zu schlagen, nur die Brustdruckmassage durch einen Mitspieler rettete sein Leben. Zwei Jahre sp\u00e4ter bekam er ein Spenderherz implantiert. Mittlerweile ist Christoph Biermann zur\u00fcck auf seinem Fahrrad, &#8222;zur\u00fcck im Leben&#8220;, wie er sagt. Jetzt will er sein Comeback kr\u00f6nen. Beim \u0160koda Aktivtraining auf einer der h\u00e4rtesten Bergetappen der Tour de France. Biermann will den Mont Ventoux bezwingen. Den Berg der Berge.<\/p>\n<p><a href=\"https:\/\/d2p6e6u75xmxt8.cloudfront.net\/102016\/07\/christoph_biermann-9.jpg\"><img decoding=\"async\" class=\"alignnone size-medium wp-image-3335\" src=\"https:\/\/d2p6e6u75xmxt8.cloudfront.net\/102016\/07\/christoph_biermann-9-300x125.jpg\" alt=\"\" \/><\/a><a href=\"https:\/\/d2p6e6u75xmxt8.cloudfront.net\/102016\/07\/christoph_biermann-14.jpg\"><img decoding=\"async\" class=\"alignright size-medium wp-image-3336\" src=\"https:\/\/d2p6e6u75xmxt8.cloudfront.net\/102016\/07\/christoph_biermann-14-300x126.jpg\" alt=\"\" \/><\/a><\/p>\n<p>Mit 1.912 H\u00f6henmetern geh\u00f6rt Le G\u00e9ant de Provence \u2013 der Gigant der Provence \u2013 zu den schwersten Pr\u00fcfungen, die sich ein Spitzensportler bei der Tour de France vornehmen kann. Die Etappe wurde seit 1951 erst 15 Mal gefahren. Unvergessen, wie Tom Simpson 1967 zwei Kilometer vor dem Ziel auf dem wei\u00dfen Ger\u00f6ll-Gipfel verstarb oder wie der legend\u00e4re Eddy Merckx 1970 einen Schw\u00e4cheanfall erlitt, nachdem er als Sieger der Ventoux-Etappe ins Ziel fuhr.<\/p>\n<p>Amateur-Fahrer Christoph Biermann will sich der Tortur nun mit einem Spenderherz annehmen und muss daf\u00fcr erst wieder in Form kommen. Denn sein Trainingszustand ist weit weg von einer Idealverfassung f\u00fcr dieses sehr ambitionierte Ziel. Zur Vorbereitung auf den Mont Ventoux startete der 53-J\u00e4hrige am 12. Juni beim \u0160koda Velodom in K\u00f6ln:<\/p>\n<div style=\"width: 1920px;\" class=\"wp-video\"><!--[if lt IE 9]><script>document.createElement('video');<\/script><![endif]-->\n<video class=\"wp-video-shortcode\" id=\"video-2200-1\" width=\"1920\" height=\"1080\" preload=\"metadata\" controls=\"controls\"><source type=\"video\/mp4\" src=\"https:\/\/d2p6e6u75xmxt8.cloudfront.net\/10\/2018\/07\/KODA-Christoph-Biermann-vs-Mont-Ventoux-Folge-1.mp4?_=1\" \/><a href=\"https:\/\/d2p6e6u75xmxt8.cloudfront.net\/10\/2018\/07\/KODA-Christoph-Biermann-vs-Mont-Ventoux-Folge-1.mp4\">https:\/\/d2p6e6u75xmxt8.cloudfront.net\/10\/2018\/07\/KODA-Christoph-Biermann-vs-Mont-Ventoux-Folge-1.mp4<\/a><\/video><\/div>\n<h3>Christoph Biermann Folge 1<\/h3>\n<div style=\"width: 1920px;\" class=\"wp-video\"><video class=\"wp-video-shortcode\" id=\"video-2200-2\" width=\"1920\" height=\"1080\" preload=\"metadata\" controls=\"controls\"><source type=\"video\/mp4\" src=\"https:\/\/d2p6e6u75xmxt8.cloudfront.net\/10\/2018\/07\/KODA-Christoph-Biermann-vs-Mont-Ventoux-Folge-2Full-HD1920x1080.mp4?_=2\" \/><a href=\"https:\/\/d2p6e6u75xmxt8.cloudfront.net\/10\/2018\/07\/KODA-Christoph-Biermann-vs-Mont-Ventoux-Folge-2Full-HD1920x1080.mp4\">https:\/\/d2p6e6u75xmxt8.cloudfront.net\/10\/2018\/07\/KODA-Christoph-Biermann-vs-Mont-Ventoux-Folge-2Full-HD1920x1080.mp4<\/a><\/video><\/div>\n<h3>Christoph Biermann Folge 2<\/h3>\n<div style=\"width: 1920px;\" class=\"wp-video\"><video class=\"wp-video-shortcode\" id=\"video-2200-3\" width=\"1920\" height=\"1080\" preload=\"metadata\" controls=\"controls\"><source type=\"video\/mp4\" src=\"https:\/\/d2p6e6u75xmxt8.cloudfront.net\/10\/2018\/07\/KODA-Christoph-Biermann-vs-Mont-Ventoux-Folge-3Full-HD1920x1080.mp4?_=3\" \/><a href=\"https:\/\/d2p6e6u75xmxt8.cloudfront.net\/10\/2018\/07\/KODA-Christoph-Biermann-vs-Mont-Ventoux-Folge-3Full-HD1920x1080.mp4\">https:\/\/d2p6e6u75xmxt8.cloudfront.net\/10\/2018\/07\/KODA-Christoph-Biermann-vs-Mont-Ventoux-Folge-3Full-HD1920x1080.mp4<\/a><\/video><\/div>\n<h3>Christoph Biermann Folge 3<\/h3>\n","protected":false},"excerpt":{"rendered":"<p>Christoph Biermann vs. Mont Ventoux Nach einer Herztransplantation will der Amateur-Radsportler den Berg der Berge bezwingen. Christoph Biermann war ein [&hellip;]<\/p>\n","protected":false},"author":59,"featured_media":3322,"parent":0,"menu_order":0,"comment_status":"closed","ping_status":"closed","template":"","meta":{"footnotes":""},"tags":[],"class_list":["post-2200","page","type-page","status-publish","has-post-thumbnail","hentry"],"yoast_head":"<!-- This site is optimized with the Yoast SEO Premium plugin v25.3 (Yoast SEO v25.9) - https:\/\/yoast.com\/wordpress\/plugins\/seo\/ -->\n<title>Christoph Biermann - \u0160koda We Love Cycling - Deutschland<\/title>\n<meta name=\"robots\" content=\"index, follow, max-snippet:-1, max-image-preview:large, max-video-preview:-1\" \/>\n<link rel=\"canonical\" href=\"https:\/\/www.welovecycling.com\/de\/christoph-biermann\/\" \/>\n<meta property=\"og:locale\" content=\"de_DE\" \/>\n<meta property=\"og:type\" content=\"article\" \/>\n<meta property=\"og:title\" content=\"Christoph Biermann\" \/>\n<meta property=\"og:description\" content=\"Christoph Biermann vs. Mont Ventoux Nach einer Herztransplantation will der Amateur-Radsportler den Berg der Berge bezwingen. Christoph Biermann war ein [&hellip;]\" \/>\n<meta property=\"og:url\" content=\"https:\/\/www.welovecycling.com\/de\/christoph-biermann\/\" \/>\n<meta property=\"og:site_name\" content=\"\u0160koda We Love Cycling - Deutschland\" \/>\n<meta property=\"article:modified_time\" content=\"2018-07-02T16:57:49+00:00\" \/>\n<meta property=\"og:image\" content=\"https:\/\/d2p6e6u75xmxt8.cloudfront.net\/10\/2016\/07\/christoph_biermann-6.jpg\" \/>\n\t<meta property=\"og:image:width\" content=\"1915\" \/>\n\t<meta property=\"og:image:height\" content=\"799\" \/>\n\t<meta property=\"og:image:type\" content=\"image\/jpeg\" \/>\n<meta name=\"twitter:card\" content=\"summary_large_image\" \/>\n<meta name=\"twitter:label1\" content=\"Est. reading time\" \/>\n\t<meta name=\"twitter:data1\" content=\"1 minute\" \/>\n<script type=\"application\/ld+json\" class=\"yoast-schema-graph\">{\"@context\":\"https:\/\/schema.org\",\"@graph\":[{\"@type\":\"WebPage\",\"@id\":\"https:\/\/www.welovecycling.com\/de\/christoph-biermann\/\",\"url\":\"https:\/\/www.welovecycling.com\/de\/christoph-biermann\/\",\"name\":\"Christoph Biermann - \u0160koda We Love Cycling - Deutschland\",\"isPartOf\":{\"@id\":\"https:\/\/www.welovecycling.com\/de\/#website\"},\"primaryImageOfPage\":{\"@id\":\"https:\/\/www.welovecycling.com\/de\/christoph-biermann\/#primaryimage\"},\"image\":{\"@id\":\"https:\/\/www.welovecycling.com\/de\/christoph-biermann\/#primaryimage\"},\"thumbnailUrl\":\"https:\/\/d2p6e6u75xmxt8.cloudfront.net\/10\/2016\/07\/christoph_biermann-6.jpg\",\"datePublished\":\"2016-07-12T09:20:43+00:00\",\"dateModified\":\"2018-07-02T16:57:49+00:00\",\"breadcrumb\":{\"@id\":\"https:\/\/www.welovecycling.com\/de\/christoph-biermann\/#breadcrumb\"},\"inLanguage\":\"de-DE\",\"potentialAction\":[{\"@type\":\"ReadAction\",\"target\":[\"https:\/\/www.welovecycling.com\/de\/christoph-biermann\/\"]}]},{\"@type\":\"ImageObject\",\"inLanguage\":\"de-DE\",\"@id\":\"https:\/\/www.welovecycling.com\/de\/christoph-biermann\/#primaryimage\",\"url\":\"https:\/\/d2p6e6u75xmxt8.cloudfront.net\/10\/2016\/07\/christoph_biermann-6.jpg\",\"contentUrl\":\"https:\/\/d2p6e6u75xmxt8.cloudfront.net\/10\/2016\/07\/christoph_biermann-6.jpg\",\"width\":1915,\"height\":799,\"caption\":\"Christoph Biermann\"},{\"@type\":\"BreadcrumbList\",\"@id\":\"https:\/\/www.welovecycling.com\/de\/christoph-biermann\/#breadcrumb\",\"itemListElement\":[{\"@type\":\"ListItem\",\"position\":1,\"name\":\"Home\",\"item\":\"https:\/\/www.welovecycling.com\/de\/\"},{\"@type\":\"ListItem\",\"position\":2,\"name\":\"Christoph Biermann\"}]},{\"@type\":\"WebSite\",\"@id\":\"https:\/\/www.welovecycling.com\/de\/#website\",\"url\":\"https:\/\/www.welovecycling.com\/de\/\",\"name\":\"\u0160koda We Love Cycling - Deutschland\",\"description\":\"Just another \u0160koda WeLoveCycling Sites site\",\"potentialAction\":[{\"@type\":\"SearchAction\",\"target\":{\"@type\":\"EntryPoint\",\"urlTemplate\":\"https:\/\/www.welovecycling.com\/de\/?s={search_term_string}\"},\"query-input\":{\"@type\":\"PropertyValueSpecification\",\"valueRequired\":true,\"valueName\":\"search_term_string\"}}],\"inLanguage\":\"de-DE\"}]}<\/script>\n<!-- \/ Yoast SEO Premium plugin. -->","yoast_head_json":{"title":"Christoph Biermann - \u0160koda We Love Cycling - Deutschland","robots":{"index":"index","follow":"follow","max-snippet":"max-snippet:-1","max-image-preview":"max-image-preview:large","max-video-preview":"max-video-preview:-1"},"canonical":"https:\/\/www.welovecycling.com\/de\/christoph-biermann\/","og_locale":"de_DE","og_type":"article","og_title":"Christoph Biermann","og_description":"Christoph Biermann vs. Mont Ventoux Nach einer Herztransplantation will der Amateur-Radsportler den Berg der Berge bezwingen. Christoph Biermann war ein [&hellip;]","og_url":"https:\/\/www.welovecycling.com\/de\/christoph-biermann\/","og_site_name":"\u0160koda We Love Cycling - Deutschland","article_modified_time":"2018-07-02T16:57:49+00:00","og_image":[{"width":1915,"height":799,"url":"https:\/\/d2p6e6u75xmxt8.cloudfront.net\/10\/2016\/07\/christoph_biermann-6.jpg","type":"image\/jpeg"}],"twitter_card":"summary_large_image","twitter_misc":{"Est. reading time":"1 minute"},"schema":{"@context":"https:\/\/schema.org","@graph":[{"@type":"WebPage","@id":"https:\/\/www.welovecycling.com\/de\/christoph-biermann\/","url":"https:\/\/www.welovecycling.com\/de\/christoph-biermann\/","name":"Christoph Biermann - \u0160koda We Love Cycling - Deutschland","isPartOf":{"@id":"https:\/\/www.welovecycling.com\/de\/#website"},"primaryImageOfPage":{"@id":"https:\/\/www.welovecycling.com\/de\/christoph-biermann\/#primaryimage"},"image":{"@id":"https:\/\/www.welovecycling.com\/de\/christoph-biermann\/#primaryimage"},"thumbnailUrl":"https:\/\/d2p6e6u75xmxt8.cloudfront.net\/10\/2016\/07\/christoph_biermann-6.jpg","datePublished":"2016-07-12T09:20:43+00:00","dateModified":"2018-07-02T16:57:49+00:00","breadcrumb":{"@id":"https:\/\/www.welovecycling.com\/de\/christoph-biermann\/#breadcrumb"},"inLanguage":"de-DE","potentialAction":[{"@type":"ReadAction","target":["https:\/\/www.welovecycling.com\/de\/christoph-biermann\/"]}]},{"@type":"ImageObject","inLanguage":"de-DE","@id":"https:\/\/www.welovecycling.com\/de\/christoph-biermann\/#primaryimage","url":"https:\/\/d2p6e6u75xmxt8.cloudfront.net\/10\/2016\/07\/christoph_biermann-6.jpg","contentUrl":"https:\/\/d2p6e6u75xmxt8.cloudfront.net\/10\/2016\/07\/christoph_biermann-6.jpg","width":1915,"height":799,"caption":"Christoph Biermann"},{"@type":"BreadcrumbList","@id":"https:\/\/www.welovecycling.com\/de\/christoph-biermann\/#breadcrumb","itemListElement":[{"@type":"ListItem","position":1,"name":"Home","item":"https:\/\/www.welovecycling.com\/de\/"},{"@type":"ListItem","position":2,"name":"Christoph Biermann"}]},{"@type":"WebSite","@id":"https:\/\/www.welovecycling.com\/de\/#website","url":"https:\/\/www.welovecycling.com\/de\/","name":"\u0160koda We Love Cycling - Deutschland","description":"Just another \u0160koda WeLoveCycling Sites site","potentialAction":[{"@type":"SearchAction","target":{"@type":"EntryPoint","urlTemplate":"https:\/\/www.welovecycling.com\/de\/?s={search_term_string}"},"query-input":{"@type":"PropertyValueSpecification","valueRequired":true,"valueName":"search_term_string"}}],"inLanguage":"de-DE"}]}},"_links":{"self":[{"href":"https:\/\/www.welovecycling.com\/de\/wp-json\/wp\/v2\/pages\/2200","targetHints":{"allow":["GET"]}}],"collection":[{"href":"https:\/\/www.welovecycling.com\/de\/wp-json\/wp\/v2\/pages"}],"about":[{"href":"https:\/\/www.welovecycling.com\/de\/wp-json\/wp\/v2\/types\/page"}],"author":[{"embeddable":true,"href":"https:\/\/www.welovecycling.com\/de\/wp-json\/wp\/v2\/users\/59"}],"replies":[{"embeddable":true,"href":"https:\/\/www.welovecycling.com\/de\/wp-json\/wp\/v2\/comments?post=2200"}],"version-history":[{"count":2,"href":"https:\/\/www.welovecycling.com\/de\/wp-json\/wp\/v2\/pages\/2200\/revisions"}],"predecessor-version":[{"id":7237,"href":"https:\/\/www.welovecycling.com\/de\/wp-json\/wp\/v2\/pages\/2200\/revisions\/7237"}],"wp:featuredmedia":[{"embeddable":true,"href":"https:\/\/www.welovecycling.com\/de\/wp-json\/wp\/v2\/media\/3322"}],"wp:attachment":[{"href":"https:\/\/www.welovecycling.com\/de\/wp-json\/wp\/v2\/media?parent=2200"}],"wp:term":[{"taxonomy":"post_tag","embeddable":true,"href":"https:\/\/www.welovecycling.com\/de\/wp-json\/wp\/v2\/tags?post=2200"}],"curies":[{"name":"wp","href":"https:\/\/api.w.org\/{rel}","templated":true}]}}

<h2>Christoph Biermann vs. Mont Ventoux</h2>
<p>Nach einer Herztransplantation will der Amateur-Radsportler den Berg der Berge bezwingen.</p>
<p>Christoph Biermann war ein erfolgreicher Amateur-Radsportler, der pro Jahr gut 17.000 Kilometer fuhr, bis er 2008 einen Schlaganfall erlitt. 2011 hörte während eines Fußballspiels sogar sein Herz auf zu schlagen, nur die Brustdruckmassage durch einen Mitspieler rettete sein Leben. Zwei Jahre später bekam er ein Spenderherz implantiert. Mittlerweile ist Christoph Biermann zurück auf seinem Fahrrad, &#8222;zurück im Leben&#8220;, wie er sagt. Jetzt will er sein Comeback krönen. Beim Škoda Aktivtraining auf einer der härtesten Bergetappen der Tour de France. Biermann will den Mont Ventoux bezwingen. Den Berg der Berge.</p>
<p><a href="https://d2p6e6u75xmxt8.cloudfront.net/102016/07/christoph_biermann-9.jpg"><img decoding="async" class="alignnone size-medium wp-image-3335" src="https://d2p6e6u75xmxt8.cloudfront.net/102016/07/christoph_biermann-9-300x125.jpg" alt="" /></a><a href="https://d2p6e6u75xmxt8.cloudfront.net/102016/07/christoph_biermann-14.jpg"><img decoding="async" class="alignright size-medium wp-image-3336" src="https://d2p6e6u75xmxt8.cloudfront.net/102016/07/christoph_biermann-14-300x126.jpg" alt="" /></a></p>
<p>Mit 1.912 Höhenmetern gehört Le Géant de Provence – der Gigant der Provence – zu den schwersten Prüfungen, die sich ein Spitzensportler bei der Tour de France vornehmen kann. Die Etappe wurde seit 1951 erst 15 Mal gefahren. Unvergessen, wie Tom Simpson 1967 zwei Kilometer vor dem Ziel auf dem weißen Geröll-Gipfel verstarb oder wie der legendäre Eddy Merckx 1970 einen Schwächeanfall erlitt, nachdem er als Sieger der Ventoux-Etappe ins Ziel fuhr.</p>
<p>Amateur-Fahrer Christoph Biermann will sich der Tortur nun mit einem Spenderherz annehmen und muss dafür erst wieder in Form kommen. Denn sein Trainingszustand ist weit weg von einer Idealverfassung für dieses sehr ambitionierte Ziel. Zur Vorbereitung auf den Mont Ventoux startete der 53-Jährige am 12. Juni beim Škoda Velodom in Köln:</p>
<div style="width: 1920px;" class="wp-video"><!--[if lt IE 9]><script>document.createElement('video');</script><![endif]-->
<video class="wp-video-shortcode" id="video-2200-1" width="1920" height="1080" preload="metadata" controls="controls"><source type="video/mp4" src="https://d2p6e6u75xmxt8.cloudfront.net/10/2018/07/KODA-Christoph-Biermann-vs-Mont-Ventoux-Folge-1.mp4?_=1" /><a href="https://d2p6e6u75xmxt8.cloudfront.net/10/2018/07/KODA-Christoph-Biermann-vs-Mont-Ventoux-Folge-1.mp4">https://d2p6e6u75xmxt8.cloudfront.net/10/2018/07/KODA-Christoph-Biermann-vs-Mont-Ventoux-Folge-1.mp4</a></video></div>
<h3>Christoph Biermann Folge 1</h3>
<div style="width: 1920px;" class="wp-video"><video class="wp-video-shortcode" id="video-2200-2" width="1920" height="1080" preload="metadata" controls="controls"><source type="video/mp4" src="https://d2p6e6u75xmxt8.cloudfront.net/10/2018/07/KODA-Christoph-Biermann-vs-Mont-Ventoux-Folge-2Full-HD1920x1080.mp4?_=2" /><a href="https://d2p6e6u75xmxt8.cloudfront.net/10/2018/07/KODA-Christoph-Biermann-vs-Mont-Ventoux-Folge-2Full-HD1920x1080.mp4">https://d2p6e6u75xmxt8.cloudfront.net/10/2018/07/KODA-Christoph-Biermann-vs-Mont-Ventoux-Folge-2Full-HD1920x1080.mp4</a></video></div>
<h3>Christoph Biermann Folge 2</h3>
<div style="width: 1920px;" class="wp-video"><video class="wp-video-shortcode" id="video-2200-3" width="1920" height="1080" preload="metadata" controls="controls"><source type="video/mp4" src="https://d2p6e6u75xmxt8.cloudfront.net/10/2018/07/KODA-Christoph-Biermann-vs-Mont-Ventoux-Folge-3Full-HD1920x1080.mp4?_=3" /><a href="https://d2p6e6u75xmxt8.cloudfront.net/10/2018/07/KODA-Christoph-Biermann-vs-Mont-Ventoux-Folge-3Full-HD1920x1080.mp4">https://d2p6e6u75xmxt8.cloudfront.net/10/2018/07/KODA-Christoph-Biermann-vs-Mont-Ventoux-Folge-3Full-HD1920x1080.mp4</a></video></div>
<h3>Christoph Biermann Folge 3</h3>

<!-- This site is optimized with the Yoast SEO Premium plugin v25.3 (Yoast SEO v25.9) - https://yoast.com/wordpress/plugins/seo/ -->
<title>Christoph Biermann - Škoda We Love Cycling - Deutschland</title>
<meta name="robots" content="index, follow, max-snippet:-1, max-image-preview:large, max-video-preview:-1" />
<link rel="canonical" href="https://www.welovecycling.com/de/christoph-biermann/" />
<meta property="og:locale" content="de_DE" />
<meta property="og:type" content="article" />
<meta property="og:title" content="Christoph Biermann" />
<meta property="og:description" content="Christoph Biermann vs. Mont Ventoux Nach einer Herztransplantation will der Amateur-Radsportler den Berg der Berge bezwingen. Christoph Biermann war ein [&hellip;]" />
<meta property="og:url" content="https://www.welovecycling.com/de/christoph-biermann/" />
<meta property="og:site_name" content="Škoda We Love Cycling - Deutschland" />
<meta property="article:modified_time" content="2018-07-02T16:57:49+00:00" />
<meta property="og:image" content="https://d2p6e6u75xmxt8.cloudfront.net/10/2016/07/christoph_biermann-6.jpg" />
	<meta property="og:image:width" content="1915" />
	<meta property="og:image:height" content="799" />
	<meta property="og:image:type" content="image/jpeg" />
<meta name="twitter:card" content="summary_large_image" />
<meta name="twitter:label1" content="Est. reading time" />
	<meta name="twitter:data1" content="1 minute" />
<script type="application/ld+json" class="yoast-schema-graph">{"@context":"https://schema.org","@graph":[{"@type":"WebPage","@id":"https://www.welovecycling.com/de/christoph-biermann/","url":"https://www.welovecycling.com/de/christoph-biermann/","name":"Christoph Biermann - Škoda We Love Cycling - Deutschland","isPartOf":{"@id":"https://www.welovecycling.com/de/#website"},"primaryImageOfPage":{"@id":"https://www.welovecycling.com/de/christoph-biermann/#primaryimage"},"image":{"@id":"https://www.welovecycling.com/de/christoph-biermann/#primaryimage"},"thumbnailUrl":"https://d2p6e6u75xmxt8.cloudfront.net/10/2016/07/christoph_biermann-6.jpg","datePublished":"2016-07-12T09:20:43+00:00","dateModified":"2018-07-02T16:57:49+00:00","breadcrumb":{"@id":"https://www.welovecycling.com/de/christoph-biermann/#breadcrumb"},"inLanguage":"de-DE","potentialAction":[{"@type":"ReadAction","target":["https://www.welovecycling.com/de/christoph-biermann/"]}]},{"@type":"ImageObject","inLanguage":"de-DE","@id":"https://www.welovecycling.com/de/christoph-biermann/#primaryimage","url":"https://d2p6e6u75xmxt8.cloudfront.net/10/2016/07/christoph_biermann-6.jpg","contentUrl":"https://d2p6e6u75xmxt8.cloudfront.net/10/2016/07/christoph_biermann-6.jpg","width":1915,"height":799,"caption":"Christoph Biermann"},{"@type":"BreadcrumbList","@id":"https://www.welovecycling.com/de/christoph-biermann/#breadcrumb","itemListElement":[{"@type":"ListItem","position":1,"name":"Home","item":"https://www.welovecycling.com/de/"},{"@type":"ListItem","position":2,"name":"Christoph Biermann"}]},{"@type":"WebSite","@id":"https://www.welovecycling.com/de/#website","url":"https://www.welovecycling.com/de/","name":"Škoda We Love Cycling - Deutschland","description":"Just another Škoda WeLoveCycling Sites site","potentialAction":[{"@type":"SearchAction","target":{"@type":"EntryPoint","urlTemplate":"https://www.welovecycling.com/de/?s={search_term_string}"},"query-input":{"@type":"PropertyValueSpecification","valueRequired":true,"valueName":"search_term_string"}}],"inLanguage":"de-DE"}]}</script>
<!-- / Yoast SEO Premium plugin. -->

Christoph Biermann - Škoda We Love Cycling - Deutschland

Škoda We Love Cycling - Deutschland

Just another Škoda WeLoveCycling Sites site
