{"version":"1.0","provider_name":"\u0160koda We Love Cycling - Deutschland","provider_url":"https:\/\/www.welovecycling.com\/de","author_name":"jbraeker","author_url":"https:\/\/www.welovecycling.com\/de\/author\/jbraeker\/","title":"Die virtuelle Tour de France erkl\u00e4rt f\u00fcr #ride2unite","type":"rich","width":600,"height":338,"html":"<blockquote class=\"wp-embedded-content\" data-secret=\"WgJNmYxzFo\"><a href=\"https:\/\/www.welovecycling.com\/de\/2020\/07\/06\/die-virtuelle-tour-de-france-erklaert-fuer-ride2unite\/\">Die virtuelle Tour de France erkl\u00e4rt f\u00fcr #ride2unite<\/a><\/blockquote><iframe sandbox=\"allow-scripts\" security=\"restricted\" src=\"https:\/\/www.welovecycling.com\/de\/2020\/07\/06\/die-virtuelle-tour-de-france-erklaert-fuer-ride2unite\/embed\/#?secret=WgJNmYxzFo\" width=\"600\" height=\"338\" title=\"&#8222;Die virtuelle Tour de France erkl\u00e4rt f\u00fcr #ride2unite&#8220; &#8212; \u0160koda We Love Cycling - Deutschland\" data-secret=\"WgJNmYxzFo\" frameborder=\"0\" marginwidth=\"0\" marginheight=\"0\" scrolling=\"no\" class=\"wp-embedded-content\"><\/iframe><script type=\"text\/javascript\">\n\/* <![CDATA[ *\/\n\/*! This file is auto-generated *\/\n!function(d,l){\"use strict\";l.querySelector&&d.addEventListener&&\"undefined\"!=typeof URL&&(d.wp=d.wp||{},d.wp.receiveEmbedMessage||(d.wp.receiveEmbedMessage=function(e){var t=e.data;if((t||t.secret||t.message||t.value)&&!\/[^a-zA-Z0-9]\/.test(t.secret)){for(var s,r,n,a=l.querySelectorAll('iframe[data-secret=\"'+t.secret+'\"]'),o=l.querySelectorAll('blockquote[data-secret=\"'+t.secret+'\"]'),c=new RegExp(\"^https?:$\",\"i\"),i=0;i<o.length;i++)o[i].style.display=\"none\";for(i=0;i<a.length;i++)s=a[i],e.source===s.contentWindow&&(s.removeAttribute(\"style\"),\"height\"===t.message?(1e3<(r=parseInt(t.value,10))?r=1e3:~~r<200&&(r=200),s.height=r):\"link\"===t.message&&(r=new URL(s.getAttribute(\"src\")),n=new URL(t.value),c.test(n.protocol))&&n.host===r.host&&l.activeElement===s&&(d.top.location.href=t.value))}},d.addEventListener(\"message\",d.wp.receiveEmbedMessage,!1),l.addEventListener(\"DOMContentLoaded\",function(){for(var e,t,s=l.querySelectorAll(\"iframe.wp-embedded-content\"),r=0;r<s.length;r++)(t=(e=s[r]).getAttribute(\"data-secret\"))||(t=Math.random().toString(36).substring(2,12),e.src+=\"#?secret=\"+t,e.setAttribute(\"data-secret\",t)),e.contentWindow.postMessage({message:\"ready\",secret:t},\"*\")},!1)))}(window,document);\n\/* ]]> *\/\n<\/script>\n","thumbnail_url":"https:\/\/d2p6e6u75xmxt8.cloudfront.net\/10\/2020\/07\/r2u_linkshare_1200x628_Goupil.jpg","thumbnail_width":1200,"thumbnail_height":628,"description":"Julien Goupil, seit 2004 in den Reihen der A.S.O. t\u00e4tig, erkl\u00e4rt im Rahmen von #ride2unite die neue virtuelle Welt der Tour de France!"}

Škoda We Love Cycling - Deutschland

Die virtuelle Tour de France erklärt für #ride2unite

<blockquote class="wp-embedded-content" data-secret="WgJNmYxzFo"><a href="https://www.welovecycling.com/de/2020/07/06/die-virtuelle-tour-de-france-erklaert-fuer-ride2unite/">Die virtuelle Tour de France erklärt für #ride2unite</a></blockquote><iframe sandbox="allow-scripts" security="restricted" src="https://www.welovecycling.com/de/2020/07/06/die-virtuelle-tour-de-france-erklaert-fuer-ride2unite/embed/#?secret=WgJNmYxzFo" width="600" height="338" title="&#8222;Die virtuelle Tour de France erklärt für #ride2unite&#8220; &#8212; Škoda We Love Cycling - Deutschland" data-secret="WgJNmYxzFo" frameborder="0" marginwidth="0" marginheight="0" scrolling="no" class="wp-embedded-content"></iframe><script type="text/javascript">
/* <![CDATA[ */
/*! This file is auto-generated */
!function(d,l){"use strict";l.querySelector&&d.addEventListener&&"undefined"!=typeof URL&&(d.wp=d.wp||{},d.wp.receiveEmbedMessage||(d.wp.receiveEmbedMessage=function(e){var t=e.data;if((t||t.secret||t.message||t.value)&&!/[^a-zA-Z0-9]/.test(t.secret)){for(var s,r,n,a=l.querySelectorAll('iframe[data-secret="'+t.secret+'"]'),o=l.querySelectorAll('blockquote[data-secret="'+t.secret+'"]'),c=new RegExp("^https?:$","i"),i=0;i<o.length;i++)o[i].style.display="none";for(i=0;i<a.length;i++)s=a[i],e.source===s.contentWindow&&(s.removeAttribute("style"),"height"===t.message?(1e3<(r=parseInt(t.value,10))?r=1e3:~~r<200&&(r=200),s.height=r):"link"===t.message&&(r=new URL(s.getAttribute("src")),n=new URL(t.value),c.test(n.protocol))&&n.host===r.host&&l.activeElement===s&&(d.top.location.href=t.value))}},d.addEventListener("message",d.wp.receiveEmbedMessage,!1),l.addEventListener("DOMContentLoaded",function(){for(var e,t,s=l.querySelectorAll("iframe.wp-embedded-content"),r=0;r<s.length;r++)(t=(e=s[r]).getAttribute("data-secret"))||(t=Math.random().toString(36).substring(2,12),e.src+="#?secret="+t,e.setAttribute("data-secret",t)),e.contentWindow.postMessage({message:"ready",secret:t},"*")},!1)))}(window,document);
/* ]]> */
</script>

Julien Goupil, seit 2004 in den Reihen der A.S.O. tätig, erklärt im Rahmen von #ride2unite die neue virtuelle Welt der Tour de France!
