{"id":26877,"date":"2024-08-16T12:40:32","date_gmt":"2024-08-16T10:40:32","guid":{"rendered":"https:\/\/www.welovecycling.com\/cs\/?page_id=26877"},"modified":"2024-08-23T12:13:06","modified_gmt":"2024-08-23T10:13:06","slug":"la-vuelta-2024","status":"publish","type":"page","link":"https:\/\/www.welovecycling.com\/cs\/la-vuelta-2024\/","title":{"rendered":"La Vuelta 2024"},"content":{"rendered":"","protected":false},"excerpt":{"rendered":"","protected":false},"author":171,"featured_media":26890,"parent":0,"menu_order":0,"comment_status":"closed","ping_status":"closed","template":"\/var\/www\/html\/web\/app\/plugins\/skoda-la-vuelta-2024\/templates\/index.php","meta":{"footnotes":""},"tags":[3751,3431,3748,273,3351],"class_list":["post-26877","page","type-page","status-publish","has-post-thumbnail","hentry","tag-2024-la-vuelta","tag-burgos","tag-la-vuelta-2024","tag-vuelta","tag-vuelta-2024"],"yoast_head":"<!-- This site is optimized with the Yoast SEO Premium plugin v25.3 (Yoast SEO v25.9) - https:\/\/yoast.com\/wordpress\/plugins\/seo\/ -->\n<title>La Vuelta 2024 | \u0160koda We Love Cycling - \u010cesk\u00e1 republika<\/title>\n<meta name=\"description\" content=\"Bu\u010fte v obraze s nejnov\u011bj\u0161\u00edmi zpr\u00e1vami z Vuelty, zapojte se do na\u0161\u00ed jedine\u010dn\u00e9 sout\u011b\u017ee a vyhrajte \u00fa\u017easn\u00e9 ceny!\" \/>\n<meta name=\"robots\" content=\"index, follow, max-snippet:-1, max-image-preview:large, max-video-preview:-1\" \/>\n<link rel=\"canonical\" href=\"https:\/\/www.welovecycling.com\/cs\/la-vuelta-2024\/\" \/>\n<meta property=\"og:locale\" content=\"cs_CZ\" \/>\n<meta property=\"og:type\" content=\"article\" \/>\n<meta property=\"og:title\" content=\"La Vuelta 2024\" \/>\n<meta property=\"og:description\" content=\"Bu\u010fte v obraze s nejnov\u011bj\u0161\u00edmi zpr\u00e1vami z Vuelty, zapojte se do na\u0161\u00ed jedine\u010dn\u00e9 sout\u011b\u017ee a vyhrajte \u00fa\u017easn\u00e9 ceny!\" \/>\n<meta property=\"og:url\" content=\"https:\/\/www.welovecycling.com\/cs\/la-vuelta-2024\/\" \/>\n<meta property=\"og:site_name\" content=\"\u0160koda We Love Cycling - \u010cesk\u00e1 republika\" \/>\n<meta property=\"article:modified_time\" content=\"2024-08-23T10:13:06+00:00\" \/>\n<meta property=\"og:image\" content=\"https:\/\/d2p6e6u75xmxt8.cloudfront.net\/13\/2024\/08\/LaVuelta2024-hero-mobile.webp\" \/>\n\t<meta property=\"og:image:width\" content=\"700\" \/>\n\t<meta property=\"og:image:height\" content=\"700\" \/>\n\t<meta property=\"og:image:type\" content=\"image\/webp\" \/>\n<meta name=\"twitter:card\" content=\"summary_large_image\" \/>\n<script type=\"application\/ld+json\" class=\"yoast-schema-graph\">{\"@context\":\"https:\/\/schema.org\",\"@graph\":[{\"@type\":\"WebPage\",\"@id\":\"https:\/\/www.welovecycling.com\/cs\/la-vuelta-2024\/\",\"url\":\"https:\/\/www.welovecycling.com\/cs\/la-vuelta-2024\/\",\"name\":\"La Vuelta 2024 | \u0160koda We Love Cycling - \u010cesk\u00e1 republika\",\"isPartOf\":{\"@id\":\"https:\/\/www.welovecycling.com\/cs\/#website\"},\"primaryImageOfPage\":{\"@id\":\"https:\/\/www.welovecycling.com\/cs\/la-vuelta-2024\/#primaryimage\"},\"image\":{\"@id\":\"https:\/\/www.welovecycling.com\/cs\/la-vuelta-2024\/#primaryimage\"},\"thumbnailUrl\":\"https:\/\/d2p6e6u75xmxt8.cloudfront.net\/13\/2024\/08\/LaVuelta2024-hero-mobile.webp\",\"datePublished\":\"2024-08-16T10:40:32+00:00\",\"dateModified\":\"2024-08-23T10:13:06+00:00\",\"description\":\"Bu\u010fte v obraze s nejnov\u011bj\u0161\u00edmi zpr\u00e1vami z Vuelty, zapojte se do na\u0161\u00ed jedine\u010dn\u00e9 sout\u011b\u017ee a vyhrajte \u00fa\u017easn\u00e9 ceny!\",\"inLanguage\":\"cs\",\"potentialAction\":[{\"@type\":\"ReadAction\",\"target\":[\"https:\/\/www.welovecycling.com\/cs\/la-vuelta-2024\/\"]}]},{\"@type\":\"ImageObject\",\"inLanguage\":\"cs\",\"@id\":\"https:\/\/www.welovecycling.com\/cs\/la-vuelta-2024\/#primaryimage\",\"url\":\"https:\/\/d2p6e6u75xmxt8.cloudfront.net\/13\/2024\/08\/LaVuelta2024-hero-mobile.webp\",\"contentUrl\":\"https:\/\/d2p6e6u75xmxt8.cloudfront.net\/13\/2024\/08\/LaVuelta2024-hero-mobile.webp\",\"width\":700,\"height\":700},{\"@type\":\"WebSite\",\"@id\":\"https:\/\/www.welovecycling.com\/cs\/#website\",\"url\":\"https:\/\/www.welovecycling.com\/cs\/\",\"name\":\"\u0160koda We Love Cycling - \u010cesk\u00e1 republika\",\"description\":\"WeLoveCycling.cz je online magaz\u00edn, kter\u00fd v\u00e1m pravideln\u011b p\u0159in\u00e1\u0161\u00ed rady a tipy, zaj\u00edmav\u00e9 \u010dl\u00e1nky, videa a jedine\u010dn\u00e9 report\u00e1\u017ee ze sv\u011bta cyklistiky.\",\"potentialAction\":[{\"@type\":\"SearchAction\",\"target\":{\"@type\":\"EntryPoint\",\"urlTemplate\":\"https:\/\/www.welovecycling.com\/cs\/?s={search_term_string}\"},\"query-input\":{\"@type\":\"PropertyValueSpecification\",\"valueRequired\":true,\"valueName\":\"search_term_string\"}}],\"inLanguage\":\"cs\"}]}<\/script>\n<!-- \/ Yoast SEO Premium plugin. -->","yoast_head_json":{"title":"La Vuelta 2024 | \u0160koda We Love Cycling - \u010cesk\u00e1 republika","description":"Bu\u010fte v obraze s nejnov\u011bj\u0161\u00edmi zpr\u00e1vami z Vuelty, zapojte se do na\u0161\u00ed jedine\u010dn\u00e9 sout\u011b\u017ee a vyhrajte \u00fa\u017easn\u00e9 ceny!","robots":{"index":"index","follow":"follow","max-snippet":"max-snippet:-1","max-image-preview":"max-image-preview:large","max-video-preview":"max-video-preview:-1"},"canonical":"https:\/\/www.welovecycling.com\/cs\/la-vuelta-2024\/","og_locale":"cs_CZ","og_type":"article","og_title":"La Vuelta 2024","og_description":"Bu\u010fte v obraze s nejnov\u011bj\u0161\u00edmi zpr\u00e1vami z Vuelty, zapojte se do na\u0161\u00ed jedine\u010dn\u00e9 sout\u011b\u017ee a vyhrajte \u00fa\u017easn\u00e9 ceny!","og_url":"https:\/\/www.welovecycling.com\/cs\/la-vuelta-2024\/","og_site_name":"\u0160koda We Love Cycling - \u010cesk\u00e1 republika","article_modified_time":"2024-08-23T10:13:06+00:00","og_image":[{"width":700,"height":700,"url":"https:\/\/d2p6e6u75xmxt8.cloudfront.net\/13\/2024\/08\/LaVuelta2024-hero-mobile.webp","type":"image\/webp"}],"twitter_card":"summary_large_image","schema":{"@context":"https:\/\/schema.org","@graph":[{"@type":"WebPage","@id":"https:\/\/www.welovecycling.com\/cs\/la-vuelta-2024\/","url":"https:\/\/www.welovecycling.com\/cs\/la-vuelta-2024\/","name":"La Vuelta 2024 | \u0160koda We Love Cycling - \u010cesk\u00e1 republika","isPartOf":{"@id":"https:\/\/www.welovecycling.com\/cs\/#website"},"primaryImageOfPage":{"@id":"https:\/\/www.welovecycling.com\/cs\/la-vuelta-2024\/#primaryimage"},"image":{"@id":"https:\/\/www.welovecycling.com\/cs\/la-vuelta-2024\/#primaryimage"},"thumbnailUrl":"https:\/\/d2p6e6u75xmxt8.cloudfront.net\/13\/2024\/08\/LaVuelta2024-hero-mobile.webp","datePublished":"2024-08-16T10:40:32+00:00","dateModified":"2024-08-23T10:13:06+00:00","description":"Bu\u010fte v obraze s nejnov\u011bj\u0161\u00edmi zpr\u00e1vami z Vuelty, zapojte se do na\u0161\u00ed jedine\u010dn\u00e9 sout\u011b\u017ee a vyhrajte \u00fa\u017easn\u00e9 ceny!","inLanguage":"cs","potentialAction":[{"@type":"ReadAction","target":["https:\/\/www.welovecycling.com\/cs\/la-vuelta-2024\/"]}]},{"@type":"ImageObject","inLanguage":"cs","@id":"https:\/\/www.welovecycling.com\/cs\/la-vuelta-2024\/#primaryimage","url":"https:\/\/d2p6e6u75xmxt8.cloudfront.net\/13\/2024\/08\/LaVuelta2024-hero-mobile.webp","contentUrl":"https:\/\/d2p6e6u75xmxt8.cloudfront.net\/13\/2024\/08\/LaVuelta2024-hero-mobile.webp","width":700,"height":700},{"@type":"WebSite","@id":"https:\/\/www.welovecycling.com\/cs\/#website","url":"https:\/\/www.welovecycling.com\/cs\/","name":"\u0160koda We Love Cycling - \u010cesk\u00e1 republika","description":"WeLoveCycling.cz je online magaz\u00edn, kter\u00fd v\u00e1m pravideln\u011b p\u0159in\u00e1\u0161\u00ed rady a tipy, zaj\u00edmav\u00e9 \u010dl\u00e1nky, videa a jedine\u010dn\u00e9 report\u00e1\u017ee ze sv\u011bta cyklistiky.","potentialAction":[{"@type":"SearchAction","target":{"@type":"EntryPoint","urlTemplate":"https:\/\/www.welovecycling.com\/cs\/?s={search_term_string}"},"query-input":{"@type":"PropertyValueSpecification","valueRequired":true,"valueName":"search_term_string"}}],"inLanguage":"cs"}]}},"_links":{"self":[{"href":"https:\/\/www.welovecycling.com\/cs\/wp-json\/wp\/v2\/pages\/26877","targetHints":{"allow":["GET"]}}],"collection":[{"href":"https:\/\/www.welovecycling.com\/cs\/wp-json\/wp\/v2\/pages"}],"about":[{"href":"https:\/\/www.welovecycling.com\/cs\/wp-json\/wp\/v2\/types\/page"}],"author":[{"embeddable":true,"href":"https:\/\/www.welovecycling.com\/cs\/wp-json\/wp\/v2\/users\/171"}],"replies":[{"embeddable":true,"href":"https:\/\/www.welovecycling.com\/cs\/wp-json\/wp\/v2\/comments?post=26877"}],"version-history":[{"count":3,"href":"https:\/\/www.welovecycling.com\/cs\/wp-json\/wp\/v2\/pages\/26877\/revisions"}],"predecessor-version":[{"id":26886,"href":"https:\/\/www.welovecycling.com\/cs\/wp-json\/wp\/v2\/pages\/26877\/revisions\/26886"}],"wp:featuredmedia":[{"embeddable":true,"href":"https:\/\/www.welovecycling.com\/cs\/wp-json\/wp\/v2\/media\/26890"}],"wp:attachment":[{"href":"https:\/\/www.welovecycling.com\/cs\/wp-json\/wp\/v2\/media?parent=26877"}],"wp:term":[{"taxonomy":"post_tag","embeddable":true,"href":"https:\/\/www.welovecycling.com\/cs\/wp-json\/wp\/v2\/tags?post=26877"}],"curies":[{"name":"wp","href":"https:\/\/api.w.org\/{rel}","templated":true}]}}

<!-- This site is optimized with the Yoast SEO Premium plugin v25.3 (Yoast SEO v25.9) - https://yoast.com/wordpress/plugins/seo/ -->
<title>La Vuelta 2024 | Škoda We Love Cycling - Česká republika</title>
<meta name="description" content="Buďte v obraze s nejnovějšími zprávami z Vuelty, zapojte se do naší jedinečné soutěže a vyhrajte úžasné ceny!" />
<meta name="robots" content="index, follow, max-snippet:-1, max-image-preview:large, max-video-preview:-1" />
<link rel="canonical" href="https://www.welovecycling.com/cs/la-vuelta-2024/" />
<meta property="og:locale" content="cs_CZ" />
<meta property="og:type" content="article" />
<meta property="og:title" content="La Vuelta 2024" />
<meta property="og:description" content="Buďte v obraze s nejnovějšími zprávami z Vuelty, zapojte se do naší jedinečné soutěže a vyhrajte úžasné ceny!" />
<meta property="og:url" content="https://www.welovecycling.com/cs/la-vuelta-2024/" />
<meta property="og:site_name" content="Škoda We Love Cycling - Česká republika" />
<meta property="article:modified_time" content="2024-08-23T10:13:06+00:00" />
<meta property="og:image" content="https://d2p6e6u75xmxt8.cloudfront.net/13/2024/08/LaVuelta2024-hero-mobile.webp" />
	<meta property="og:image:width" content="700" />
	<meta property="og:image:height" content="700" />
	<meta property="og:image:type" content="image/webp" />
<meta name="twitter:card" content="summary_large_image" />
<script type="application/ld+json" class="yoast-schema-graph">{"@context":"https://schema.org","@graph":[{"@type":"WebPage","@id":"https://www.welovecycling.com/cs/la-vuelta-2024/","url":"https://www.welovecycling.com/cs/la-vuelta-2024/","name":"La Vuelta 2024 | Škoda We Love Cycling - Česká republika","isPartOf":{"@id":"https://www.welovecycling.com/cs/#website"},"primaryImageOfPage":{"@id":"https://www.welovecycling.com/cs/la-vuelta-2024/#primaryimage"},"image":{"@id":"https://www.welovecycling.com/cs/la-vuelta-2024/#primaryimage"},"thumbnailUrl":"https://d2p6e6u75xmxt8.cloudfront.net/13/2024/08/LaVuelta2024-hero-mobile.webp","datePublished":"2024-08-16T10:40:32+00:00","dateModified":"2024-08-23T10:13:06+00:00","description":"Buďte v obraze s nejnovějšími zprávami z Vuelty, zapojte se do naší jedinečné soutěže a vyhrajte úžasné ceny!","inLanguage":"cs","potentialAction":[{"@type":"ReadAction","target":["https://www.welovecycling.com/cs/la-vuelta-2024/"]}]},{"@type":"ImageObject","inLanguage":"cs","@id":"https://www.welovecycling.com/cs/la-vuelta-2024/#primaryimage","url":"https://d2p6e6u75xmxt8.cloudfront.net/13/2024/08/LaVuelta2024-hero-mobile.webp","contentUrl":"https://d2p6e6u75xmxt8.cloudfront.net/13/2024/08/LaVuelta2024-hero-mobile.webp","width":700,"height":700},{"@type":"WebSite","@id":"https://www.welovecycling.com/cs/#website","url":"https://www.welovecycling.com/cs/","name":"Škoda We Love Cycling - Česká republika","description":"WeLoveCycling.cz je online magazín, který vám pravidelně přináší rady a tipy, zajímavé články, videa a jedinečné reportáže ze světa cyklistiky.","potentialAction":[{"@type":"SearchAction","target":{"@type":"EntryPoint","urlTemplate":"https://www.welovecycling.com/cs/?s={search_term_string}"},"query-input":{"@type":"PropertyValueSpecification","valueRequired":true,"valueName":"search_term_string"}}],"inLanguage":"cs"}]}</script>
<!-- / Yoast SEO Premium plugin. -->

La Vuelta 2024 | Škoda We Love Cycling - Česká republika

Buďte v obraze s nejnovějšími zprávami z Vuelty, zapojte se do naší jedinečné soutěže a vyhrajte úžasné ceny!

Škoda We Love Cycling - Česká republika

WeLoveCycling.cz je online magazín, který vám pravidelně přináší rady a tipy, zajímavé články, videa a jedinečné reportáže ze světa cyklistiky.
