{"version":"1.0","provider_name":"\u0160koda We Love Cycling - \u010cesk\u00e1 republika","provider_url":"https:\/\/www.welovecycling.com\/cs","author_name":"radekmalina","author_url":"https:\/\/www.welovecycling.com\/cs\/author\/radekmalina\/","title":"Konec pr\u00e1zdnin bez paniky!? Nejhor\u0161\u00ed chv\u00edle na hrdinstv\u00ed","type":"rich","width":600,"height":338,"html":"<blockquote class=\"wp-embedded-content\" data-secret=\"SCd3Fo6noY\"><a href=\"https:\/\/www.welovecycling.com\/cs\/2026\/08\/28\/konec-prazdnin-bez-paniky-nejhorsi-chvile-na-hrdinstvi\/\">Konec pr\u00e1zdnin bez paniky!? Nejhor\u0161\u00ed chv\u00edle na hrdinstv\u00ed<\/a><\/blockquote><iframe sandbox=\"allow-scripts\" security=\"restricted\" src=\"https:\/\/www.welovecycling.com\/cs\/2026\/08\/28\/konec-prazdnin-bez-paniky-nejhorsi-chvile-na-hrdinstvi\/embed\/#?secret=SCd3Fo6noY\" width=\"600\" height=\"338\" title=\"&#8222;Konec pr\u00e1zdnin bez paniky!? Nejhor\u0161\u00ed chv\u00edle na hrdinstv\u00ed&#8220; &#8212; \u0160koda We Love Cycling - \u010cesk\u00e1 republika\" data-secret=\"SCd3Fo6noY\" frameborder=\"0\" marginwidth=\"0\" marginheight=\"0\" scrolling=\"no\" class=\"wp-embedded-content\"><\/iframe><script type=\"text\/javascript\">\n\/* <![CDATA[ *\/\n\/*! This file is auto-generated *\/\n!function(d,l){\"use strict\";l.querySelector&&d.addEventListener&&\"undefined\"!=typeof URL&&(d.wp=d.wp||{},d.wp.receiveEmbedMessage||(d.wp.receiveEmbedMessage=function(e){var t=e.data;if((t||t.secret||t.message||t.value)&&!\/[^a-zA-Z0-9]\/.test(t.secret)){for(var s,r,n,a=l.querySelectorAll('iframe[data-secret=\"'+t.secret+'\"]'),o=l.querySelectorAll('blockquote[data-secret=\"'+t.secret+'\"]'),c=new RegExp(\"^https?:$\",\"i\"),i=0;i<o.length;i++)o[i].style.display=\"none\";for(i=0;i<a.length;i++)s=a[i],e.source===s.contentWindow&&(s.removeAttribute(\"style\"),\"height\"===t.message?(1e3<(r=parseInt(t.value,10))?r=1e3:~~r<200&&(r=200),s.height=r):\"link\"===t.message&&(r=new URL(s.getAttribute(\"src\")),n=new URL(t.value),c.test(n.protocol))&&n.host===r.host&&l.activeElement===s&&(d.top.location.href=t.value))}},d.addEventListener(\"message\",d.wp.receiveEmbedMessage,!1),l.addEventListener(\"DOMContentLoaded\",function(){for(var e,t,s=l.querySelectorAll(\"iframe.wp-embedded-content\"),r=0;r<s.length;r++)(t=(e=s[r]).getAttribute(\"data-secret\"))||(t=Math.random().toString(36).substring(2,12),e.src+=\"#?secret=\"+t,e.setAttribute(\"data-secret\",t)),e.contentWindow.postMessage({message:\"ready\",secret:t},\"*\")},!1)))}(window,document);\n\/* ]]> *\/\n<\/script>\n","thumbnail_url":"https:\/\/d2p6e6u75xmxt8.cloudfront.net\/13\/2026\/08\/profimedia-0999304658.webp","thumbnail_width":1800,"thumbnail_height":1200,"description":"Na za\u010d\u00e1tku l\u00e9ta to vypadalo jednodu\u0161e. V\u00edce \u010dasu, del\u0161\u00ed dny, jasn\u00fd pl\u00e1n: najedu, co se d\u00e1. Posunu se. Vybuduju formu, kterou na ja\u0159e ne\u0161lo stihnout. Jen\u017ee realita b\u00fdv\u00e1 jin\u00e1. Dovolen\u00e9, vedro, \u00fanava, rodina, pr\u00e1ce\u2026 a kilometry nenaskakuj\u00ed tak, jak jsme si vysnili. A najednou je tu posledn\u00ed pr\u00e1zdninov\u00fd v\u00edkend. Tich\u00fd tlak. Pocit \u201ete\u010f, nebo nikdy\u201c."}

Škoda We Love Cycling - Česká republika

Konec prázdnin bez paniky!? Nejhorší chvíle na hrdinství

<blockquote class="wp-embedded-content" data-secret="SCd3Fo6noY"><a href="https://www.welovecycling.com/cs/2026/08/28/konec-prazdnin-bez-paniky-nejhorsi-chvile-na-hrdinstvi/">Konec prázdnin bez paniky!? Nejhorší chvíle na hrdinství</a></blockquote><iframe sandbox="allow-scripts" security="restricted" src="https://www.welovecycling.com/cs/2026/08/28/konec-prazdnin-bez-paniky-nejhorsi-chvile-na-hrdinstvi/embed/#?secret=SCd3Fo6noY" width="600" height="338" title="&#8222;Konec prázdnin bez paniky!? Nejhorší chvíle na hrdinství&#8220; &#8212; Škoda We Love Cycling - Česká republika" data-secret="SCd3Fo6noY" frameborder="0" marginwidth="0" marginheight="0" scrolling="no" class="wp-embedded-content"></iframe><script type="text/javascript">
/* <![CDATA[ */
/*! This file is auto-generated */
!function(d,l){"use strict";l.querySelector&&d.addEventListener&&"undefined"!=typeof URL&&(d.wp=d.wp||{},d.wp.receiveEmbedMessage||(d.wp.receiveEmbedMessage=function(e){var t=e.data;if((t||t.secret||t.message||t.value)&&!/[^a-zA-Z0-9]/.test(t.secret)){for(var s,r,n,a=l.querySelectorAll('iframe[data-secret="'+t.secret+'"]'),o=l.querySelectorAll('blockquote[data-secret="'+t.secret+'"]'),c=new RegExp("^https?:$","i"),i=0;i<o.length;i++)o[i].style.display="none";for(i=0;i<a.length;i++)s=a[i],e.source===s.contentWindow&&(s.removeAttribute("style"),"height"===t.message?(1e3<(r=parseInt(t.value,10))?r=1e3:~~r<200&&(r=200),s.height=r):"link"===t.message&&(r=new URL(s.getAttribute("src")),n=new URL(t.value),c.test(n.protocol))&&n.host===r.host&&l.activeElement===s&&(d.top.location.href=t.value))}},d.addEventListener("message",d.wp.receiveEmbedMessage,!1),l.addEventListener("DOMContentLoaded",function(){for(var e,t,s=l.querySelectorAll("iframe.wp-embedded-content"),r=0;r<s.length;r++)(t=(e=s[r]).getAttribute("data-secret"))||(t=Math.random().toString(36).substring(2,12),e.src+="#?secret="+t,e.setAttribute("data-secret",t)),e.contentWindow.postMessage({message:"ready",secret:t},"*")},!1)))}(window,document);
/* ]]> */
</script>

Na začátku léta to vypadalo jednoduše. Více času, delší dny, jasný plán: najedu, co se dá. Posunu se. Vybuduju formu, kterou na jaře nešlo stihnout. Jenže realita bývá jiná. Dovolené, vedro, únava, rodina, práce… a kilometry nenaskakují tak, jak jsme si vysnili. A najednou je tu poslední prázdninový víkend. Tichý tlak. Pocit „teď, nebo nikdy“.
