{"version":"1.0","provider_name":"\u0160koda We Love Cycling - \u010cesk\u00e1 republika","provider_url":"https:\/\/www.welovecycling.com\/cs","author_name":"radekmalina","author_url":"https:\/\/www.welovecycling.com\/cs\/author\/radekmalina\/","title":"Start Tour de France v \u010cesku? Spln\u011bn\u00fd sen","type":"rich","width":600,"height":338,"html":"<blockquote class=\"wp-embedded-content\" data-secret=\"DKGWs4CG47\"><a href=\"https:\/\/www.welovecycling.com\/cs\/2025\/12\/08\/start-tour-de-france-v-cesku-splneny-sen\/\">Start Tour de France v \u010cesku? Spln\u011bn\u00fd sen<\/a><\/blockquote><iframe sandbox=\"allow-scripts\" security=\"restricted\" src=\"https:\/\/www.welovecycling.com\/cs\/2025\/12\/08\/start-tour-de-france-v-cesku-splneny-sen\/embed\/#?secret=DKGWs4CG47\" width=\"600\" height=\"338\" title=\"&#8222;Start Tour de France v \u010cesku? Spln\u011bn\u00fd sen&#8220; &#8212; \u0160koda We Love Cycling - \u010cesk\u00e1 republika\" data-secret=\"DKGWs4CG47\" frameborder=\"0\" marginwidth=\"0\" marginheight=\"0\" scrolling=\"no\" class=\"wp-embedded-content\"><\/iframe><script type=\"text\/javascript\">\n\/* <![CDATA[ *\/\n\/*! This file is auto-generated *\/\n!function(d,l){\"use strict\";l.querySelector&&d.addEventListener&&\"undefined\"!=typeof URL&&(d.wp=d.wp||{},d.wp.receiveEmbedMessage||(d.wp.receiveEmbedMessage=function(e){var t=e.data;if((t||t.secret||t.message||t.value)&&!\/[^a-zA-Z0-9]\/.test(t.secret)){for(var s,r,n,a=l.querySelectorAll('iframe[data-secret=\"'+t.secret+'\"]'),o=l.querySelectorAll('blockquote[data-secret=\"'+t.secret+'\"]'),c=new RegExp(\"^https?:$\",\"i\"),i=0;i<o.length;i++)o[i].style.display=\"none\";for(i=0;i<a.length;i++)s=a[i],e.source===s.contentWindow&&(s.removeAttribute(\"style\"),\"height\"===t.message?(1e3<(r=parseInt(t.value,10))?r=1e3:~~r<200&&(r=200),s.height=r):\"link\"===t.message&&(r=new URL(s.getAttribute(\"src\")),n=new URL(t.value),c.test(n.protocol))&&n.host===r.host&&l.activeElement===s&&(d.top.location.href=t.value))}},d.addEventListener(\"message\",d.wp.receiveEmbedMessage,!1),l.addEventListener(\"DOMContentLoaded\",function(){for(var e,t,s=l.querySelectorAll(\"iframe.wp-embedded-content\"),r=0;r<s.length;r++)(t=(e=s[r]).getAttribute(\"data-secret\"))||(t=Math.random().toString(36).substring(2,12),e.src+=\"#?secret=\"+t,e.setAttribute(\"data-secret\",t)),e.contentWindow.postMessage({message:\"ready\",secret:t},\"*\")},!1)))}(window,document);\n\/* ]]> *\/\n<\/script>\n","thumbnail_url":"https:\/\/d2p6e6u75xmxt8.cloudfront.net\/13\/2025\/04\/3C9A2088-scaled.webp","thumbnail_width":2560,"thumbnail_height":1707,"description":"Je (nejen) sportovn\u00edm v\u0161eum\u011blem. Petr \u010cech vyhr\u00e1l fotbalovou Ligu mistr\u016f a stal se brank\u00e1\u0159skou hv\u011bzdou presti\u017en\u00ed anglick\u00e9 Premier League. \u00dasp\u011b\u0161n\u011b si zachytal i v britsk\u00e9 hokejov\u00e9 lize a ve velmi solidn\u00edm \u010dase zvl\u00e1dl v \u010dervnu 2025 i cyklistick\u00fd z\u00e1vod L'Etape. A co dal\u0161\u00ed sportovn\u00ed mety? \u201eM\u016fj sen je spojen\u00fd s Tour de France. Pokud by se \u010cesku povedlo p\u0159iv\u00e9st sem Grand D\u00e9part, byla by to opravdu velk\u00e1 ud\u00e1lost,\u201c \u0159\u00edk\u00e1 \u010cech, kter\u00fd chce i d\u00edky sv\u00e9mu slavn\u00e9mu jm\u00e9nu pomoct \u010cesku start slavn\u00e9ho kl\u00e1n\u00ed z\u00edskat."}

Škoda We Love Cycling - Česká republika

Start Tour de France v Česku? Splněný sen

<blockquote class="wp-embedded-content" data-secret="DKGWs4CG47"><a href="https://www.welovecycling.com/cs/2025/12/08/start-tour-de-france-v-cesku-splneny-sen/">Start Tour de France v Česku? Splněný sen</a></blockquote><iframe sandbox="allow-scripts" security="restricted" src="https://www.welovecycling.com/cs/2025/12/08/start-tour-de-france-v-cesku-splneny-sen/embed/#?secret=DKGWs4CG47" width="600" height="338" title="&#8222;Start Tour de France v Česku? Splněný sen&#8220; &#8212; Škoda We Love Cycling - Česká republika" data-secret="DKGWs4CG47" frameborder="0" marginwidth="0" marginheight="0" scrolling="no" class="wp-embedded-content"></iframe><script type="text/javascript">
/* <![CDATA[ */
/*! This file is auto-generated */
!function(d,l){"use strict";l.querySelector&&d.addEventListener&&"undefined"!=typeof URL&&(d.wp=d.wp||{},d.wp.receiveEmbedMessage||(d.wp.receiveEmbedMessage=function(e){var t=e.data;if((t||t.secret||t.message||t.value)&&!/[^a-zA-Z0-9]/.test(t.secret)){for(var s,r,n,a=l.querySelectorAll('iframe[data-secret="'+t.secret+'"]'),o=l.querySelectorAll('blockquote[data-secret="'+t.secret+'"]'),c=new RegExp("^https?:$","i"),i=0;i<o.length;i++)o[i].style.display="none";for(i=0;i<a.length;i++)s=a[i],e.source===s.contentWindow&&(s.removeAttribute("style"),"height"===t.message?(1e3<(r=parseInt(t.value,10))?r=1e3:~~r<200&&(r=200),s.height=r):"link"===t.message&&(r=new URL(s.getAttribute("src")),n=new URL(t.value),c.test(n.protocol))&&n.host===r.host&&l.activeElement===s&&(d.top.location.href=t.value))}},d.addEventListener("message",d.wp.receiveEmbedMessage,!1),l.addEventListener("DOMContentLoaded",function(){for(var e,t,s=l.querySelectorAll("iframe.wp-embedded-content"),r=0;r<s.length;r++)(t=(e=s[r]).getAttribute("data-secret"))||(t=Math.random().toString(36).substring(2,12),e.src+="#?secret="+t,e.setAttribute("data-secret",t)),e.contentWindow.postMessage({message:"ready",secret:t},"*")},!1)))}(window,document);
/* ]]> */
</script>

Je (nejen) sportovním všeumělem. Petr Čech vyhrál fotbalovou Ligu mistrů a stal se brankářskou hvězdou prestižní anglické Premier League. Úspěšně si zachytal i v britské hokejové lize a ve velmi solidním čase zvládl v červnu 2025 i cyklistický závod L'Etape. A co další sportovní mety? „Můj sen je spojený s Tour de France. Pokud by se Česku povedlo přivést sem Grand Départ, byla by to opravdu velká událost,“ říká Čech, který chce i díky svému slavnému jménu pomoct Česku start slavného klání získat.
