{"version":"1.0","provider_name":"\u0160koda We Love Cycling - \u010cesk\u00e1 republika","provider_url":"https:\/\/www.welovecycling.com\/cs","author_name":"radekmalina","author_url":"https:\/\/www.welovecycling.com\/cs\/author\/radekmalina\/","title":"Top momenty Tour de France 2025","type":"rich","width":600,"height":338,"html":"<blockquote class=\"wp-embedded-content\" data-secret=\"q3VBHWHdfx\"><a href=\"https:\/\/www.welovecycling.com\/cs\/2025\/07\/27\/top-momenty-tour-de-france-2025\/\">Top momenty Tour de France 2025<\/a><\/blockquote><iframe sandbox=\"allow-scripts\" security=\"restricted\" src=\"https:\/\/www.welovecycling.com\/cs\/2025\/07\/27\/top-momenty-tour-de-france-2025\/embed\/#?secret=q3VBHWHdfx\" width=\"600\" height=\"338\" title=\"&#8222;Top momenty Tour de France 2025&#8220; &#8212; \u0160koda We Love Cycling - \u010cesk\u00e1 republika\" data-secret=\"q3VBHWHdfx\" frameborder=\"0\" marginwidth=\"0\" marginheight=\"0\" scrolling=\"no\" class=\"wp-embedded-content\"><\/iframe><script type=\"text\/javascript\">\n\/* <![CDATA[ *\/\n\/*! This file is auto-generated *\/\n!function(d,l){\"use strict\";l.querySelector&&d.addEventListener&&\"undefined\"!=typeof URL&&(d.wp=d.wp||{},d.wp.receiveEmbedMessage||(d.wp.receiveEmbedMessage=function(e){var t=e.data;if((t||t.secret||t.message||t.value)&&!\/[^a-zA-Z0-9]\/.test(t.secret)){for(var s,r,n,a=l.querySelectorAll('iframe[data-secret=\"'+t.secret+'\"]'),o=l.querySelectorAll('blockquote[data-secret=\"'+t.secret+'\"]'),c=new RegExp(\"^https?:$\",\"i\"),i=0;i<o.length;i++)o[i].style.display=\"none\";for(i=0;i<a.length;i++)s=a[i],e.source===s.contentWindow&&(s.removeAttribute(\"style\"),\"height\"===t.message?(1e3<(r=parseInt(t.value,10))?r=1e3:~~r<200&&(r=200),s.height=r):\"link\"===t.message&&(r=new URL(s.getAttribute(\"src\")),n=new URL(t.value),c.test(n.protocol))&&n.host===r.host&&l.activeElement===s&&(d.top.location.href=t.value))}},d.addEventListener(\"message\",d.wp.receiveEmbedMessage,!1),l.addEventListener(\"DOMContentLoaded\",function(){for(var e,t,s=l.querySelectorAll(\"iframe.wp-embedded-content\"),r=0;r<s.length;r++)(t=(e=s[r]).getAttribute(\"data-secret\"))||(t=Math.random().toString(36).substring(2,12),e.src+=\"#?secret=\"+t,e.setAttribute(\"data-secret\",t)),e.contentWindow.postMessage({message:\"ready\",secret:t},\"*\")},!1)))}(window,document);\n\/* ]]> *\/\n<\/script>\n","thumbnail_url":"https:\/\/d2p6e6u75xmxt8.cloudfront.net\/13\/2025\/07\/20250727TDF2034-scaled.webp","thumbnail_width":2560,"thumbnail_height":1708,"description":"Spektakul\u00e1rn\u00ed fin\u00e1le v Pa\u0159\u00ed\u017ei, man\u017eelka cyklisty kritizuj\u00edc\u00ed pom\u011bry v jednom z nejlep\u0161\u00edch t\u00fdm\u016f planety, zcela zlomen\u00fd adept na celkov\u00e9 v\u00edt\u011bzstv\u00ed, rekord na Mont Ventoux\u2026 P\u0159esto\u017ee Tour de France 2025 vyhr\u00e1l podle o\u010dek\u00e1v\u00e1n\u00ed Tadej Poga\u010dar z formace UAE Emirates XRG, bitva odehr\u00e1vaj\u00edc\u00ed se stoprocentn\u011b na francouzsk\u00e9m \u00fazem\u00ed byla mimo\u0159\u00e1dn\u011b atraktivn\u00ed od prvn\u00ed do posledn\u00ed etapy. Jak vypadaly top momenty leto\u0161n\u00edho z\u00e1vodu o maillot jaune?"}

Škoda We Love Cycling - Česká republika

<blockquote class="wp-embedded-content" data-secret="q3VBHWHdfx"><a href="https://www.welovecycling.com/cs/2025/07/27/top-momenty-tour-de-france-2025/">Top momenty Tour de France 2025</a></blockquote><iframe sandbox="allow-scripts" security="restricted" src="https://www.welovecycling.com/cs/2025/07/27/top-momenty-tour-de-france-2025/embed/#?secret=q3VBHWHdfx" width="600" height="338" title="&#8222;Top momenty Tour de France 2025&#8220; &#8212; Škoda We Love Cycling - Česká republika" data-secret="q3VBHWHdfx" frameborder="0" marginwidth="0" marginheight="0" scrolling="no" class="wp-embedded-content"></iframe><script type="text/javascript">
/* <![CDATA[ */
/*! This file is auto-generated */
!function(d,l){"use strict";l.querySelector&&d.addEventListener&&"undefined"!=typeof URL&&(d.wp=d.wp||{},d.wp.receiveEmbedMessage||(d.wp.receiveEmbedMessage=function(e){var t=e.data;if((t||t.secret||t.message||t.value)&&!/[^a-zA-Z0-9]/.test(t.secret)){for(var s,r,n,a=l.querySelectorAll('iframe[data-secret="'+t.secret+'"]'),o=l.querySelectorAll('blockquote[data-secret="'+t.secret+'"]'),c=new RegExp("^https?:$","i"),i=0;i<o.length;i++)o[i].style.display="none";for(i=0;i<a.length;i++)s=a[i],e.source===s.contentWindow&&(s.removeAttribute("style"),"height"===t.message?(1e3<(r=parseInt(t.value,10))?r=1e3:~~r<200&&(r=200),s.height=r):"link"===t.message&&(r=new URL(s.getAttribute("src")),n=new URL(t.value),c.test(n.protocol))&&n.host===r.host&&l.activeElement===s&&(d.top.location.href=t.value))}},d.addEventListener("message",d.wp.receiveEmbedMessage,!1),l.addEventListener("DOMContentLoaded",function(){for(var e,t,s=l.querySelectorAll("iframe.wp-embedded-content"),r=0;r<s.length;r++)(t=(e=s[r]).getAttribute("data-secret"))||(t=Math.random().toString(36).substring(2,12),e.src+="#?secret="+t,e.setAttribute("data-secret",t)),e.contentWindow.postMessage({message:"ready",secret:t},"*")},!1)))}(window,document);
/* ]]> */
</script>

Spektakulární finále v Paříži, manželka cyklisty kritizující poměry v jednom z nejlepších týmů planety, zcela zlomený adept na celkové vítězství, rekord na Mont Ventoux… Přestože Tour de France 2025 vyhrál podle očekávání Tadej Pogačar z formace UAE Emirates XRG, bitva odehrávající se stoprocentně na francouzském území byla mimořádně atraktivní od první do poslední etapy. Jak vypadaly top momenty letošního závodu o maillot jaune?
