{"version":"1.0","provider_name":"\u0160koda We Love Cycling - \u010cesk\u00e1 republika","provider_url":"https:\/\/www.welovecycling.com\/cs","author_name":"radekmalina","author_url":"https:\/\/www.welovecycling.com\/cs\/author\/radekmalina\/","title":"Jak na tr\u00e9nink v l\u00e9t\u011b?","type":"rich","width":600,"height":338,"html":"<blockquote class=\"wp-embedded-content\" data-secret=\"HAxkHQNBYl\"><a href=\"https:\/\/www.welovecycling.com\/cs\/2025\/07\/19\/jak-na-trenink-v-lete\/\">Jak na tr\u00e9nink v l\u00e9t\u011b?<\/a><\/blockquote><iframe sandbox=\"allow-scripts\" security=\"restricted\" src=\"https:\/\/www.welovecycling.com\/cs\/2025\/07\/19\/jak-na-trenink-v-lete\/embed\/#?secret=HAxkHQNBYl\" width=\"600\" height=\"338\" title=\"&#8222;Jak na tr\u00e9nink v l\u00e9t\u011b?&#8220; &#8212; \u0160koda We Love Cycling - \u010cesk\u00e1 republika\" data-secret=\"HAxkHQNBYl\" frameborder=\"0\" marginwidth=\"0\" marginheight=\"0\" scrolling=\"no\" class=\"wp-embedded-content\"><\/iframe><script type=\"text\/javascript\">\n\/* <![CDATA[ *\/\n\/*! This file is auto-generated *\/\n!function(d,l){\"use strict\";l.querySelector&&d.addEventListener&&\"undefined\"!=typeof URL&&(d.wp=d.wp||{},d.wp.receiveEmbedMessage||(d.wp.receiveEmbedMessage=function(e){var t=e.data;if((t||t.secret||t.message||t.value)&&!\/[^a-zA-Z0-9]\/.test(t.secret)){for(var s,r,n,a=l.querySelectorAll('iframe[data-secret=\"'+t.secret+'\"]'),o=l.querySelectorAll('blockquote[data-secret=\"'+t.secret+'\"]'),c=new RegExp(\"^https?:$\",\"i\"),i=0;i<o.length;i++)o[i].style.display=\"none\";for(i=0;i<a.length;i++)s=a[i],e.source===s.contentWindow&&(s.removeAttribute(\"style\"),\"height\"===t.message?(1e3<(r=parseInt(t.value,10))?r=1e3:~~r<200&&(r=200),s.height=r):\"link\"===t.message&&(r=new URL(s.getAttribute(\"src\")),n=new URL(t.value),c.test(n.protocol))&&n.host===r.host&&l.activeElement===s&&(d.top.location.href=t.value))}},d.addEventListener(\"message\",d.wp.receiveEmbedMessage,!1),l.addEventListener(\"DOMContentLoaded\",function(){for(var e,t,s=l.querySelectorAll(\"iframe.wp-embedded-content\"),r=0;r<s.length;r++)(t=(e=s[r]).getAttribute(\"data-secret\"))||(t=Math.random().toString(36).substring(2,12),e.src+=\"#?secret=\"+t,e.setAttribute(\"data-secret\",t)),e.contentWindow.postMessage({message:\"ready\",secret:t},\"*\")},!1)))}(window,document);\n\/* ]]> *\/\n<\/script>\n","thumbnail_url":"https:\/\/d2p6e6u75xmxt8.cloudfront.net\/13\/2025\/07\/profimedia-0927478929.webp","thumbnail_width":1800,"thumbnail_height":1243,"description":"Slunce, modr\u00e1 obloha, bezv\u011bt\u0159\u00ed! Ide\u00e1ln\u00ed sc\u00e9n\u00e1\u0159 pro cyklistick\u00fd tr\u00e9nink. Jen\u017ee v pr\u00e1zdninov\u00fdch m\u011bs\u00edc\u00edch m\u016f\u017ee b\u00fdt idylky u\u017e tro\u0161ku p\u0159\u00edli\u0161! Teploty \u0161plhaj\u00ed p\u0159es t\u0159icet stup\u0148\u016f. Ale kdy jindy tr\u00e9novat a jezdit na kole, ne\u017e b\u011bhem letn\u00edch m\u011bs\u00edc\u016f? Chcete v\u011bd\u011bt, jak zvl\u00e1dat tr\u00e9nink i v letn\u00edch m\u011bs\u00edc\u00edch, kdy\u017e panuje velk\u00e9 vedro?"}

Škoda We Love Cycling - Česká republika

Jak na trénink v létě?

<blockquote class="wp-embedded-content" data-secret="HAxkHQNBYl"><a href="https://www.welovecycling.com/cs/2025/07/19/jak-na-trenink-v-lete/">Jak na trénink v létě?</a></blockquote><iframe sandbox="allow-scripts" security="restricted" src="https://www.welovecycling.com/cs/2025/07/19/jak-na-trenink-v-lete/embed/#?secret=HAxkHQNBYl" width="600" height="338" title="&#8222;Jak na trénink v létě?&#8220; &#8212; Škoda We Love Cycling - Česká republika" data-secret="HAxkHQNBYl" frameborder="0" marginwidth="0" marginheight="0" scrolling="no" class="wp-embedded-content"></iframe><script type="text/javascript">
/* <![CDATA[ */
/*! This file is auto-generated */
!function(d,l){"use strict";l.querySelector&&d.addEventListener&&"undefined"!=typeof URL&&(d.wp=d.wp||{},d.wp.receiveEmbedMessage||(d.wp.receiveEmbedMessage=function(e){var t=e.data;if((t||t.secret||t.message||t.value)&&!/[^a-zA-Z0-9]/.test(t.secret)){for(var s,r,n,a=l.querySelectorAll('iframe[data-secret="'+t.secret+'"]'),o=l.querySelectorAll('blockquote[data-secret="'+t.secret+'"]'),c=new RegExp("^https?:$","i"),i=0;i<o.length;i++)o[i].style.display="none";for(i=0;i<a.length;i++)s=a[i],e.source===s.contentWindow&&(s.removeAttribute("style"),"height"===t.message?(1e3<(r=parseInt(t.value,10))?r=1e3:~~r<200&&(r=200),s.height=r):"link"===t.message&&(r=new URL(s.getAttribute("src")),n=new URL(t.value),c.test(n.protocol))&&n.host===r.host&&l.activeElement===s&&(d.top.location.href=t.value))}},d.addEventListener("message",d.wp.receiveEmbedMessage,!1),l.addEventListener("DOMContentLoaded",function(){for(var e,t,s=l.querySelectorAll("iframe.wp-embedded-content"),r=0;r<s.length;r++)(t=(e=s[r]).getAttribute("data-secret"))||(t=Math.random().toString(36).substring(2,12),e.src+="#?secret="+t,e.setAttribute("data-secret",t)),e.contentWindow.postMessage({message:"ready",secret:t},"*")},!1)))}(window,document);
/* ]]> */
</script>

Slunce, modrá obloha, bezvětří! Ideální scénář pro cyklistický trénink. Jenže v prázdninových měsících může být idylky už trošku příliš! Teploty šplhají přes třicet stupňů. Ale kdy jindy trénovat a jezdit na kole, než během letních měsíců? Chcete vědět, jak zvládat trénink i v letních měsících, když panuje velké vedro?
