{"version":"1.0","provider_name":"\u0160koda We Love Cycling - \u010cesk\u00e1 republika","provider_url":"https:\/\/www.welovecycling.com\/cs","author_name":"radekmalina","author_url":"https:\/\/www.welovecycling.com\/cs\/author\/radekmalina\/","title":"Jasper Philipsen: \u017elut\u00fd kr\u00e1l chaosu!","type":"rich","width":600,"height":338,"html":"<blockquote class=\"wp-embedded-content\" data-secret=\"CHs8SmQgf5\"><a href=\"https:\/\/www.welovecycling.com\/cs\/2025\/07\/05\/jasper-philipsen-zluty-kral-chaosu\/\">Jasper Philipsen: \u017elut\u00fd kr\u00e1l chaosu!<\/a><\/blockquote><iframe sandbox=\"allow-scripts\" security=\"restricted\" src=\"https:\/\/www.welovecycling.com\/cs\/2025\/07\/05\/jasper-philipsen-zluty-kral-chaosu\/embed\/#?secret=CHs8SmQgf5\" width=\"600\" height=\"338\" title=\"&#8222;Jasper Philipsen: \u017elut\u00fd kr\u00e1l chaosu!&#8220; &#8212; \u0160koda We Love Cycling - \u010cesk\u00e1 republika\" data-secret=\"CHs8SmQgf5\" frameborder=\"0\" marginwidth=\"0\" marginheight=\"0\" scrolling=\"no\" class=\"wp-embedded-content\"><\/iframe><script type=\"text\/javascript\">\n\/* <![CDATA[ *\/\n\/*! This file is auto-generated *\/\n!function(d,l){\"use strict\";l.querySelector&&d.addEventListener&&\"undefined\"!=typeof URL&&(d.wp=d.wp||{},d.wp.receiveEmbedMessage||(d.wp.receiveEmbedMessage=function(e){var t=e.data;if((t||t.secret||t.message||t.value)&&!\/[^a-zA-Z0-9]\/.test(t.secret)){for(var s,r,n,a=l.querySelectorAll('iframe[data-secret=\"'+t.secret+'\"]'),o=l.querySelectorAll('blockquote[data-secret=\"'+t.secret+'\"]'),c=new RegExp(\"^https?:$\",\"i\"),i=0;i<o.length;i++)o[i].style.display=\"none\";for(i=0;i<a.length;i++)s=a[i],e.source===s.contentWindow&&(s.removeAttribute(\"style\"),\"height\"===t.message?(1e3<(r=parseInt(t.value,10))?r=1e3:~~r<200&&(r=200),s.height=r):\"link\"===t.message&&(r=new URL(s.getAttribute(\"src\")),n=new URL(t.value),c.test(n.protocol))&&n.host===r.host&&l.activeElement===s&&(d.top.location.href=t.value))}},d.addEventListener(\"message\",d.wp.receiveEmbedMessage,!1),l.addEventListener(\"DOMContentLoaded\",function(){for(var e,t,s=l.querySelectorAll(\"iframe.wp-embedded-content\"),r=0;r<s.length;r++)(t=(e=s[r]).getAttribute(\"data-secret\"))||(t=Math.random().toString(36).substring(2,12),e.src+=\"#?secret=\"+t,e.setAttribute(\"data-secret\",t)),e.contentWindow.postMessage({message:\"ready\",secret:t},\"*\")},!1)))}(window,document);\n\/* ]]> *\/\n<\/script>\n","thumbnail_url":"https:\/\/d2p6e6u75xmxt8.cloudfront.net\/13\/2025\/07\/profimedia-1018958867.webp","thumbnail_width":1800,"thumbnail_height":1196,"description":"Jasper Philipsen vy\u0161el jako kr\u00e1l z chaosu \u00favodn\u00ed etapy Tour de France 2025. Na trase kolem Lille na severu Francie nebyl jedin\u00fd t\u011b\u017ek\u00fd kopec, zato se siln\u00fdm a zr\u00e1dn\u00fdm v\u011btrem se peloton pot\u00fdkal od startu. Opakovan\u00e9 \u00fatoky p\u016fsobily tot\u00e1ln\u00ed paniku v pelotonu, mnoho p\u00e1d\u016f vyb\u00edraj\u00edc\u00edch si da\u0148 v podob\u011b odstoupen\u00ed. A sedmadvacetilet\u00fd Belgi\u010dan ze zna\u010dn\u011b pro\u0159\u00eddl\u00e9 skupiny vyhr\u00e1l sprint, na jeho\u017e v\u00edt\u011bze \u010dekal i \u017elut\u00fd trikot l\u00eddra cel\u00e9ho z\u00e1vodu!"}

Škoda We Love Cycling - Česká republika

Jasper Philipsen: žlutý král chaosu!

<blockquote class="wp-embedded-content" data-secret="CHs8SmQgf5"><a href="https://www.welovecycling.com/cs/2025/07/05/jasper-philipsen-zluty-kral-chaosu/">Jasper Philipsen: žlutý král chaosu!</a></blockquote><iframe sandbox="allow-scripts" security="restricted" src="https://www.welovecycling.com/cs/2025/07/05/jasper-philipsen-zluty-kral-chaosu/embed/#?secret=CHs8SmQgf5" width="600" height="338" title="&#8222;Jasper Philipsen: žlutý král chaosu!&#8220; &#8212; Škoda We Love Cycling - Česká republika" data-secret="CHs8SmQgf5" frameborder="0" marginwidth="0" marginheight="0" scrolling="no" class="wp-embedded-content"></iframe><script type="text/javascript">
/* <![CDATA[ */
/*! This file is auto-generated */
!function(d,l){"use strict";l.querySelector&&d.addEventListener&&"undefined"!=typeof URL&&(d.wp=d.wp||{},d.wp.receiveEmbedMessage||(d.wp.receiveEmbedMessage=function(e){var t=e.data;if((t||t.secret||t.message||t.value)&&!/[^a-zA-Z0-9]/.test(t.secret)){for(var s,r,n,a=l.querySelectorAll('iframe[data-secret="'+t.secret+'"]'),o=l.querySelectorAll('blockquote[data-secret="'+t.secret+'"]'),c=new RegExp("^https?:$","i"),i=0;i<o.length;i++)o[i].style.display="none";for(i=0;i<a.length;i++)s=a[i],e.source===s.contentWindow&&(s.removeAttribute("style"),"height"===t.message?(1e3<(r=parseInt(t.value,10))?r=1e3:~~r<200&&(r=200),s.height=r):"link"===t.message&&(r=new URL(s.getAttribute("src")),n=new URL(t.value),c.test(n.protocol))&&n.host===r.host&&l.activeElement===s&&(d.top.location.href=t.value))}},d.addEventListener("message",d.wp.receiveEmbedMessage,!1),l.addEventListener("DOMContentLoaded",function(){for(var e,t,s=l.querySelectorAll("iframe.wp-embedded-content"),r=0;r<s.length;r++)(t=(e=s[r]).getAttribute("data-secret"))||(t=Math.random().toString(36).substring(2,12),e.src+="#?secret="+t,e.setAttribute("data-secret",t)),e.contentWindow.postMessage({message:"ready",secret:t},"*")},!1)))}(window,document);
/* ]]> */
</script>

Jasper Philipsen vyšel jako král z chaosu úvodní etapy Tour de France 2025. Na trase kolem Lille na severu Francie nebyl jediný těžký kopec, zato se silným a zrádným větrem se peloton potýkal od startu. Opakované útoky působily totální paniku v pelotonu, mnoho pádů vybírajících si daň v podobě odstoupení. A sedmadvacetiletý Belgičan ze značně prořídlé skupiny vyhrál sprint, na jehož vítěze čekal i žlutý trikot lídra celého závodu!
