{"version":"1.0","provider_name":"\u0160koda We Love Cycling - \u010cesk\u00e1 republika","provider_url":"https:\/\/www.welovecycling.com\/cs","author_name":"radekmalina","author_url":"https:\/\/www.welovecycling.com\/cs\/author\/radekmalina\/","title":"Zelen\u00fd dres? Ani Philipsen, Merlier nebo Girmay","type":"rich","width":600,"height":338,"html":"<blockquote class=\"wp-embedded-content\" data-secret=\"0V93RqUlhW\"><a href=\"https:\/\/www.welovecycling.com\/cs\/2025\/07\/04\/zeleny-dres-ani-philipsen-merlier-nebo-girmay\/\">Zelen\u00fd dres? Ani Philipsen, Merlier nebo Girmay<\/a><\/blockquote><iframe sandbox=\"allow-scripts\" security=\"restricted\" src=\"https:\/\/www.welovecycling.com\/cs\/2025\/07\/04\/zeleny-dres-ani-philipsen-merlier-nebo-girmay\/embed\/#?secret=0V93RqUlhW\" width=\"600\" height=\"338\" title=\"&#8222;Zelen\u00fd dres? Ani Philipsen, Merlier nebo Girmay&#8220; &#8212; \u0160koda We Love Cycling - \u010cesk\u00e1 republika\" data-secret=\"0V93RqUlhW\" frameborder=\"0\" marginwidth=\"0\" marginheight=\"0\" scrolling=\"no\" class=\"wp-embedded-content\"><\/iframe><script type=\"text\/javascript\">\n\/* <![CDATA[ *\/\n\/*! This file is auto-generated *\/\n!function(d,l){\"use strict\";l.querySelector&&d.addEventListener&&\"undefined\"!=typeof URL&&(d.wp=d.wp||{},d.wp.receiveEmbedMessage||(d.wp.receiveEmbedMessage=function(e){var t=e.data;if((t||t.secret||t.message||t.value)&&!\/[^a-zA-Z0-9]\/.test(t.secret)){for(var s,r,n,a=l.querySelectorAll('iframe[data-secret=\"'+t.secret+'\"]'),o=l.querySelectorAll('blockquote[data-secret=\"'+t.secret+'\"]'),c=new RegExp(\"^https?:$\",\"i\"),i=0;i<o.length;i++)o[i].style.display=\"none\";for(i=0;i<a.length;i++)s=a[i],e.source===s.contentWindow&&(s.removeAttribute(\"style\"),\"height\"===t.message?(1e3<(r=parseInt(t.value,10))?r=1e3:~~r<200&&(r=200),s.height=r):\"link\"===t.message&&(r=new URL(s.getAttribute(\"src\")),n=new URL(t.value),c.test(n.protocol))&&n.host===r.host&&l.activeElement===s&&(d.top.location.href=t.value))}},d.addEventListener(\"message\",d.wp.receiveEmbedMessage,!1),l.addEventListener(\"DOMContentLoaded\",function(){for(var e,t,s=l.querySelectorAll(\"iframe.wp-embedded-content\"),r=0;r<s.length;r++)(t=(e=s[r]).getAttribute(\"data-secret\"))||(t=Math.random().toString(36).substring(2,12),e.src+=\"#?secret=\"+t,e.setAttribute(\"data-secret\",t)),e.contentWindow.postMessage({message:\"ready\",secret:t},\"*\")},!1)))}(window,document);\n\/* ]]> *\/\n<\/script>\n","thumbnail_url":"https:\/\/d2p6e6u75xmxt8.cloudfront.net\/13\/2024\/07\/1800-x-1200-velky.webp","thumbnail_width":1800,"thumbnail_height":1200,"description":"Cavendish, Kittel, Boonen... Extr\u00e9mn\u011b rychl\u00ed cyklist\u00e9, kte\u0159\u00ed v minulosti ve spurtu vyhr\u00e1vali etapy Tour de France a nosili zelen\u00fd dres. V sou\u010dtu slavili p\u011btapades\u00e1t triumf\u016f! A jejich par\u0165\u00e1k byl Zden\u011bk \u0160tybar, s\u00e1m v\u00edt\u011bz \u0161est\u00e9ho d\u011bjstv\u00ed z Tour de France 2015. B\u00fdval\u00fd z\u00e1vodn\u00edk Quick Stepu \u010di Jayco AlUla tak m\u016f\u017ee v roli p\u0159\u00edm\u00e9ho pozorovatele z d\u011bji\u0161t\u011b Grande Boucle 2025 hodnotit nad\u011bje adept\u016f zelen\u00e9ho dresu, kter\u00fd sponzoruje \u0160koda Auto. A do n\u011bj\u017e, alespo\u0148 \u010d\u00e1ste\u010dn\u011b, snad zas\u00e1hne i jedin\u00fd \u010desk\u00fd cyklista na startu Pavel Bittner."}

Škoda We Love Cycling - Česká republika

Zelený dres? Ani Philipsen, Merlier nebo Girmay

<blockquote class="wp-embedded-content" data-secret="0V93RqUlhW"><a href="https://www.welovecycling.com/cs/2025/07/04/zeleny-dres-ani-philipsen-merlier-nebo-girmay/">Zelený dres? Ani Philipsen, Merlier nebo Girmay</a></blockquote><iframe sandbox="allow-scripts" security="restricted" src="https://www.welovecycling.com/cs/2025/07/04/zeleny-dres-ani-philipsen-merlier-nebo-girmay/embed/#?secret=0V93RqUlhW" width="600" height="338" title="&#8222;Zelený dres? Ani Philipsen, Merlier nebo Girmay&#8220; &#8212; Škoda We Love Cycling - Česká republika" data-secret="0V93RqUlhW" frameborder="0" marginwidth="0" marginheight="0" scrolling="no" class="wp-embedded-content"></iframe><script type="text/javascript">
/* <![CDATA[ */
/*! This file is auto-generated */
!function(d,l){"use strict";l.querySelector&&d.addEventListener&&"undefined"!=typeof URL&&(d.wp=d.wp||{},d.wp.receiveEmbedMessage||(d.wp.receiveEmbedMessage=function(e){var t=e.data;if((t||t.secret||t.message||t.value)&&!/[^a-zA-Z0-9]/.test(t.secret)){for(var s,r,n,a=l.querySelectorAll('iframe[data-secret="'+t.secret+'"]'),o=l.querySelectorAll('blockquote[data-secret="'+t.secret+'"]'),c=new RegExp("^https?:$","i"),i=0;i<o.length;i++)o[i].style.display="none";for(i=0;i<a.length;i++)s=a[i],e.source===s.contentWindow&&(s.removeAttribute("style"),"height"===t.message?(1e3<(r=parseInt(t.value,10))?r=1e3:~~r<200&&(r=200),s.height=r):"link"===t.message&&(r=new URL(s.getAttribute("src")),n=new URL(t.value),c.test(n.protocol))&&n.host===r.host&&l.activeElement===s&&(d.top.location.href=t.value))}},d.addEventListener("message",d.wp.receiveEmbedMessage,!1),l.addEventListener("DOMContentLoaded",function(){for(var e,t,s=l.querySelectorAll("iframe.wp-embedded-content"),r=0;r<s.length;r++)(t=(e=s[r]).getAttribute("data-secret"))||(t=Math.random().toString(36).substring(2,12),e.src+="#?secret="+t,e.setAttribute("data-secret",t)),e.contentWindow.postMessage({message:"ready",secret:t},"*")},!1)))}(window,document);
/* ]]> */
</script>

Cavendish, Kittel, Boonen... Extrémně rychlí cyklisté, kteří v minulosti ve spurtu vyhrávali etapy Tour de France a nosili zelený dres. V součtu slavili pětapadesát triumfů! A jejich parťák byl Zdeněk Štybar, sám vítěz šestého dějství z Tour de France 2015. Bývalý závodník Quick Stepu či Jayco AlUla tak může v roli přímého pozorovatele z dějiště Grande Boucle 2025 hodnotit naděje adeptů zeleného dresu, který sponzoruje Škoda Auto. A do nějž, alespoň částečně, snad zasáhne i jediný český cyklista na startu Pavel Bittner.
