{"version":"1.0","provider_name":"\u0160koda We Love Cycling - \u010cesk\u00e1 republika","provider_url":"https:\/\/www.welovecycling.com\/cs","author_name":"radekmalina","author_url":"https:\/\/www.welovecycling.com\/cs\/author\/radekmalina\/","title":"Kalend\u00e1\u0159 nejd\u016fle\u017eit\u011bj\u0161\u00edch cyklistick\u00fdch ud\u00e1lost\u00ed 2025","type":"rich","width":600,"height":338,"html":"<blockquote class=\"wp-embedded-content\" data-secret=\"Yjz8s8ZOye\"><a href=\"https:\/\/www.welovecycling.com\/cs\/2025\/01\/03\/kalendar-nejdulezitejsich-cyklistickych-udalosti-2025\/\">Kalend\u00e1\u0159 nejd\u016fle\u017eit\u011bj\u0161\u00edch cyklistick\u00fdch ud\u00e1lost\u00ed 2025<\/a><\/blockquote><iframe sandbox=\"allow-scripts\" security=\"restricted\" src=\"https:\/\/www.welovecycling.com\/cs\/2025\/01\/03\/kalendar-nejdulezitejsich-cyklistickych-udalosti-2025\/embed\/#?secret=Yjz8s8ZOye\" width=\"600\" height=\"338\" title=\"&#8222;Kalend\u00e1\u0159 nejd\u016fle\u017eit\u011bj\u0161\u00edch cyklistick\u00fdch ud\u00e1lost\u00ed 2025&#8220; &#8212; \u0160koda We Love Cycling - \u010cesk\u00e1 republika\" data-secret=\"Yjz8s8ZOye\" frameborder=\"0\" marginwidth=\"0\" marginheight=\"0\" scrolling=\"no\" class=\"wp-embedded-content\"><\/iframe><script type=\"text\/javascript\">\n\/* <![CDATA[ *\/\n\/*! This file is auto-generated *\/\n!function(d,l){\"use strict\";l.querySelector&&d.addEventListener&&\"undefined\"!=typeof URL&&(d.wp=d.wp||{},d.wp.receiveEmbedMessage||(d.wp.receiveEmbedMessage=function(e){var t=e.data;if((t||t.secret||t.message||t.value)&&!\/[^a-zA-Z0-9]\/.test(t.secret)){for(var s,r,n,a=l.querySelectorAll('iframe[data-secret=\"'+t.secret+'\"]'),o=l.querySelectorAll('blockquote[data-secret=\"'+t.secret+'\"]'),c=new RegExp(\"^https?:$\",\"i\"),i=0;i<o.length;i++)o[i].style.display=\"none\";for(i=0;i<a.length;i++)s=a[i],e.source===s.contentWindow&&(s.removeAttribute(\"style\"),\"height\"===t.message?(1e3<(r=parseInt(t.value,10))?r=1e3:~~r<200&&(r=200),s.height=r):\"link\"===t.message&&(r=new URL(s.getAttribute(\"src\")),n=new URL(t.value),c.test(n.protocol))&&n.host===r.host&&l.activeElement===s&&(d.top.location.href=t.value))}},d.addEventListener(\"message\",d.wp.receiveEmbedMessage,!1),l.addEventListener(\"DOMContentLoaded\",function(){for(var e,t,s=l.querySelectorAll(\"iframe.wp-embedded-content\"),r=0;r<s.length;r++)(t=(e=s[r]).getAttribute(\"data-secret\"))||(t=Math.random().toString(36).substring(2,12),e.src+=\"#?secret=\"+t,e.setAttribute(\"data-secret\",t)),e.contentWindow.postMessage({message:\"ready\",secret:t},\"*\")},!1)))}(window,document);\n\/* ]]> *\/\n<\/script>\n","thumbnail_url":"https:\/\/d2p6e6u75xmxt8.cloudfront.net\/13\/2024\/10\/profimedia-0927782602.webp","thumbnail_width":1800,"thumbnail_height":1200,"description":"Jak vypad\u00e1 kalend\u00e1\u0159 nejd\u016fle\u017eit\u011bj\u0161\u00edch cyklistick\u00fdch ud\u00e1lost\u00ed roku 2025? P\u0159ehled hlavn\u00edch z\u00e1vod\u016f nap\u0159\u00ed\u010d discipl\u00ednami..."}

Škoda We Love Cycling - Česká republika

Kalendář nejdůležitějších cyklistických událostí 2025

<blockquote class="wp-embedded-content" data-secret="Yjz8s8ZOye"><a href="https://www.welovecycling.com/cs/2025/01/03/kalendar-nejdulezitejsich-cyklistickych-udalosti-2025/">Kalendář nejdůležitějších cyklistických událostí 2025</a></blockquote><iframe sandbox="allow-scripts" security="restricted" src="https://www.welovecycling.com/cs/2025/01/03/kalendar-nejdulezitejsich-cyklistickych-udalosti-2025/embed/#?secret=Yjz8s8ZOye" width="600" height="338" title="&#8222;Kalendář nejdůležitějších cyklistických událostí 2025&#8220; &#8212; Škoda We Love Cycling - Česká republika" data-secret="Yjz8s8ZOye" frameborder="0" marginwidth="0" marginheight="0" scrolling="no" class="wp-embedded-content"></iframe><script type="text/javascript">
/* <![CDATA[ */
/*! This file is auto-generated */
!function(d,l){"use strict";l.querySelector&&d.addEventListener&&"undefined"!=typeof URL&&(d.wp=d.wp||{},d.wp.receiveEmbedMessage||(d.wp.receiveEmbedMessage=function(e){var t=e.data;if((t||t.secret||t.message||t.value)&&!/[^a-zA-Z0-9]/.test(t.secret)){for(var s,r,n,a=l.querySelectorAll('iframe[data-secret="'+t.secret+'"]'),o=l.querySelectorAll('blockquote[data-secret="'+t.secret+'"]'),c=new RegExp("^https?:$","i"),i=0;i<o.length;i++)o[i].style.display="none";for(i=0;i<a.length;i++)s=a[i],e.source===s.contentWindow&&(s.removeAttribute("style"),"height"===t.message?(1e3<(r=parseInt(t.value,10))?r=1e3:~~r<200&&(r=200),s.height=r):"link"===t.message&&(r=new URL(s.getAttribute("src")),n=new URL(t.value),c.test(n.protocol))&&n.host===r.host&&l.activeElement===s&&(d.top.location.href=t.value))}},d.addEventListener("message",d.wp.receiveEmbedMessage,!1),l.addEventListener("DOMContentLoaded",function(){for(var e,t,s=l.querySelectorAll("iframe.wp-embedded-content"),r=0;r<s.length;r++)(t=(e=s[r]).getAttribute("data-secret"))||(t=Math.random().toString(36).substring(2,12),e.src+="#?secret="+t,e.setAttribute("data-secret",t)),e.contentWindow.postMessage({message:"ready",secret:t},"*")},!1)))}(window,document);
/* ]]> */
</script>

Jak vypadá kalendář nejdůležitějších cyklistických událostí roku 2025? Přehled hlavních závodů napříč disciplínami...
