{"version":"1.0","provider_name":"\u0160koda We Love Cycling - \u010cesk\u00e1 republika","provider_url":"https:\/\/www.welovecycling.com\/cs","author_name":"radekmalina","author_url":"https:\/\/www.welovecycling.com\/cs\/author\/radekmalina\/","title":"Primo\u017e Rogli\u010d a jeho premi\u00e9ra: oslnil, nebo propadl?","type":"rich","width":600,"height":338,"html":"<blockquote class=\"wp-embedded-content\" data-secret=\"eTBJVlfB89\"><a href=\"https:\/\/www.welovecycling.com\/cs\/2024\/03\/11\/primoz-roglic-a-jeho-premiera-oslnil-nebo-propadl\/\">Primo\u017e Rogli\u010d a jeho premi\u00e9ra: oslnil, nebo propadl?<\/a><\/blockquote><iframe sandbox=\"allow-scripts\" security=\"restricted\" src=\"https:\/\/www.welovecycling.com\/cs\/2024\/03\/11\/primoz-roglic-a-jeho-premiera-oslnil-nebo-propadl\/embed\/#?secret=eTBJVlfB89\" width=\"600\" height=\"338\" title=\"&#8222;Primo\u017e Rogli\u010d a jeho premi\u00e9ra: oslnil, nebo propadl?&#8220; &#8212; \u0160koda We Love Cycling - \u010cesk\u00e1 republika\" data-secret=\"eTBJVlfB89\" frameborder=\"0\" marginwidth=\"0\" marginheight=\"0\" scrolling=\"no\" class=\"wp-embedded-content\"><\/iframe><script type=\"text\/javascript\">\n\/* <![CDATA[ *\/\n\/*! This file is auto-generated *\/\n!function(d,l){\"use strict\";l.querySelector&&d.addEventListener&&\"undefined\"!=typeof URL&&(d.wp=d.wp||{},d.wp.receiveEmbedMessage||(d.wp.receiveEmbedMessage=function(e){var t=e.data;if((t||t.secret||t.message||t.value)&&!\/[^a-zA-Z0-9]\/.test(t.secret)){for(var s,r,n,a=l.querySelectorAll('iframe[data-secret=\"'+t.secret+'\"]'),o=l.querySelectorAll('blockquote[data-secret=\"'+t.secret+'\"]'),c=new RegExp(\"^https?:$\",\"i\"),i=0;i<o.length;i++)o[i].style.display=\"none\";for(i=0;i<a.length;i++)s=a[i],e.source===s.contentWindow&&(s.removeAttribute(\"style\"),\"height\"===t.message?(1e3<(r=parseInt(t.value,10))?r=1e3:~~r<200&&(r=200),s.height=r):\"link\"===t.message&&(r=new URL(s.getAttribute(\"src\")),n=new URL(t.value),c.test(n.protocol))&&n.host===r.host&&l.activeElement===s&&(d.top.location.href=t.value))}},d.addEventListener(\"message\",d.wp.receiveEmbedMessage,!1),l.addEventListener(\"DOMContentLoaded\",function(){for(var e,t,s=l.querySelectorAll(\"iframe.wp-embedded-content\"),r=0;r<s.length;r++)(t=(e=s[r]).getAttribute(\"data-secret\"))||(t=Math.random().toString(36).substring(2,12),e.src+=\"#?secret=\"+t,e.setAttribute(\"data-secret\",t)),e.contentWindow.postMessage({message:\"ready\",secret:t},\"*\")},!1)))}(window,document);\n\/* ]]> *\/\n<\/script>\n","thumbnail_url":"https:\/\/d2p6e6u75xmxt8.cloudfront.net\/13\/2024\/03\/profimedia-0855221771.webp","thumbnail_width":1800,"thumbnail_height":1200,"description":"Otev\u0159el novou \u00e9ru. A nebyl to za\u010d\u00e1tek, v\u00a0kter\u00fd doufal. Slovinsk\u00fd cyklista Primo\u017e Rogli\u010d p\u0159i z\u00e1vod\u011b Pa\u0159\u00ed\u017e-Nice debutoval v\u00a0dresu Bora hansgrohe. P\u0159ed sezonou zm\u011bnil trikot, aby m\u011bl \u0161anci na v\u00edt\u011bzstv\u00ed v\u00a0Tour de France, proto\u017ee na p\u0159edchoz\u00ed adrese (Visma Lease a bike) ztratil d\u016fv\u011bru. Premi\u00e9ra v\u00a0osmidenn\u00ed etapov\u00e9 bitv\u011b ve Francii kon\u010dila des\u00e1tou p\u0159\u00ed\u010dkou. Je to sm\u011brem k\u00a0\u010dervencov\u00fdm bitv\u00e1m o maillot jaune varov\u00e1n\u00ed?"}

Škoda We Love Cycling - Česká republika

Primož Roglič a jeho premiéra: oslnil, nebo propadl?

<blockquote class="wp-embedded-content" data-secret="eTBJVlfB89"><a href="https://www.welovecycling.com/cs/2024/03/11/primoz-roglic-a-jeho-premiera-oslnil-nebo-propadl/">Primož Roglič a jeho premiéra: oslnil, nebo propadl?</a></blockquote><iframe sandbox="allow-scripts" security="restricted" src="https://www.welovecycling.com/cs/2024/03/11/primoz-roglic-a-jeho-premiera-oslnil-nebo-propadl/embed/#?secret=eTBJVlfB89" width="600" height="338" title="&#8222;Primož Roglič a jeho premiéra: oslnil, nebo propadl?&#8220; &#8212; Škoda We Love Cycling - Česká republika" data-secret="eTBJVlfB89" frameborder="0" marginwidth="0" marginheight="0" scrolling="no" class="wp-embedded-content"></iframe><script type="text/javascript">
/* <![CDATA[ */
/*! This file is auto-generated */
!function(d,l){"use strict";l.querySelector&&d.addEventListener&&"undefined"!=typeof URL&&(d.wp=d.wp||{},d.wp.receiveEmbedMessage||(d.wp.receiveEmbedMessage=function(e){var t=e.data;if((t||t.secret||t.message||t.value)&&!/[^a-zA-Z0-9]/.test(t.secret)){for(var s,r,n,a=l.querySelectorAll('iframe[data-secret="'+t.secret+'"]'),o=l.querySelectorAll('blockquote[data-secret="'+t.secret+'"]'),c=new RegExp("^https?:$","i"),i=0;i<o.length;i++)o[i].style.display="none";for(i=0;i<a.length;i++)s=a[i],e.source===s.contentWindow&&(s.removeAttribute("style"),"height"===t.message?(1e3<(r=parseInt(t.value,10))?r=1e3:~~r<200&&(r=200),s.height=r):"link"===t.message&&(r=new URL(s.getAttribute("src")),n=new URL(t.value),c.test(n.protocol))&&n.host===r.host&&l.activeElement===s&&(d.top.location.href=t.value))}},d.addEventListener("message",d.wp.receiveEmbedMessage,!1),l.addEventListener("DOMContentLoaded",function(){for(var e,t,s=l.querySelectorAll("iframe.wp-embedded-content"),r=0;r<s.length;r++)(t=(e=s[r]).getAttribute("data-secret"))||(t=Math.random().toString(36).substring(2,12),e.src+="#?secret="+t,e.setAttribute("data-secret",t)),e.contentWindow.postMessage({message:"ready",secret:t},"*")},!1)))}(window,document);
/* ]]> */
</script>

Otevřel novou éru. A nebyl to začátek, v který doufal. Slovinský cyklista Primož Roglič při závodě Paříž-Nice debutoval v dresu Bora hansgrohe. Před sezonou změnil trikot, aby měl šanci na vítězství v Tour de France, protože na předchozí adrese (Visma Lease a bike) ztratil důvěru. Premiéra v osmidenní etapové bitvě ve Francii končila desátou příčkou. Je to směrem k červencovým bitvám o maillot jaune varování?
