{"version":"1.0","provider_name":"\u0160koda We Love Cycling - \u010cesk\u00e1 republika","provider_url":"https:\/\/www.welovecycling.com\/cs","author_name":"radekmalina","author_url":"https:\/\/www.welovecycling.com\/cs\/author\/radekmalina\/","title":"Petr Kelemen a jeho mise v\u00a0Tudoru Fabiana Cancellary: Cht\u011bj\u00ed ze m\u011b ud\u011blat superdomestika","type":"rich","width":600,"height":338,"html":"<blockquote class=\"wp-embedded-content\" data-secret=\"xxLQViqyDh\"><a href=\"https:\/\/www.welovecycling.com\/cs\/2023\/01\/27\/petr-kelemen\/\">Petr Kelemen a jeho mise v\u00a0Tudoru Fabiana Cancellary: Cht\u011bj\u00ed ze m\u011b ud\u011blat superdomestika<\/a><\/blockquote><iframe sandbox=\"allow-scripts\" security=\"restricted\" src=\"https:\/\/www.welovecycling.com\/cs\/2023\/01\/27\/petr-kelemen\/embed\/#?secret=xxLQViqyDh\" width=\"600\" height=\"338\" title=\"&#8222;Petr Kelemen a jeho mise v\u00a0Tudoru Fabiana Cancellary: Cht\u011bj\u00ed ze m\u011b ud\u011blat superdomestika&#8220; &#8212; \u0160koda We Love Cycling - \u010cesk\u00e1 republika\" data-secret=\"xxLQViqyDh\" frameborder=\"0\" marginwidth=\"0\" marginheight=\"0\" scrolling=\"no\" class=\"wp-embedded-content\"><\/iframe><script type=\"text\/javascript\">\n\/* <![CDATA[ *\/\n\/*! This file is auto-generated *\/\n!function(d,l){\"use strict\";l.querySelector&&d.addEventListener&&\"undefined\"!=typeof URL&&(d.wp=d.wp||{},d.wp.receiveEmbedMessage||(d.wp.receiveEmbedMessage=function(e){var t=e.data;if((t||t.secret||t.message||t.value)&&!\/[^a-zA-Z0-9]\/.test(t.secret)){for(var s,r,n,a=l.querySelectorAll('iframe[data-secret=\"'+t.secret+'\"]'),o=l.querySelectorAll('blockquote[data-secret=\"'+t.secret+'\"]'),c=new RegExp(\"^https?:$\",\"i\"),i=0;i<o.length;i++)o[i].style.display=\"none\";for(i=0;i<a.length;i++)s=a[i],e.source===s.contentWindow&&(s.removeAttribute(\"style\"),\"height\"===t.message?(1e3<(r=parseInt(t.value,10))?r=1e3:~~r<200&&(r=200),s.height=r):\"link\"===t.message&&(r=new URL(s.getAttribute(\"src\")),n=new URL(t.value),c.test(n.protocol))&&n.host===r.host&&l.activeElement===s&&(d.top.location.href=t.value))}},d.addEventListener(\"message\",d.wp.receiveEmbedMessage,!1),l.addEventListener(\"DOMContentLoaded\",function(){for(var e,t,s=l.querySelectorAll(\"iframe.wp-embedded-content\"),r=0;r<s.length;r++)(t=(e=s[r]).getAttribute(\"data-secret\"))||(t=Math.random().toString(36).substring(2,12),e.src+=\"#?secret=\"+t,e.setAttribute(\"data-secret\",t)),e.contentWindow.postMessage({message:\"ready\",secret:t},\"*\")},!1)))}(window,document);\n\/* ]]> *\/\n<\/script>\n","thumbnail_url":"https:\/\/d2p6e6u75xmxt8.cloudfront.net\/13\/2023\/01\/Kelemen-BrychtaJan_MR_MCR_MSR_U23_Ceska_Trebova_20220716_165644_DSC_9235.webp","thumbnail_width":2000,"thumbnail_height":1331,"description":"S\u00e1zka na jednu kartu se vyplatila. Petr Kelemen se t\u011b\u0161\u00ed na dva roky ve \u0161v\u00fdcarsk\u00e9 formaci Tudor, jej\u00edm\u017e \u0161\u00e9fem je legend\u00e1rn\u00ed Fabian Cancellara."}

Škoda We Love Cycling - Česká republika

Petr Kelemen a jeho mise v Tudoru Fabiana Cancellary: Chtějí ze mě udělat superdomestika

<blockquote class="wp-embedded-content" data-secret="xxLQViqyDh"><a href="https://www.welovecycling.com/cs/2023/01/27/petr-kelemen/">Petr Kelemen a jeho mise v Tudoru Fabiana Cancellary: Chtějí ze mě udělat superdomestika</a></blockquote><iframe sandbox="allow-scripts" security="restricted" src="https://www.welovecycling.com/cs/2023/01/27/petr-kelemen/embed/#?secret=xxLQViqyDh" width="600" height="338" title="&#8222;Petr Kelemen a jeho mise v Tudoru Fabiana Cancellary: Chtějí ze mě udělat superdomestika&#8220; &#8212; Škoda We Love Cycling - Česká republika" data-secret="xxLQViqyDh" frameborder="0" marginwidth="0" marginheight="0" scrolling="no" class="wp-embedded-content"></iframe><script type="text/javascript">
/* <![CDATA[ */
/*! This file is auto-generated */
!function(d,l){"use strict";l.querySelector&&d.addEventListener&&"undefined"!=typeof URL&&(d.wp=d.wp||{},d.wp.receiveEmbedMessage||(d.wp.receiveEmbedMessage=function(e){var t=e.data;if((t||t.secret||t.message||t.value)&&!/[^a-zA-Z0-9]/.test(t.secret)){for(var s,r,n,a=l.querySelectorAll('iframe[data-secret="'+t.secret+'"]'),o=l.querySelectorAll('blockquote[data-secret="'+t.secret+'"]'),c=new RegExp("^https?:$","i"),i=0;i<o.length;i++)o[i].style.display="none";for(i=0;i<a.length;i++)s=a[i],e.source===s.contentWindow&&(s.removeAttribute("style"),"height"===t.message?(1e3<(r=parseInt(t.value,10))?r=1e3:~~r<200&&(r=200),s.height=r):"link"===t.message&&(r=new URL(s.getAttribute("src")),n=new URL(t.value),c.test(n.protocol))&&n.host===r.host&&l.activeElement===s&&(d.top.location.href=t.value))}},d.addEventListener("message",d.wp.receiveEmbedMessage,!1),l.addEventListener("DOMContentLoaded",function(){for(var e,t,s=l.querySelectorAll("iframe.wp-embedded-content"),r=0;r<s.length;r++)(t=(e=s[r]).getAttribute("data-secret"))||(t=Math.random().toString(36).substring(2,12),e.src+="#?secret="+t,e.setAttribute("data-secret",t)),e.contentWindow.postMessage({message:"ready",secret:t},"*")},!1)))}(window,document);
/* ]]> */
</script>

Sázka na jednu kartu se vyplatila. Petr Kelemen se těší na dva roky ve švýcarské formaci Tudor, jejímž šéfem je legendární Fabian Cancellara.
