{"version":"1.0","provider_name":"\u0160koda We Love Cycling - \u010cesk\u00e1 republika","provider_url":"https:\/\/www.welovecycling.com\/cs","author_name":"radekmalina","author_url":"https:\/\/www.welovecycling.com\/cs\/author\/radekmalina\/","title":"Nadpozemsk\u00fd comeback","type":"rich","width":600,"height":338,"html":"<blockquote class=\"wp-embedded-content\" data-secret=\"pTm0Bmpole\"><a href=\"https:\/\/www.welovecycling.com\/cs\/2021\/07\/19\/nadpozemsky-comeback\/\">Nadpozemsk\u00fd comeback<\/a><\/blockquote><iframe sandbox=\"allow-scripts\" security=\"restricted\" src=\"https:\/\/www.welovecycling.com\/cs\/2021\/07\/19\/nadpozemsky-comeback\/embed\/#?secret=pTm0Bmpole\" width=\"600\" height=\"338\" title=\"&#8222;Nadpozemsk\u00fd comeback&#8220; &#8212; \u0160koda We Love Cycling - \u010cesk\u00e1 republika\" data-secret=\"pTm0Bmpole\" frameborder=\"0\" marginwidth=\"0\" marginheight=\"0\" scrolling=\"no\" class=\"wp-embedded-content\"><\/iframe><script type=\"text\/javascript\">\n\/* <![CDATA[ *\/\n\/*! This file is auto-generated *\/\n!function(d,l){\"use strict\";l.querySelector&&d.addEventListener&&\"undefined\"!=typeof URL&&(d.wp=d.wp||{},d.wp.receiveEmbedMessage||(d.wp.receiveEmbedMessage=function(e){var t=e.data;if((t||t.secret||t.message||t.value)&&!\/[^a-zA-Z0-9]\/.test(t.secret)){for(var s,r,n,a=l.querySelectorAll('iframe[data-secret=\"'+t.secret+'\"]'),o=l.querySelectorAll('blockquote[data-secret=\"'+t.secret+'\"]'),c=new RegExp(\"^https?:$\",\"i\"),i=0;i<o.length;i++)o[i].style.display=\"none\";for(i=0;i<a.length;i++)s=a[i],e.source===s.contentWindow&&(s.removeAttribute(\"style\"),\"height\"===t.message?(1e3<(r=parseInt(t.value,10))?r=1e3:~~r<200&&(r=200),s.height=r):\"link\"===t.message&&(r=new URL(s.getAttribute(\"src\")),n=new URL(t.value),c.test(n.protocol))&&n.host===r.host&&l.activeElement===s&&(d.top.location.href=t.value))}},d.addEventListener(\"message\",d.wp.receiveEmbedMessage,!1),l.addEventListener(\"DOMContentLoaded\",function(){for(var e,t,s=l.querySelectorAll(\"iframe.wp-embedded-content\"),r=0;r<s.length;r++)(t=(e=s[r]).getAttribute(\"data-secret\"))||(t=Math.random().toString(36).substring(2,12),e.src+=\"#?secret=\"+t,e.setAttribute(\"data-secret\",t)),e.contentWindow.postMessage({message:\"ready\",secret:t},\"*\")},!1)))}(window,document);\n\/* ]]> *\/\n<\/script>\n","thumbnail_url":"https:\/\/d2p6e6u75xmxt8.cloudfront.net\/13\/2021\/07\/Mark-Cavendish-Tour-de-France-Stage-13-Victory-_Tim-De-Waele-Getty-Images-scaled.webp","thumbnail_width":2560,"thumbnail_height":1757,"description":"Vzep\u0159el se osudu. P\u0159edvedl nadpozemsk\u00fd comeback. P\u0159itom byl jak pra\u0161iv\u00fd pes na odpis. Vyhr\u00e1l t\u0159icet etap na Tour de France, ale v zim\u011b 2021 mu nikdo nechce d\u00e1t pr\u00e1ci. Marn\u011b p\u0159esv\u011bd\u010duje kl\u00ed\u010dov\u00e9 lidi, \u017ee je\u0161t\u011b nen\u00ed tak star\u00fd. Mark Cavendish prost\u011b v profesion\u00e1ln\u00edm pelotonu v p\u011btat\u0159iceti nen\u00ed v\u00edtan\u00fd. A p\u0159ece v l\u00e9t\u011b toho roku senza\u010dn\u011b vyhraje \u010dty\u0159i etapy na Grande Boucle a podruh\u00e9 v kari\u00e9\u0159e vybojuje zelen\u00fd dres pro v\u00edt\u011bze bodovac\u00ed sout\u011b\u017ee \u0160koda Auto. Jak, kdy\u017e jej v\u0161ichni odm\u00edtli?"}

Škoda We Love Cycling - Česká republika

Nadpozemský comeback

<blockquote class="wp-embedded-content" data-secret="pTm0Bmpole"><a href="https://www.welovecycling.com/cs/2021/07/19/nadpozemsky-comeback/">Nadpozemský comeback</a></blockquote><iframe sandbox="allow-scripts" security="restricted" src="https://www.welovecycling.com/cs/2021/07/19/nadpozemsky-comeback/embed/#?secret=pTm0Bmpole" width="600" height="338" title="&#8222;Nadpozemský comeback&#8220; &#8212; Škoda We Love Cycling - Česká republika" data-secret="pTm0Bmpole" frameborder="0" marginwidth="0" marginheight="0" scrolling="no" class="wp-embedded-content"></iframe><script type="text/javascript">
/* <![CDATA[ */
/*! This file is auto-generated */
!function(d,l){"use strict";l.querySelector&&d.addEventListener&&"undefined"!=typeof URL&&(d.wp=d.wp||{},d.wp.receiveEmbedMessage||(d.wp.receiveEmbedMessage=function(e){var t=e.data;if((t||t.secret||t.message||t.value)&&!/[^a-zA-Z0-9]/.test(t.secret)){for(var s,r,n,a=l.querySelectorAll('iframe[data-secret="'+t.secret+'"]'),o=l.querySelectorAll('blockquote[data-secret="'+t.secret+'"]'),c=new RegExp("^https?:$","i"),i=0;i<o.length;i++)o[i].style.display="none";for(i=0;i<a.length;i++)s=a[i],e.source===s.contentWindow&&(s.removeAttribute("style"),"height"===t.message?(1e3<(r=parseInt(t.value,10))?r=1e3:~~r<200&&(r=200),s.height=r):"link"===t.message&&(r=new URL(s.getAttribute("src")),n=new URL(t.value),c.test(n.protocol))&&n.host===r.host&&l.activeElement===s&&(d.top.location.href=t.value))}},d.addEventListener("message",d.wp.receiveEmbedMessage,!1),l.addEventListener("DOMContentLoaded",function(){for(var e,t,s=l.querySelectorAll("iframe.wp-embedded-content"),r=0;r<s.length;r++)(t=(e=s[r]).getAttribute("data-secret"))||(t=Math.random().toString(36).substring(2,12),e.src+="#?secret="+t,e.setAttribute("data-secret",t)),e.contentWindow.postMessage({message:"ready",secret:t},"*")},!1)))}(window,document);
/* ]]> */
</script>

Vzepřel se osudu. Předvedl nadpozemský comeback. Přitom byl jak prašivý pes na odpis. Vyhrál třicet etap na Tour de France, ale v zimě 2021 mu nikdo nechce dát práci. Marně přesvědčuje klíčové lidi, že ještě není tak starý. Mark Cavendish prostě v profesionálním pelotonu v pětatřiceti není vítaný. A přece v létě toho roku senzačně vyhraje čtyři etapy na Grande Boucle a podruhé v kariéře vybojuje zelený dres pro vítěze bodovací soutěže Škoda Auto. Jak, když jej všichni odmítli?
